000
CXUS54 KEPZ 221307
CF6ALM
PRELIMINARY LOCAL CLIMATOLOGICAL DATA (WS FORM: F-6)
STATION: ALAMOGORDO
MONTH: AUGUST
YEAR: 2022
LATITUDE: 32 49 N
LONGITUDE: 106 0 W
TEMPERATURE IN F: :PCPN: SNOW: WIND :SUNSHINE: SKY :PK WND
================================================================================
1 2 3 4 5 6A 6B 7 8 9 10 11 12 13 14 15 16 17 18
12Z AVG MX 2MIN
DY MAX MIN AVG DEP HDD CDD WTR SNW DPTH SPD SPD DIR MIN PSBL S-S WX SPD DR
================================================================================
1 97 72 85 M 0 20 0.00 M M 5.3 15 90 M M 1 24 90
2 99 72 86 M 0 21 0.00 M M 3.5 10 330 M M 0 26 290
3 95 75 85 M 0 20 0.00 M M 10.0 21 10 M M 1 3 25 20
4 95 66 81 M 0 16 0.04 M M 7.8 22 180 M M 2 8 32 180
5 95 72 84 M 0 19 0.00 M M 6.2 18 340 M M 2 29 340
6 97 70 84 M 0 19 0.00 M M 4.7 14 150 M M 1 25 200
7 90 66 78 M 0 13 0.05 0.0 0 5.4 16 130 M M 2 38 27 130
8 91 66 79 M 0 14 0.00 M M 7.1 17 100 M M 3 26 99
9 90 68 79 M 0 14 0.00 M M 5.4 18 60 M M 1 24 60
10 93 64 79 M 0 14 0.03 M M 4.6 14 60 M M 1 3 21 160
11 79 66 73 M 0 8 0.01 M M 3.3 12 220 M M 2 55 99
12 91 59 75 M 0 10 0.00 M M 6.4 21 10 M M 1 27 10
13 93 64 79 M 0 14 0.00 M M 3.1 9 150 M M 3 13 99
14 97 64 81 M 0 16 0.00 M M 7.2 14 160 M M 2 21 160
15 95 66 81 M 0 16 0.08 M M 5.8 13 210 M M 1 18 30
16 93 68 81 M 0 16 T M M 6.5 20 110 M M 4 31 50
17 75 68 72 M 0 7 0.12 M M 4.7 8 20 M M 5 8 M M
18 90 64 77 M 0 12 0.02 M M 5.4 10 220 M M 5 22 30
19 86 64 75 M 0 10 0.00 M M 5.6 23 260 M M 5 8 33 260
20 77 66 72 M 0 7 2.10 M M 5.8 21 170 M M 6 1 27 0
21 81 64 73 M 0 8 0.26 M M 4.8 16 270 M M 8 1 16 210
22 82 63 73 M 0 8 0.06 M M 4.9 14 170 M M 5 8 21 M
23 84 66 75 M 0 10 0.24 M M 5.2 13 70 M M 7 8 18 70
24 84 63 74 M 0 9 0.00 M M 4.3 10 20 M M 4 16 0
25 86 63 75 M 0 10 0.00 M M 4.4 12 40 M M 4 16 250
26 88 63 76 M 0 11 0.00 M M 5.8 10 160 M M 3 18 180
27 90 70 80 M 0 15 0.00 M M 7.4 12 170 M M 3 20 140
28 93 64 79 M 0 14 0.00 M M 3.2 7 80 M M 0 13 0
29 97 64 81 M 0 16 0.00 M M 4.6 12 270 M M 0 21 330
30 81 63 72 M 0 7 T M M 6.1 15 30 M M 3 20 30
31 81 63 72 M 0 7 0.01 M M 3.4 9 170 M M 7 8 20 180
================================================================================
SM 2765 2046 0 401 3.02 0.0 167.8 M 92
================================================================================
AV 89.2 66.0 5.4 FASTST M M 3 MAX(MPH)
MISC ----> 23 260 55 99
================================================================================
NOTES:
# LAST OF SEVERAL OCCURRENCES
COLUMN 17 PEAK WIND IN M.P.H.
PRELIMINARY LOCAL CLIMATOLOGICAL DATA (WS FORM: F-6) , PAGE 2
STATION: ALAMOGORDO
MONTH: AUGUST
YEAR: 2022
LATITUDE: 32 49 N
LONGITUDE: 106 0 W
[TEMPERATURE DATA] [PRECIPITATION DATA] SYMBOLS USED IN COLUMN 16
AVERAGE MONTHLY: 77.6 TOTAL FOR MONTH: 3.02 1 = FOG OR MIST
DPTR FM NORMAL: 0.0 DPTR FM NORMAL: M 2 = FOG REDUCING VISIBILITY
HIGHEST: 99 ON 2 GRTST 24HR 2.10 ON 20-20 TO 1/4 MILE OR LESS
LOWEST: 59 ON 12 3 = THUNDER
SNOW, ICE PELLETS, HAIL 4 = ICE PELLETS
TOTAL MONTH: 0.0 INCH 5 = HAIL
GRTST 24HR 0.0 6 = FREEZING RAIN OR DRIZZLE
GRTST DEPTH: 0 7 = DUSTSTORM OR SANDSTORM:
VSBY 1/2 MILE OR LESS
8 = SMOKE OR HAZE
[NO. OF DAYS WITH] [WEATHER - DAYS WITH] 9 = BLOWING SNOW
X = TORNADO
MAX 32 OR BELOW: 0 0.01 INCH OR MORE: 12
MAX 90 OR ABOVE: 19 0.10 INCH OR MORE: 4
MIN 32 OR BELOW: 0 0.50 INCH OR MORE: 1
MIN 0 OR BELOW: 0 1.00 INCH OR MORE: 1
[HDD (BASE 65) ]
TOTAL THIS MO. 0 CLEAR (SCALE 0-3) 19
DPTR FM NORMAL M PTCLDY (SCALE 4-7) 12
TOTAL FM JUL 1 0 CLOUDY (SCALE 8-10) 0
DPTR FM NORMAL M
[CDD (BASE 65) ]
TOTAL THIS MO. 401
DPTR FM NORMAL M [PRESSURE DATA]
TOTAL FM JAN 1 1707 HIGHEST SLP M ON M
DPTR FM NORMAL M LOWEST SLP M ON M
[REMARKS]
#FINAL-08-22#