000
CXUS53 KDMX 290810
CF6ALO
PRELIMINARY LOCAL CLIMATOLOGICAL DATA (WS FORM: F-6)
STATION: WATERLOO IA
MONTH: MARCH
YEAR: 2024
LATITUDE: 42 32 N
LONGITUDE: 92 24 W
TEMPERATURE IN F: :PCPN: SNOW: WIND :SUNSHINE: SKY :PK WND
================================================================================
1 2 3 4 5 6A 6B 7 8 9 10 11 12 13 14 15 16 17 18
12Z AVG MX 2MIN
DY MAX MIN AVG DEP HDD CDD WTR SNW DPTH SPD SPD DIR MIN PSBL S-S WX SPD DR
================================================================================
1 55 30 43 13 22 0 0.00 0.0 0 14.3 25 170 M M 0 34 190
2 67 34 51 21 14 0 0.00 0.0 0 15.7 25 140 M M 0 35 150
3 80 33 57 26 8 0 0.00 0.0 0 18.6 35 210 M M 1 50 180
4 45 30 38 7 27 0 0.18 0.0 0 12.9 23 10 M M 8 13 31 10
5 56 28 42 10 23 0 0.00 0.0 0 6.5 18 20 M M 2 26 360
6 59 24 42 10 23 0 0.00 0.0 0 7.3 18 140 M M 1 1 24 130
7 58 28 43 10 22 0 0.06 0.0 0 9.1 20 120 M M 4 24 120
8 44 29 37 4 28 0 0.09 0.0 0 13.1 22 350 M M 8 27 350
9 42 22 32 -2 33 0 0.00 0.0 0 12.8 28 330 M M 0 40 340
10 52 16 34 0 31 0 0.00 0.0 0 5.5 14 160 M M 0 20 160
11 77 37 57 23 8 0 0.00 0.0 0 13.2 22 230 M M 0 31 240
12 72 35 54 19 11 0 0.00 0.0 0 8.1 20 200 M M 0 28 200
13 74 29 52 17 13 0 0.00 0.0 0 8.3 18 100 M M 1 23 160
14 55 40 48 12 17 0 0.34 0.0 0 9.7 24 40 M M 9 1 33 40
15 59 33 46 10 19 0 0.00 0.0 0 9.1 21 250 M M 0 28 300
16 51 36 44 7 21 0 0.00 0.0 0 18.9 32 310 M M 3 44 300
17 38 21 30 -7 35 0 0.00 0.0 0 16.6 29 320 M M 6 38 300
18 38 20 29 -9 36 0 0.00 0.0 0 13.2 22 340 M M 5 26 340
19 63 29 46 8 19 0 0.00 0.0 0 18.3 32 310 M M 1 44 320
20 41 25 33 -6 32 0 0.00 0.0 0 13.5 23 330 M M 1 30 330
21 42 29 36 -3 29 0 0.01 0.1 0 8.8 17 100 M M 10 21 100
22 36 21 29 -11 36 0 0.27 2.8 1 12.4 23 360 M M 9 128 29 360
23 39 17 28 -12 37 0 0.04 0.4 1 7.9 16 90 M M 4 1 21 170
24 42 31 37 -3 28 0 0.81 1.6 T 16.7 29 120 M M 10 126 43 100
25 59 41 50 9 15 0 0.06 0.0 T 11.9 23 140 M M 8 1 30 160
26 51 27 39 -2 26 0 0.37 T 0 17.6 26 300 M M 10 18 39 300
27 39 23 31 -11 34 0 0.00 0.0 0 11.3 21 270 M M 4 31 300
28 51 25 38 -4 27 0 0.00 0.0 0 4.2 10 30 M M 3 13 40
================================================================================
SM 1485 793 674 0 2.23 4.9 335.5 M 108
================================================================================
AV 53.0 28.3 12.0 FASTST M M 4 MAX(MPH)
MISC ----> 35 210 50 180
================================================================================
NOTES:
# LAST OF SEVERAL OCCURRENCES
COLUMN 17 PEAK WIND IN M.P.H.
PRELIMINARY LOCAL CLIMATOLOGICAL DATA (WS FORM: F-6) , PAGE 2
STATION: WATERLOO IA
MONTH: MARCH
YEAR: 2024
LATITUDE: 42 32 N
LONGITUDE: 92 24 W
[TEMPERATURE DATA] [PRECIPITATION DATA] SYMBOLS USED IN COLUMN 16
AVERAGE MONTHLY: 40.7 TOTAL FOR MONTH: 2.23 1 = FOG OR MIST
DPTR FM NORMAL: 4.6 DPTR FM NORMAL: 0.51 2 = FOG REDUCING VISIBILITY
HIGHEST: 80 ON 3 GRTST 24HR 0.85 ON 23-24 TO 1/4 MILE OR LESS
LOWEST: 16 ON 10 3 = THUNDER
SNOW, ICE PELLETS, HAIL 4 = ICE PELLETS
TOTAL MONTH: 4.9 INCHES 5 = HAIL
GRTST 24HR 2.8 ON 22-22 6 = FREEZING RAIN OR DRIZZLE
GRTST DEPTH: 1 ON 23,22 7 = DUSTSTORM OR SANDSTORM:
VSBY 1/2 MILE OR LESS
8 = SMOKE OR HAZE
[NO. OF DAYS WITH] [WEATHER - DAYS WITH] 9 = BLOWING SNOW
X = TORNADO
MAX 32 OR BELOW: 0 0.01 INCH OR MORE: 10
MAX 90 OR ABOVE: 0 0.10 INCH OR MORE: 5
MIN 32 OR BELOW: 20 0.50 INCH OR MORE: 1
MIN 0 OR BELOW: 0 1.00 INCH OR MORE: 0
[HDD (BASE 65) ]
TOTAL THIS MO. 674 CLEAR (SCALE 0-3) 15
DPTR FM NORMAL -137 PTCLDY (SCALE 4-7) 6
TOTAL FM JUL 1 4896 CLOUDY (SCALE 8-10) 7
DPTR FM NORMAL -1085
[CDD (BASE 65) ]
TOTAL THIS MO. 0
DPTR FM NORMAL 0 [PRESSURE DATA]
TOTAL FM JAN 1 0 HIGHEST SLP M ON M
DPTR FM NORMAL 0 LOWEST SLP 29.25 ON 26
[REMARKS]