000
CXUS53 KDMX 010920
CF6ALO
PRELIMINARY LOCAL CLIMATOLOGICAL DATA (WS FORM: F-6)
STATION: WATERLOO IA
MONTH: MARCH
YEAR: 2020
LATITUDE: 42 32 N
LONGITUDE: 92 24 W
TEMPERATURE IN F: :PCPN: SNOW: WIND :SUNSHINE: SKY :PK WND
================================================================================
1 2 3 4 5 6A 6B 7 8 9 10 11 12 13 14 15 16 17 18
12Z AVG MX 2MIN
DY MAX MIN AVG DEP HDD CDD WTR SNW DPTH SPD SPD DIR MIN PSBL S-S WX SPD DR
================================================================================
1 54 34 44 15 21 0 0.00 0.0 1 9.3 20 160 M M 0 28 170
2 39 30 35 5 30 0 0.00 0.0 T 8.7 22 320 M M 8 30 340
3 50 32 41 11 24 0 0.05 T T 12.2 29 270 M M 5 1 37 280
4 48 29 39 9 26 0 0.06 0.3 T 7.7 17 180 M M 1 1 26 180
5 46 34 40 9 25 0 0.01 T 0 20.1 32 290 M M 7 48 300
6 46 26 36 5 29 0 0.00 0.0 0 10.0 31 340 M M 2 39 340
7 63 32 48 16 17 0 0.00 0.0 0 16.8 30 180 M M 0 39 180
8 71 43 57 25 8 0 0.00 0.0 0 18.5 29 190 M M 0 41 170
9 57 34 46 13 19 0 0.41 0.0 0 11.5 18 320 M M 9 1 24 310
10 52 29 41 8 24 0 0.14 0.0 0 8.3 17 320 M M 5 1 23 320
11 49 39 44 10 21 0 0.00 0.0 0 6.6 16 160 M M 6 18 23 160
12 56 35 46 12 19 0 0.05 0.0 0 14.3 31 320 M M 7 18 42 330
13 47 30 39 5 26 0 0.00 0.0 0 11.4 21 290 M M 1 29 300
14 34 22 28 -7 37 0 0.13 1.6 0 6.9 18 50 M M 7 18 22 50
15 42 19 31 -4 34 0 0.00 0.0 0 6.9 16 130 M M 5 18 23 150
16 42 33 38 2 27 0 0.01 0.0 0 7.3 17 320 M M 10 18 23 330
17 48 25 37 1 28 0 0.03 0.0 0 6.3 14 340 M M 2 18 310
18 46 39 43 6 22 0 0.67 0.0 0 8.3 15 120 M M 10 1 19 130
19 49 37 43 6 22 0 0.87 0.0 0 12.5 30 350 M M 10 13 39 330
20 37 27 32 -6 33 0 0.08 0.3 T 17.3 29 330 M M 9 18 38 330
21 40 25 33 -5 32 0 0.00 0.0 0 9.5 18 140 M M 9 25 140
22 42 32 37 -1 28 0 0.00 0.0 0 14.3 22 130 M M 9 18 30 170
23 47 33 40 1 25 0 0.00 0.0 0 6.7 13 160 M M 10 1 16 180
24 48 38 43 4 22 0 0.00 0.0 0 10.0 16 180 M M 8 1 22 150
25 50 36 43 3 22 0 0.06 0.0 0 8.1 15 190 M M 9 12 18 170
26 53 37 45 5 20 0 0.00 0.0 0 8.0 14 10 M M 8 12 18 40
27 58 35 47 6 18 0 0.03 0.0 0 10.4 23 110 M M 7 18 29 100
28 64 45 55 14 10 0 0.36 0.0 0 16.3 30 110 M M 9 13 43 110
29 52 35 44 2 21 0 0.04 0.0 0 18.5 33 320 M M 8 18 47 320
30 63 26 45 3 20 0 0.00 0.0 0 5.6 16 30 M M 0 8 23 360
31 57 32 45 3 20 0 0.00 0.0 0 8.4 18 100 M M 0 24 100
================================================================================
SM 1550 1003 730 0 3.00 2.2 336.7 M 181
================================================================================
AV 50.0 32.4 10.9 FASTST M M 6 MAX(MPH)
MISC ----> # 33 320 # 48 300
================================================================================
NOTES:
# LAST OF SEVERAL OCCURRENCES
COLUMN 17 PEAK WIND IN M.P.H.
PRELIMINARY LOCAL CLIMATOLOGICAL DATA (WS FORM: F-6) , PAGE 2
STATION: WATERLOO IA
MONTH: MARCH
YEAR: 2020
LATITUDE: 42 32 N
LONGITUDE: 92 24 W
[TEMPERATURE DATA] [PRECIPITATION DATA] SYMBOLS USED IN COLUMN 16
AVERAGE MONTHLY: 41.2 TOTAL FOR MONTH: 3.00 1 = FOG OR MIST
DPTR FM NORMAL: 5.4 DPTR FM NORMAL: 0.94 2 = FOG REDUCING VISIBILITY
HIGHEST: 71 ON 8 GRTST 24HR 0.87 ON 19-19 TO 1/4 MILE OR LESS
LOWEST: 19 ON 15 3 = THUNDER
SNOW, ICE PELLETS, HAIL 4 = ICE PELLETS
TOTAL MONTH: 2.2 INCHES 5 = HAIL
GRTST 24HR 1.6 ON 14-14 6 = FREEZING RAIN OR DRIZZLE
GRTST DEPTH: 1 ON 1 7 = DUSTSTORM OR SANDSTORM:
VSBY 1/2 MILE OR LESS
8 = SMOKE OR HAZE
[NO. OF DAYS WITH] [WEATHER - DAYS WITH] 9 = BLOWING SNOW
X = TORNADO
MAX 32 OR BELOW: 0 0.01 INCH OR MORE: 16
MAX 90 OR ABOVE: 0 0.10 INCH OR MORE: 6
MIN 32 OR BELOW: 15 0.50 INCH OR MORE: 2
MIN 0 OR BELOW: 0 1.00 INCH OR MORE: 0
[HDD (BASE 65) ]
TOTAL THIS MO. 730 CLEAR (SCALE 0-3) 9
DPTR FM NORMAL -176 PTCLDY (SCALE 4-7) 11
TOTAL FM JUL 1 5834 CLOUDY (SCALE 8-10) 11
DPTR FM NORMAL -491
[CDD (BASE 65) ]
TOTAL THIS MO. 0
DPTR FM NORMAL 0 [PRESSURE DATA]
TOTAL FM JAN 1 0 HIGHEST SLP 30.71 ON 15
DPTR FM NORMAL 0 LOWEST SLP 29.24 ON 28
[REMARKS]
#FINAL-03-20#