000
CXUS55 KPUB 011514
CF6ALS
PRELIMINARY LOCAL CLIMATOLOGICAL DATA (WS FORM: F-6)
STATION: ALAMOSA CO
MONTH: AUGUST
YEAR: 2023
LATITUDE: 37 27 N
LONGITUDE: 105 52 W
TEMPERATURE IN F: :PCPN: SNOW: WIND :SUNSHINE: SKY :PK WND
================================================================================
1 2 3 4 5 6A 6B 7 8 9 10 11 12 13 14 15 16 17 18
12Z AVG MX 2MIN
DY MAX MIN AVG DEP HDD CDD WTR SNW DPTH SPD SPD DIR MIN PSBL S-S WX SPD DR
================================================================================
1 82 51 67 2 0 2 0.04 0.0 0 7.8 24 190 M M 3 3 31 190
2 87 49 68 3 0 3 T 0.0 0 5.7 26 360 M M 2 1 33 350
3 87 49 68 3 0 3 0.04 0.0 0 5.9 26 360 M M 2 36 10
4 88 41 65 0 0 0 T 0.0 0 7.8 25 260 M M 1 8 33 230
5 91 43 67 2 0 2 0.00 0.0 0 9.4 26 250 M M 0 35 240
6 91 43 67 2 0 2 0.00 0.0 0 12.3 32 230 M M 0 43 230
7 89 40 65 1 0 0 0.00 0.0 0 7.8 24 250 M M 0 37 260
8 85 42 64 0 1 0 0.00 0.0 0 10.6 29 250 M M 0 38 41 250
9 84 43 64 0 1 0 0.00 0.0 0 6.4 16 200 M M 1 23 220
10 84 44 64 0 1 0 T 0.0 0 7.8 29 320 M M 2 42 320
11 81 45 63 -1 2 0 T 0.0 0 6.4 22 310 M M 3 30 300
12 79 56 68 4 0 3 0.16 0.0 0 7.3 20 220 M M 7 13 25 10
13 79 51 65 1 0 0 0.00 0.0 0 8.6 24 100 M M 3 123 35 100
14 77 54 66 2 0 1 0.00 0.0 0 8.1 21 200 M M 3 31 180
15 84 45 65 1 0 0 0.00 0.0 0 5.8 21 230 M M 1 128 27 230
16 88 46 67 4 0 2 0.00 0.0 0 5.3 23 310 M M 1 3 30 310
17 88 44 66 3 0 1 T 0.0 0 8.9 31 200 M M 2 3 43 180
18 89 48 69 6 0 4 0.01 0.0 0 7.4 20 270 M M 1 30 210
19 89 48 69 6 0 4 0.00 0.0 0 5.8 16 210 M M 0 22 250
20 88 41 65 2 0 0 0.00 0.0 0 8.5 25 210 M M 0 34 220
21 86 47 67 5 0 2 0.00 0.0 0 9.3 24 210 M M 0 3 33 190
22 86 47 67 5 0 2 T 0.0 0 7.2 25 220 M M 1 3 34 220
23 79 48 64 2 1 0 T 0.0 0 4.4 18 190 M M 3 25 190
24 83 49 66 4 0 1 0.00 0.0 0 8.4 20 190 M M 1 27 190
25 83 50 67 5 0 2 0.14 0.0 0 6.7 29 130 M M 5 13 39 120
26 80 51 66 4 0 1 T 0.0 0 5.3 22 300 M M 5 123 30 290
27 82 52 67 6 0 2 T 0.0 0 6.3 24 240 M M 4 1 31 120
28 83 48 66 5 0 1 0.00 0.0 0 7.6 31 110 M M 2 3 43 110
29 82 45 64 3 1 0 0.00 0.0 0 7.3 17 140 M M 0 24 130
30 85 44 65 4 0 0 0.00 0.0 0 4.6 13 160 M M 0 23 280
31 87 42 65 4 0 0 0.00 0.0 0 5.1 16 170 M M 0 23 160
================================================================================
SM 2626 1446 7 38 0.39 0.0 225.8 M 53
================================================================================
AV 84.7 46.6 7.3 FASTST M M 2 MAX(MPH)
MISC ----> 32 230 #43 110
================================================================================
NOTES:
# LAST OF SEVERAL OCCURRENCES
COLUMN 17 PEAK WIND IN M.P.H.
PRELIMINARY LOCAL CLIMATOLOGICAL DATA (WS FORM: F-6) , PAGE 2
STATION: ALAMOSA CO
MONTH: AUGUST
YEAR: 2023
LATITUDE: 37 27 N
LONGITUDE: 105 52 W
[TEMPERATURE DATA] [PRECIPITATION DATA] SYMBOLS USED IN COLUMN 16
AVERAGE MONTHLY: 65.7 TOTAL FOR MONTH: 0.39 1 = FOG OR MIST
DPTR FM NORMAL: 2.5 DPTR FM NORMAL: -0.90 2 = FOG REDUCING VISIBILITY
HIGHEST: 91 ON 6, 5 GRTST 24HR 0.16 ON 12 TO 1/4 MILE OR LESS
LOWEST: 40 ON 7 3 = THUNDER
SNOW, ICE PELLETS, HAIL 4 = ICE PELLETS
TOTAL MONTH: 0.0 INCH 5 = HAIL
GRTST 24HR 0.0 6 = FREEZING RAIN OR DRIZZLE
GRTST DEPTH: 0 7 = DUSTSTORM OR SANDSTORM:
VSBY 1/2 MILE OR LESS
8 = SMOKE OR HAZE
[NO. OF DAYS WITH] [WEATHER - DAYS WITH] 9 = BLOWING SNOW
X = TORNADO
MAX 32 OR BELOW: 0 0.01 INCH OR MORE: 5
MAX 90 OR ABOVE: 2 0.10 INCH OR MORE: 2
MIN 32 OR BELOW: 0 0.50 INCH OR MORE: 0
MIN 0 OR BELOW: 0 1.00 INCH OR MORE: 0
[HDD (BASE 65) ]
TOTAL THIS MO. 7 CLEAR (SCALE 0-3) 27
DPTR FM NORMAL -67 PTCLDY (SCALE 4-7) 4
TOTAL FM JUL 1 13 CLOUDY (SCALE 8-10) 0
DPTR FM NORMAL -94
[CDD (BASE 65) ]
TOTAL THIS MO. 38
DPTR FM NORMAL 21 [PRESSURE DATA]
TOTAL FM JAN 1 160 HIGHEST SLP 30.34 ON 15
DPTR FM NORMAL 90 LOWEST SLP 29.81 ON 8
[REMARKS]
#FINAL-08-23#