000
CXUS53 KDMX 021530
CF6AMW
PRELIMINARY LOCAL CLIMATOLOGICAL DATA (WS FORM: F-6)
STATION: AMES IA
MONTH: NOVEMBER
YEAR: 2023
LATITUDE: 41 59 N
LONGITUDE: 93 37 W
TEMPERATURE IN F: :PCPN: SNOW: WIND :SUNSHINE: SKY :PK WND
================================================================================
1 2 3 4 5 6A 6B 7 8 9 10 11 12 13 14 15 16 17 18
12Z AVG MX 2MIN
DY MAX MIN AVG DEP HDD CDD WTR SNW DPTH SPD SPD DIR MIN PSBL S-S WX SPD DR
================================================================================
1 48 18 33 -10 32 0 0.00 0.0 M 10.3 24 220 M M 2 34 210
2 60 23 42 -1 23 0 0.00 0.0 M 4.5 12 180 M M 0 16 180
3 58 39 49 7 16 0 0.00 0.0 M 7.9 15 210 M M 2 21 210
4 60 33 47 5 18 0 0.00 0.0 M 3.2 10 260 M M 2 18 13 230
5 66 31 49 7 16 0 0.00 0.0 M 9.3 21 170 M M 3 1 29 180
6 69 45 57 16 8 0 0.00 0.0 M 11.5 20 290 M M 0 26 280
7 62 38 50 9 15 0 0.00 0.0 M 9.8 17 110 M M 5 1 26 100
8 62 42 52 12 13 0 0.00 0.0 M 11.3 26 320 M M 5 37 330
9 61 31 46 6 19 0 0.00 0.0 M 12.7 26 260 M M 2 36 260
10 48 29 39 0 26 0 0.00 0.0 M 6.7 16 320 M M 4 21 310
11 52 35 44 5 21 0 0.00 0.0 M 12.4 23 160 M M 8 30 150
12 66 36 51 13 14 0 0.00 0.0 M 11.9 21 230 M M 1 28 210
13 65 28 47 9 18 0 0.00 0.0 M 4.0 10 220 M M 0 8 13 210
14 70 30 50 12 15 0 0.00 0.0 M 10.8 25 210 M M 0 35 190
15 66 35 51 14 14 0 0.00 0.0 M 5.5 12 220 M M 0 8 18 210
16 66 39 53 16 12 0 0.00 0.0 M 12.5 30 210 M M 1 40 210
17 49 28 39 3 26 0 0.00 0.0 M 5.9 22 350 M M 0 8 31 360
18 64 23 44 8 21 0 0.00 0.0 M 3.5 16 280 M M 0 8 24 280
19 60 27 44 9 21 0 0.00 0.0 M 5.8 15 150 M M 2 8 20 140
20 50 41 46 11 19 0 0.02 0.0 M 9.2 15 50 M M 10 1 23 100
21 46 30 38 4 27 0 0.02 0.0 M 13.0 26 340 M M 7 1 35 350
22 51 21 36 2 29 0 0.00 0.0 M 9.3 20 210 M M 0 26 220
23 42 26 34 0 31 0 0.00 0.0 M 15.0 21 350 M M 0 28 340
24 31 21 26 -7 39 0 0.00 0.0 M 9.6 21 20 M M 3 27 20
25 33 24 29 -4 36 0 0.06 M M 2.6 10 180 M M 10 1 11 170
26 36 19 28 -4 37 0 0.03 M M 13.0 24 300 M M 7 1 36 290
27 29 11 20 -12 45 0 0.00 0.0 M 11.5 22 300 M M 3 30 320
28 36 6 21 -11 44 0 0.00 0.0 M 7.7 18 180 M M 0 23 180
29 55 22 39 8 26 0 0.00 0.0 M 8.0 16 260 M M 0 22 250
30 50 23 37 6 28 0 0.00 0.0 M 8.6 17 350 M M 0 22 350
================================================================================
SM 1611 854 709 0 0.13 0.0 267.0 M 77
================================================================================
AV 53.7 28.5 8.9 FASTST M M 3 MAX(MPH)
MISC ----> 30 210 40 210
================================================================================
NOTES:
# LAST OF SEVERAL OCCURRENCES
COLUMN 17 PEAK WIND IN M.P.H.
PRELIMINARY LOCAL CLIMATOLOGICAL DATA (WS FORM: F-6) , PAGE 2
STATION: AMES IA
MONTH: NOVEMBER
YEAR: 2023
LATITUDE: 41 59 N
LONGITUDE: 93 37 W
[TEMPERATURE DATA] [PRECIPITATION DATA] SYMBOLS USED IN COLUMN 16
AVERAGE MONTHLY: 41.1 TOTAL FOR MONTH: 0.13 1 = FOG OR MIST
DPTR FM NORMAL: 4.2 DPTR FM NORMAL: -1.75 2 = FOG REDUCING VISIBILITY
HIGHEST: 70 ON 14 GRTST 24HR 0.09 ON 25-26 TO 1/4 MILE OR LESS
LOWEST: 6 ON 28 3 = THUNDER
SNOW, ICE PELLETS, HAIL 4 = ICE PELLETS
TOTAL MONTH: 0.0 INCH 5 = HAIL
GRTST 24HR 0.0 6 = FREEZING RAIN OR DRIZZLE
GRTST DEPTH: 0 7 = DUSTSTORM OR SANDSTORM:
VSBY 1/2 MILE OR LESS
8 = SMOKE OR HAZE
[NO. OF DAYS WITH] [WEATHER - DAYS WITH] 9 = BLOWING SNOW
X = TORNADO
MAX 32 OR BELOW: 2 0.01 INCH OR MORE: 4
MAX 90 OR ABOVE: 0 0.10 INCH OR MORE: 0
MIN 32 OR BELOW: 20 0.50 INCH OR MORE: 0
MIN 0 OR BELOW: 0 1.00 INCH OR MORE: 0
[HDD (BASE 65) ]
TOTAL THIS MO. 709 CLEAR (SCALE 0-3) 22
DPTR FM NORMAL -134 PTCLDY (SCALE 4-7) 6
TOTAL FM JUL 1 1088 CLOUDY (SCALE 8-10) 2
DPTR FM NORMAL -341
[CDD (BASE 65) ]
TOTAL THIS MO. 0
DPTR FM NORMAL 0 [PRESSURE DATA]
TOTAL FM JAN 1 989 HIGHEST SLP 30.63 ON 24
DPTR FM NORMAL 203 LOWEST SLP 29.63 ON 6
[REMARKS]
#FINAL-11-23#