000
CXUS53 KDMX 081429
CF6AMW
PRELIMINARY LOCAL CLIMATOLOGICAL DATA (WS FORM: F-6)
STATION: AMES IA
MONTH: OCTOBER
YEAR: 2023
LATITUDE: 41 59 N
LONGITUDE: 93 37 W
TEMPERATURE IN F: :PCPN: SNOW: WIND :SUNSHINE: SKY :PK WND
================================================================================
1 2 3 4 5 6A 6B 7 8 9 10 11 12 13 14 15 16 17 18
12Z AVG MX 2MIN
DY MAX MIN AVG DEP HDD CDD WTR SNW DPTH SPD SPD DIR MIN PSBL S-S WX SPD DR
================================================================================
1 91 62 77 19 0 12 0.00 0.0 0 8.1 18 180 M M 0 26 160
2 89 59 74 17 0 9 0.00 0.0 0 6.8 20 170 M M 1 27 180
3 85 62 74 17 0 9 0.03 0.0 0 13.0 33 250 M M 2 48 250
4 76 50 63 7 2 0 0.06 0.0 0 9.0 23 190 M M 4 33 180
5 74 44 59 3 6 0 0.00 0.0 0 10.3 28 290 M M 0 40 320
6 55 45 50 -6 15 0 0.06 0.0 0 17.2 32 290 M M 6 45 280
7 62 39 51 -4 14 0 0.00 0.0 0 7.6 21 340 M M 3 27 340
8 72 35 54 -1 11 0 0.00 0.0 0 4.6 14 340 M M 2 18 350
9 63 36 50 -4 15 0 0.00 0.0 0 6.9 21 340 M M 1 29 360
10 66 31 49 -5 16 0 0.00 0.0 0 2.7 14 300 M M 0 18 21 320
11 66 43 55 2 10 0 0.16 0.0 0 7.8 17 90 M M 8 13 23 90
12 59 52 56 3 9 0 0.40 0.0 0 11.8 21 90 M M 10 1 31 80
13 67 52 60 8 5 0 1.73 0.0 0 12.7 18 270 M M 10 123 30 40
14 56 47 52 0 13 0 T 0.0 0 11.5 21 10 M M 10 1 28 30
15 55 45 50 -1 15 0 0.01 0.0 0 11.2 20 340 M M 6 27 350
16 64 38 51 0 14 0 0.00 0.0 0 7.9 16 320 M M 0 27 360
17 69 35 52 2 13 0 0.00 0.0 0 5.4 15 190 M M 0 22 220
18 70 45 58 8 7 0 T 0.0 0 11.3 20 270 M M 4 29 290
19 65 45 55 5 10 0 0.00 0.0 0 8.4 17 320 M M 8 1 24 320
20 74 39 57 8 8 0 0.00 0.0 0 3.0 12 310 M M 0 18 17 280
21 70 42 56 7 9 0 0.00 0.0 0 13.5 26 330 M M 0 38 310
22 64 36 50 2 15 0 T 0.0 0 6.4 15 150 M M 0 21 130
23 80 50 65 17 0 0 0.10 0.0 0 10.9 22 210 M M 4 3 29 200
24 77 60 69 22 0 4 0.03 0.0 0 14.7 28 190 M M 6 1 39 190
25 65 58 62 15 3 0 0.03 0.0 0 4.0 12 340 M M 9 1 15 350
26 69 59 64 18 1 0 0.44 0.0 0 8.5 20 180 M M 8 1 28 170
27 63 33 48 2 17 0 0.30 0.0 0 16.1 25 310 M M 10 13 35 300
28 35 29 32 -13 33 0 0.00 0.0 0 11.8 20 340 M M 10 25 350
29 38 25 32 -13 33 0 0.00 0.0 0 12.1 20 360 M M 7 26 340
30 41 26 34 -10 31 0 0.00 0.0 0 10.5 18 300 M M 4 28 310
31 38 21 30 -14 35 0 0.00 0.0 0 16.8 31 300 M M 5 44 310
================================================================================
SM 2018 1343 360 34 3.35 0.0 302.5 M 138
================================================================================
AV 65.1 43.3 9.8 FASTST M M 4 MAX(MPH)
MISC ----> 33 250 48 250
================================================================================
NOTES:
# LAST OF SEVERAL OCCURRENCES
COLUMN 17 PEAK WIND IN M.P.H.
PRELIMINARY LOCAL CLIMATOLOGICAL DATA (WS FORM: F-6) , PAGE 2
STATION: AMES IA
MONTH: OCTOBER
YEAR: 2023
LATITUDE: 41 59 N
LONGITUDE: 93 37 W
[TEMPERATURE DATA] [PRECIPITATION DATA] SYMBOLS USED IN COLUMN 16
AVERAGE MONTHLY: 54.2 TOTAL FOR MONTH: 3.35 1 = FOG OR MIST
DPTR FM NORMAL: 3.3 DPTR FM NORMAL: 0.58 2 = FOG REDUCING VISIBILITY
HIGHEST: 91 ON 1 GRTST 24HR 1.73 ON 13-13 TO 1/4 MILE OR LESS
LOWEST: 21 ON 31 3 = THUNDER
SNOW, ICE PELLETS, HAIL 4 = ICE PELLETS
TOTAL MONTH: 0.0 INCH 5 = HAIL
GRTST 24HR 0.0 6 = FREEZING RAIN OR DRIZZLE
GRTST DEPTH: 0 7 = DUSTSTORM OR SANDSTORM:
VSBY 1/2 MILE OR LESS
8 = SMOKE OR HAZE
[NO. OF DAYS WITH] [WEATHER - DAYS WITH] 9 = BLOWING SNOW
X = TORNADO
MAX 32 OR BELOW: 0 0.01 INCH OR MORE: 12
MAX 90 OR ABOVE: 1 0.10 INCH OR MORE: 6
MIN 32 OR BELOW: 5 0.50 INCH OR MORE: 1
MIN 0 OR BELOW: 0 1.00 INCH OR MORE: 1
[HDD (BASE 65) ]
TOTAL THIS MO. 360 CLEAR (SCALE 0-3) 13
DPTR FM NORMAL -88 PTCLDY (SCALE 4-7) 12
TOTAL FM JUL 1 379 CLOUDY (SCALE 8-10) 6
DPTR FM NORMAL -207
[CDD (BASE 65) ]
TOTAL THIS MO. 34
DPTR FM NORMAL 24 [PRESSURE DATA]
TOTAL FM JAN 1 989 HIGHEST SLP 30.47 ON 31
DPTR FM NORMAL 203 LOWEST SLP 29.52 ON 13
[REMARKS]
#FINAL-10-23#