000
CXUS53 KIWX 011901
CF6AOH
PRELIMINARY LOCAL CLIMATOLOGICAL DATA (WS FORM: F-6)
STATION: LIMA
MONTH: JULY
YEAR: 2022
LATITUDE: 40 42 N
LONGITUDE: 84 1 W
TEMPERATURE IN F: :PCPN: SNOW: WIND :SUNSHINE: SKY :PK WND
================================================================================
1 2 3 4 5 6A 6B 7 8 9 10 11 12 13 14 15 16 17 18
12Z AVG MX 2MIN
DY MAX MIN AVG DEP HDD CDD WTR SNW DPTH SPD SPD DIR MIN PSBL S-S WX SPD DR
================================================================================
1 95 72 84 11 0 19 T M M 11.8 38 290 M M 3 53 290
2 86 67 77 4 0 12 0.00 M M 6.1 13 310 M M 2 21 310
3 90 61 76 3 0 11 0.00 M M 3.1 12 20 M M 0 15 70
4 92 66 79 5 0 14 0.00 M M 8.5 18 160 M M 0 24 160
5 92 69 81 7 0 16 1.24 M M 11.0 32 300 M M 3 138 42 290
6 81 68 75 1 0 10 1.34 M M 7.9 23 10 M M 6 1 30 10
7 85 66 76 2 0 11 0.00 M M 4.9 10 70 M M 0 1 13 70
8 75 67 71 -3 0 6 0.01 M M 4.4 16 100 M M 6 22 90
9 80 61 71 -3 0 6 0.00 M M 9.2 18 40 M M 1 25 30
10 84 57 71 -3 0 6 0.00 M M 5.4 13 60 M M 0 17 10
11 87 61 74 0 0 9 0.00 M M 10.9 21 230 M M 0 28 250
12 84 66 75 1 0 10 0.00 M M 11.8 23 260 M M 4 29 270
13 86 60 73 -1 0 8 0.31 M M 6.2 37 290 M M 1 13 49 280
14 81 62 72 -2 0 7 0.00 M M 5.7 13 360 M M 3 128 19 10
15 83 59 71 -3 0 6 0.01 M M 5.7 14 290 M M 3 1 18 130
16 80 67 74 0 0 9 1.37 M M 7.3 17 150 M M 9 1 23 140
17 75 70 73 -1 0 8 3.53 M M 7.1 15 230 M M 8 12 20 230
18 84 69 77 3 0 12 0.00 M M 6.0 13 240 M M 6 18 16 340
19 87 66 77 3 0 12 0.00 0.0 0 5.8 13 230 M M 0 18 16 220
20 91 71 81 8 0 16 0.00 M M 13.4 25 250 M M 1 35 220
21 87 71 79 6 0 14 0.00 M M 10.9 23 250 M M 1 30 250
22 87 71 79 6 0 14 0.00 M M 8.3 18 290 M M 1 3 24 290
23 87 69 78 5 0 13 0.34 M M 12.4 24 250 M M 2 13 45 300
24 86 72 79 6 0 14 0.01 M M M M M M M M M M
25 79 65 72 -1 0 7 0.00 M M 6.4 17 250 M M 1 23 250
26 80 62 71 -2 0 6 0.00 M M 4.6 13 210 M M 5 16 220
27 82 69 76 3 0 11 0.05 M M 8.1 17 230 M M 7 1 24 220
28 85 71 78 5 0 13 0.03 M M 9.4 20 230 M M 4 18 27 220
29 81 63 72 -1 0 7 0.00 M M 5.6 16 270 M M 4 21 280
30 81 57 69 -4 0 4 0.00 M M 3.4 9 10 M M 0 13 320
31 83 63 73 0 0 8 0.00 M M 4.3 13 240 M M 2 19 160
================================================================================
SM 2616 2038 0 319 8.24 0.0 225.6 M 83
================================================================================
AV 84.4 65.7 7.5 FASTST M M 3 MAX(MPH)
MISC ----> 38 290 53 290
================================================================================
NOTES:
# LAST OF SEVERAL OCCURRENCES
COLUMN 17 PEAK WIND IN M.P.H.
PRELIMINARY LOCAL CLIMATOLOGICAL DATA (WS FORM: F-6) , PAGE 2
STATION: LIMA
MONTH: JULY
YEAR: 2022
LATITUDE: 40 42 N
LONGITUDE: 84 1 W
[TEMPERATURE DATA] [PRECIPITATION DATA] SYMBOLS USED IN COLUMN 16
AVERAGE MONTHLY: 75.1 TOTAL FOR MONTH: 8.24 1 = FOG OR MIST
DPTR FM NORMAL: 1.7 DPTR FM NORMAL: 4.56 2 = FOG REDUCING VISIBILITY
HIGHEST: 95 ON 1 GRTST 24HR 3.53 ON 17-17 TO 1/4 MILE OR LESS
LOWEST: 57 ON 30,10 3 = THUNDER
SNOW, ICE PELLETS, HAIL 4 = ICE PELLETS
TOTAL MONTH: 0.0 INCH 5 = HAIL
GRTST 24HR 0.0 6 = FREEZING RAIN OR DRIZZLE
GRTST DEPTH: 0 7 = DUSTSTORM OR SANDSTORM:
VSBY 1/2 MILE OR LESS
8 = SMOKE OR HAZE
[NO. OF DAYS WITH] [WEATHER - DAYS WITH] 9 = BLOWING SNOW
X = TORNADO
MAX 32 OR BELOW: 0 0.01 INCH OR MORE: 11
MAX 90 OR ABOVE: 5 0.10 INCH OR MORE: 6
MIN 32 OR BELOW: 0 0.50 INCH OR MORE: 4
MIN 0 OR BELOW: 0 1.00 INCH OR MORE: 4
[HDD (BASE 65) ]
TOTAL THIS MO. 0 CLEAR (SCALE 0-3) 19
DPTR FM NORMAL -3 PTCLDY (SCALE 4-7) 10
TOTAL FM JUL 1 0 CLOUDY (SCALE 8-10) 2
DPTR FM NORMAL 0
[CDD (BASE 65) ]
TOTAL THIS MO. 319
DPTR FM NORMAL 56 [PRESSURE DATA]
TOTAL FM JAN 1 691 HIGHEST SLP M ON M
DPTR FM NORMAL 162 LOWEST SLP 29.57 ON 20
[REMARKS]
#FINAL-07-22#
PRECIP QC