000
CXUS51 KCTP 010800
CF6AOO
PRELIMINARY LOCAL CLIMATOLOGICAL DATA (WS FORM: F-6)
STATION: ALTOONA
MONTH: JUNE
YEAR: 2020
LATITUDE: 40 17 N
LONGITUDE: 78 19 W
TEMPERATURE IN F: :PCPN: SNOW: WIND :SUNSHINE: SKY :PK WND
================================================================================
1 2 3 4 5 6A 6B 7 8 9 10 11 12 13 14 15 16 17 18
12Z AVG MX 2MIN
DY MAX MIN AVG DEP HDD CDD WTR SNW DPTH SPD SPD DIR MIN PSBL S-S WX SPD DR
================================================================================
1 69 41 55 -8 10 0 0.00 M M 7.0 20 320 M M 1 27 280
2 79 49 64 1 1 0 0.01 M M 8.1 20 250 M M 7 25 270
3 85 69 77 14 0 12 0.00 M M 13.2 25 280 M M 3 31 270
4 85 64 75 11 0 10 0.57 M M 5.3 22 170 M M 3 13 30 160
5 79 64 72 8 0 7 0.11 M M 4.7 10 200 M M 4 18 13 200
6 83 63 73 9 0 8 0.00 M M 10.7 22 320 M M 2 18 29 300
7 75 53 64 -1 1 0 0.00 M M 5.9 16 320 M M 2 24 10
8 80 50 65 0 0 0 0.00 M M 2.0 9 160 M M 0 8 12 170
9 90 56 73 8 0 8 0.00 M M 3.8 14 170 M M 0 20 170
10 90 72 81 16 0 16 0.05 M M 7.9 22 160 M M 3 3 28 190
11 79 60 70 4 0 5 0.04 M M 10.7 21 270 M M 5 8 26 270
12 81 55 68 2 0 3 0.00 M M 9.0 21 320 M M 1 29 310
13 72 49 61 -5 4 0 0.00 M M 4.3 13 30 M M 2 17 30
14 68 49 59 -8 6 0 T M M 4.9 12 40 M M 8 17 40
15 76 53 65 -2 0 0 0.00 M M 4.9 13 80 M M 3 17 140
16 77 51 64 -3 1 0 0.00 M M 5.3 13 80 M M 0 18 100
17 74 57 66 -1 0 1 T M M 6.0 12 80 M M 3 16 70
18 78 64 71 3 0 6 0.21 M M 8.0 22 160 M M 8 138 28 170
19 78 62 70 2 0 5 0.37 M M 3.2 22 140 M M 7 1238 33 150
20 81 62 72 4 0 7 0.14 M M 3.1 16 220 M M 8 123 21 220
21 79 62 71 3 0 6 0.00 M M 3.6 9 140 M M 5 1 13 150
22 85 62 74 5 0 9 0.15 M M 3.9 25 210 M M 1 1238 35 210
23 81 62 72 3 0 7 T M M 8.1 17 220 M M 4 12 23 230
24 78 60 69 0 0 4 T M M 9.8 20 250 M M 3 26 270
25 79 56 68 -1 0 3 0.04 M M 5.0 21 330 M M 2 13 27 300
26 83 57 70 1 0 5 0.00 M M 8.1 21 280 M M 4 1 27 280
27 79 65 72 3 0 7 0.13 M M 10.5 22 260 M M 6 13 28 260
28 86 64 75 5 0 10 0.00 M M 7.9 20 280 M M 3 23 280
29 86 60 73 3 0 8 0.00 M M 4.2 14 300 M M 3 20 360
30 85 59 72 2 0 7 0.01 M M 3.0 13 340 M M 3 8 16 360
================================================================================
SM 2400 1750 23 154 1.83 M 192.1 M 104
================================================================================
AV 80.0 58.3 6.4 FASTST M M 3 MAX(MPH)
MISC ----> # 25 280 35 210
================================================================================
NOTES:
# LAST OF SEVERAL OCCURRENCES
COLUMN 17 PEAK WIND IN M.P.H.
PRELIMINARY LOCAL CLIMATOLOGICAL DATA (WS FORM: F-6) , PAGE 2
STATION: ALTOONA
MONTH: JUNE
YEAR: 2020
LATITUDE: 40 17 N
LONGITUDE: 78 19 W
[TEMPERATURE DATA] [PRECIPITATION DATA] SYMBOLS USED IN COLUMN 16
AVERAGE MONTHLY: 69.2 TOTAL FOR MONTH: 1.83 1 = FOG OR MIST
DPTR FM NORMAL: 2.5 DPTR FM NORMAL: -1.65 2 = FOG REDUCING VISIBILITY
HIGHEST: 90 ON 10, 9 GRTST 24HR 0.57 ON 4- 4 TO 1/4 MILE OR LESS
LOWEST: 41 ON 1 3 = THUNDER
SNOW, ICE PELLETS, HAIL 4 = ICE PELLETS
TOTAL MONTH: M 5 = HAIL
GRTST 24HR M ON M 6 = FREEZING RAIN OR DRIZZLE
GRTST DEPTH: M ON M 7 = DUSTSTORM OR SANDSTORM:
VSBY 1/2 MILE OR LESS
8 = SMOKE OR HAZE
[NO. OF DAYS WITH] [WEATHER - DAYS WITH] 9 = BLOWING SNOW
X = TORNADO
MAX 32 OR BELOW: 0 0.01 INCH OR MORE: 12
MAX 90 OR ABOVE: 2 0.10 INCH OR MORE: 7
MIN 32 OR BELOW: 0 0.50 INCH OR MORE: 1
MIN 0 OR BELOW: 0 1.00 INCH OR MORE: 0
[HDD (BASE 65) ]
TOTAL THIS MO. 23 CLEAR (SCALE 0-3) 18
DPTR FM NORMAL -35 PTCLDY (SCALE 4-7) 12
TOTAL FM JUL 1 5345 CLOUDY (SCALE 8-10) 0
DPTR FM NORMAL -874
[CDD (BASE 65) ]
TOTAL THIS MO. 154
DPTR FM NORMAL 45 [PRESSURE DATA]
TOTAL FM JAN 1 195 HIGHEST SLP 30.43 ON 15
DPTR FM NORMAL 53 LOWEST SLP 29.67 ON 23
[REMARKS]
#FINAL-06-20#