000
CXUS55 KBOU 011000
CF6APA
PRELIMINARY LOCAL CLIMATOLOGICAL DATA (WS FORM: F-6)
STATION: CENTENNIAL CO
MONTH: NOVEMBER
YEAR: 2023
LATITUDE: 39 33 N
LONGITUDE: 104 51 W
TEMPERATURE IN F: :PCPN: SNOW: WIND :SUNSHINE: SKY :PK WND
================================================================================
1 2 3 4 5 6A 6B 7 8 9 10 11 12 13 14 15 16 17 18
12Z AVG MX 2MIN
DY MAX MIN AVG DEP HDD CDD WTR SNW DPTH SPD SPD DIR MIN PSBL S-S WX SPD DR
================================================================================
1 60 30 45 1 20 0 0.00 M M 5.7 12 250 M M 5 16 250
2 67 31 49 5 16 0 0.00 M M 6.3 16 250 M M 2 20 240
3 69 43 56 12 9 0 0.00 M M 8.3 18 250 M M 6 27 250
4 66 35 51 8 14 0 0.00 M M 7.8 14 160 M M 4 18 170
5 75 45 60 17 5 0 0.00 M M 6.5 14 160 M M 7 18 230
6 71 40 56 13 9 0 0.00 M M 7.9 20 170 M M 5 27 180
7 76 42 59 17 6 0 0.00 M M 12.1 25 230 M M 2 8 37 50
8 43 34 39 -3 26 0 0.03 M M 6.5 17 20 M M 8 1 26 40
9 47 27 37 -5 28 0 0.00 M M 5.8 13 190 M M 2 17 200
10 52 25 39 -2 26 0 0.00 M M 4.2 10 170 M M 2 14 160
11 60 25 43 2 22 0 0.00 M M 5.0 13 240 M M 3 17 200
12 65 31 48 7 17 0 0.00 M M 8.5 23 180 M M 1 33 180
13 68 38 53 13 12 0 0.00 M M 13.2 25 170 M M 3 34 170
14 69 35 52 12 13 0 0.00 M M 4.4 15 230 M M 3 21 250
15 68 31 50 10 15 0 0.00 M M 6.4 16 200 M M 5 21 180
16 69 37 53 14 12 0 0.00 M M 6.9 17 340 M M 5 21 160
17 65 33 49 10 16 0 0.00 M M 5.7 13 200 M M 2 12 14 200
18 61 29 45 7 20 0 0.00 M M 3.3 10 30 M M 4 15 40
19 55 30 43 5 22 0 T M M 7.0 22 340 M M 6 30 340
20 42 36 39 1 26 0 0.04 M M 15.7 32 360 M M 9 1 40 360
21 54 24 39 2 26 0 0.00 M M 4.8 12 340 M M 3 17 20
22 70 33 52 15 13 0 0.00 M M 5.6 16 220 M M 3 8 24 220
23 44 23 34 -3 31 0 0.01 M M 6.8 17 100 M M 8 23 80
24 23 17 20 -16 45 0 0.01 M M 6.2 13 110 M M 10 1 17 110
25 21 13 17 -19 48 0 0.02 M M 6.0 13 350 M M 8 18 15 350
26 41 12 27 -9 38 0 0.00 M M 5.8 13 100 M M 0 18 120
27 44 15 30 -5 35 0 0.00 M M 4.8 12 180 M M 1 13 100
28 59 25 42 7 23 0 0.00 M M 5.1 15 230 M M 1 20 230
29 60 25 43 9 22 0 0.00 M M 5.5 14 250 M M 4 19 240
30 42 20 31 -3 34 0 0.00 M M 4.3 14 160 M M 6 17 160
================================================================================
SM 1706 884 649 0 0.11 M 202.1 M 128
================================================================================
AV 56.9 29.5 6.7 FASTST M M 4 MAX(MPH)
MISC ----> 32 360 40 360
================================================================================
NOTES:
# LAST OF SEVERAL OCCURRENCES
COLUMN 17 PEAK WIND IN M.P.H.
PRELIMINARY LOCAL CLIMATOLOGICAL DATA (WS FORM: F-6) , PAGE 2
STATION: CENTENNIAL CO
MONTH: NOVEMBER
YEAR: 2023
LATITUDE: 39 33 N
LONGITUDE: 104 51 W
[TEMPERATURE DATA] [PRECIPITATION DATA] SYMBOLS USED IN COLUMN 16
AVERAGE MONTHLY: 43.2 TOTAL FOR MONTH: 0.11 1 = FOG OR MIST
DPTR FM NORMAL: 3.9 DPTR FM NORMAL: -0.42 2 = FOG REDUCING VISIBILITY
HIGHEST: 76 ON 7 GRTST 24HR 0.04 ON 19-20 TO 1/4 MILE OR LESS
LOWEST: 12 ON 26 3 = THUNDER
SNOW, ICE PELLETS, HAIL 4 = ICE PELLETS
TOTAL MONTH: M 5 = HAIL
GRTST 24HR M ON M 6 = FREEZING RAIN OR DRIZZLE
GRTST DEPTH: M ON M 7 = DUSTSTORM OR SANDSTORM:
VSBY 1/2 MILE OR LESS
8 = SMOKE OR HAZE
[NO. OF DAYS WITH] [WEATHER - DAYS WITH] 9 = BLOWING SNOW
X = TORNADO
MAX 32 OR BELOW: 2 0.01 INCH OR MORE: 5
MAX 90 OR ABOVE: 0 0.10 INCH OR MORE: 0
MIN 32 OR BELOW: 18 0.50 INCH OR MORE: 0
MIN 0 OR BELOW: 0 1.00 INCH OR MORE: 0
[HDD (BASE 65) ]
TOTAL THIS MO. 649 CLEAR (SCALE 0-3) 14
DPTR FM NORMAL -122 PTCLDY (SCALE 4-7) 13
TOTAL FM JUL 1 1117 CLOUDY (SCALE 8-10) 3
DPTR FM NORMAL -268
[CDD (BASE 65) ]
TOTAL THIS MO. 0
DPTR FM NORMAL 0 [PRESSURE DATA]
TOTAL FM JAN 1 578 HIGHEST SLP 30.57 ON 21
DPTR FM NORMAL -58 LOWEST SLP 29.53 ON 7
[REMARKS]
#FINAL-11-23#