000
CXUS52 KMFL 011130
CF6APF
PRELIMINARY LOCAL CLIMATOLOGICAL DATA (WS FORM: F-6)
STATION: NAPLES
MONTH: FEBRUARY
YEAR: 2024
LATITUDE: 26 8 N
LONGITUDE: 81 46 W
TEMPERATURE IN F: :PCPN: SNOW: WIND :SUNSHINE: SKY :PK WND
================================================================================
1 2 3 4 5 6A 6B 7 8 9 10 11 12 13 14 15 16 17 18
12Z AVG MX 2MIN
DY MAX MIN AVG DEP HDD CDD WTR SNW DPTH SPD SPD DIR MIN PSBL S-S WX SPD DR
================================================================================
1 69 50 60 -6 5 0 0.00 0.0 0 5.0 10 280 M M 0 14 20
2 72 54 63 -3 2 0 0.00 0.0 0 5.9 14 290 M M 1 18 310
3 70 51 61 -5 4 0 0.00 0.0 0 4.1 15 240 M M 0 20 230
4 72 57 65 -1 0 0 0.50 0.0 0 9.3 25 240 M M 2 1 39 240
5 68 57 63 -3 2 0 0.50 0.0 0 M M M M M M M M
6 67 56 62 -4 3 0 0.00 0.0 0 13.8 16 340 M M 3 25 340
7 74 52 63 -4 2 0 0.00 0.0 0 9.1 14 300 M M 0 21 20
8 77 54 66 -1 0 1 0.00 0.0 0 8.3 12 50 M M 0 M M
9 79 59 69 2 0 4 0.00 0.0 0 5.3 16 210 M M 5 20 160
10 80 64 72 5 0 7 0.00 0.0 0 7.3 20 200 M M 8 23 200
11 82 66 74 7 0 9 0.00 0.0 0 8.9 18 160 M M 3 27 160
12 80 67 74 7 0 9 0.00 0.0 0 11.9 24 180 M M 6 18 36 200
13 74 57 66 -1 0 1 0.04 0.0 0 11.1 21 310 M M 3 1 31 310
14 77 52 65 -3 0 0 0.00 0.0 0 6.9 13 280 M M 1 20 30
15 80 60 70 2 0 5 0.00 0.0 0 7.0 16 90 M M 1 22 100
16 78 61 70 2 0 5 0.00 0.0 0 4.7 15 210 M M 3 19 220
17 80 63 72 4 0 7 0.00 0.0 0 7.9 20 210 M M 4 8 25 200
18 72 58 65 -3 0 0 2.18 0.0 0 10.1 20 50 M M 9 18 26 50
19 65 55 60 -8 5 0 0.00 0.0 0 8.7 17 300 M M 6 1 24 340
20 66 50 58 -10 7 0 0.00 0.0 0 7.9 17 300 M M 0 25 290
21 72 51 62 -6 3 0 0.00 0.0 0 7.1 14 310 M M 0 21 20
22 73 48 61 -7 4 0 0.00 0.0 0 3.9 9 50 M M 0 13 280
23 75 53 64 -5 1 0 0.00 0.0 0 8.2 17 210 M M 3 27 210
24 74 63 69 0 0 4 0.10 0.0 0 10.7 21 290 M M 4 1 27 300
25 73 50 62 -7 3 0 0.00 0.0 0 5.7 15 300 M M 0 20 270
26 74 54 64 -5 1 0 0.00 0.0 0 3.2 12 230 M M 0 M M
27 79 56 68 -1 0 3 0.00 0.0 0 6.8 16 210 M M 1 18 150
28 82 61 72 3 0 7 0.00 0.0 0 8.8 22 160 M M 0 29 140
29 83 64 74 5 0 9 0.00 0.0 0 6.3 14 70 M M 4 M M
================================================================================
SM 2167 1643 42 71 3.32 0.0 213.9 M 67
================================================================================
AV 74.7 56.7 7.6 FASTST M M 2 MAX(MPH)
MISC ----> 25 240 39 240
================================================================================
NOTES:
# LAST OF SEVERAL OCCURRENCES
COLUMN 17 PEAK WIND IN M.P.H.
PRELIMINARY LOCAL CLIMATOLOGICAL DATA (WS FORM: F-6) , PAGE 2
STATION: NAPLES
MONTH: FEBRUARY
YEAR: 2024
LATITUDE: 26 8 N
LONGITUDE: 81 46 W
[TEMPERATURE DATA] [PRECIPITATION DATA] SYMBOLS USED IN COLUMN 16
AVERAGE MONTHLY: 65.7 TOTAL FOR MONTH: 3.32 1 = FOG OR MIST
DPTR FM NORMAL: -1.8 DPTR FM NORMAL: 1.92 2 = FOG REDUCING VISIBILITY
HIGHEST: 83 ON 29 GRTST 24HR 2.18 ON 18-18 TO 1/4 MILE OR LESS
LOWEST: 48 ON 22 3 = THUNDER
SNOW, ICE PELLETS, HAIL 4 = ICE PELLETS
TOTAL MONTH: 0.0 INCH 5 = HAIL
GRTST 24HR 0.0 6 = FREEZING RAIN OR DRIZZLE
GRTST DEPTH: 0 7 = DUSTSTORM OR SANDSTORM:
VSBY 1/2 MILE OR LESS
8 = SMOKE OR HAZE
[NO. OF DAYS WITH] [WEATHER - DAYS WITH] 9 = BLOWING SNOW
X = TORNADO
MAX 32 OR BELOW: 0 0.01 INCH OR MORE: 5
MAX 90 OR ABOVE: 0 0.10 INCH OR MORE: 4
MIN 32 OR BELOW: 0 0.50 INCH OR MORE: 3
MIN 0 OR BELOW: 0 1.00 INCH OR MORE: 1
[HDD (BASE 65) ]
TOTAL THIS MO. 42 CLEAR (SCALE 0-3) 17
DPTR FM NORMAL -5 PTCLDY (SCALE 4-7) 10
TOTAL FM JUL 1 133 CLOUDY (SCALE 8-10) 2
DPTR FM NORMAL -67
[CDD (BASE 65) ]
TOTAL THIS MO. 71
DPTR FM NORMAL -48 [PRESSURE DATA]
TOTAL FM JAN 1 176 HIGHEST SLP 30.28 ON 20
DPTR FM NORMAL -39 LOWEST SLP 29.47 ON 5
[REMARKS]
#FINAL-02-24#