000
CXUS54 KEWX 011010
CF6AQO
PRELIMINARY LOCAL CLIMATOLOGICAL DATA (WS FORM: F-6)
STATION: LLANO MUNICIPAL AIRPORT
MONTH: MARCH
YEAR: 2022
LATITUDE: 30 47 N
LONGITUDE: 98 40 W
TEMPERATURE IN F: :PCPN: SNOW: WIND :SUNSHINE: SKY :PK WND
================================================================================
1 2 3 4 5 6A 6B 7 8 9 10 11 12 13 14 15 16 17 18
12Z AVG MX 2MIN
DY MAX MIN AVG DEP HDD CDD WTR SNW DPTH SPD SPD DIR MIN PSBL S-S WX SPD DR
================================================================================
1 73 30 52 M 13 0 0.00 M M 2.6 8 120 M M 2 14 0
2 75 34 55 M 10 0 0.00 M M 3.5 10 90 M M 3 16 90
3 81 36 59 M 6 0 0.00 M M 3.7 12 80 M M 4 16 120
4 77 54 66 M 0 1 0.00 M M 8.5 16 150 M M 9 27 170
5 79 63 71 M 0 6 0.00 M M 9.1 14 200 M M 9 23 200
6 70 63 67 M 0 2 0.00 M M 7.8 18 150 M M 8 18 160
7 55 41 48 M 17 0 0.00 M M 9.9 15 350 M M 5 23 360
8 55 36 46 M 19 0 0.00 M M 5.6 13 50 M M 8 15 40
9 64 28 46 M 19 0 0.00 M M 4.7 10 120 M M 4 15 90
10 77 28 53 M 12 0 0.00 M M 5.0 12 100 M M 4 18 100
11 55 34 45 M 20 0 0.00 M M 15.0 22 340 M M 9 28 340
12 59 18 39 M 26 0 0.00 M M 5.0 13 350 M M 3 14 360
13 66 19 43 M 22 0 0.00 M M 8.0 17 170 M M 3 27 180
14 82 50 66 M 0 1 0.00 M M 12.8 21 300 M M 6 30 210
15 75 43 59 M 6 0 0.00 M M 8.8 21 330 M M 3 28 330
16 84 32 58 M 7 0 0.00 M M 5.2 14 190 M M 2 23 160
17 84 46 65 M 0 0 0.00 M M 9.9 20 180 M M 5 28 180
18 70 43 57 M 8 0 0.00 M M 11.6 20 300 M M 4 29 290
19 79 30 55 M 10 0 0.00 M M 3.1 10 110 M M 3 13 50
20 81 37 59 M 6 0 0.00 M M 9.7 21 130 M M 5 31 130
21 84 57 71 M 0 6 0.00 M M 9.7 21 280 M M 8 1 38 280
22 63 37 50 M 15 0 0.00 M M 13.1 24 320 M M 8 32 330
23 66 32 49 M 16 0 0.00 M M 8.0 21 310 M M 5 30 300
24 75 32 54 M 11 0 0.00 M M 8.4 21 320 M M 4 33 320
25 86 32 59 M 6 0 0.00 M M 2.8 9 200 M M 4 13 110
26 93 39 66 M 0 1 0.00 M M 6.6 16 200 M M 3 8 22 160
27 91 45 68 M 0 3 0.00 M M 8.1 18 210 M M 1 24 210
28 88 55 72 M 0 7 0.00 M M 9.8 16 160 M M 2 23 170
29 79 64 72 M 0 7 0.00 M M 11.7 17 150 M M 6 29 150
30 73 50 62 M 3 0 0.00 M M 12.2 27 300 M M 4 18 38 300
31 77 41 59 M 6 0 0.00 M M 3.2 10 300 M M 3 15 330
================================================================================
SM 2316 1249 258 34 0.00 M 243.1 M 147
================================================================================
AV 74.7 40.3 7.8 FASTST M M 5 MAX(MPH)
MISC ----> 27 300 # 38 300
================================================================================
NOTES:
# LAST OF SEVERAL OCCURRENCES
COLUMN 17 PEAK WIND IN M.P.H.
PRELIMINARY LOCAL CLIMATOLOGICAL DATA (WS FORM: F-6) , PAGE 2
STATION: LLANO MUNICIPAL AIRPORT
MONTH: MARCH
YEAR: 2022
LATITUDE: 30 47 N
LONGITUDE: 98 40 W
[TEMPERATURE DATA] [PRECIPITATION DATA] SYMBOLS USED IN COLUMN 16
AVERAGE MONTHLY: 57.5 TOTAL FOR MONTH: 0.00 1 = FOG OR MIST
DPTR FM NORMAL: 0.0 DPTR FM NORMAL: M 2 = FOG REDUCING VISIBILITY
HIGHEST: 93 ON 26 GRTST 24HR 0.00 ON 6- 6 TO 1/4 MILE OR LESS
LOWEST: 18 ON 12 3 = THUNDER
SNOW, ICE PELLETS, HAIL 4 = ICE PELLETS
TOTAL MONTH: M 5 = HAIL
GRTST 24HR M ON M 6 = FREEZING RAIN OR DRIZZLE
GRTST DEPTH: M ON M 7 = DUSTSTORM OR SANDSTORM:
VSBY 1/2 MILE OR LESS
8 = SMOKE OR HAZE
[NO. OF DAYS WITH] [WEATHER - DAYS WITH] 9 = BLOWING SNOW
X = TORNADO
MAX 32 OR BELOW: 0 0.01 INCH OR MORE: 0
MAX 90 OR ABOVE: 2 0.10 INCH OR MORE: 0
MIN 32 OR BELOW: 10 0.50 INCH OR MORE: 0
MIN 0 OR BELOW: 0 1.00 INCH OR MORE: 0
[HDD (BASE 65) ]
TOTAL THIS MO. 258 CLEAR (SCALE 0-3) 8
DPTR FM NORMAL M PTCLDY (SCALE 4-7) 18
TOTAL FM JUL 1 1859 CLOUDY (SCALE 8-10) 5
DPTR FM NORMAL M
[CDD (BASE 65) ]
TOTAL THIS MO. 34
DPTR FM NORMAL M [PRESSURE DATA]
TOTAL FM JAN 1 42 HIGHEST SLP M ON M
DPTR FM NORMAL M LOWEST SLP M ON M
[REMARKS]
#FINAL-03-22#