000
CXUS54 KLCH 010820
CF6ARA
PRELIMINARY LOCAL CLIMATOLOGICAL DATA (WS FORM: F-6)
STATION: NEW IBERIA
MONTH: SEPTEMBER
YEAR: 2020
LATITUDE: 30 1 N
LONGITUDE: 91 53 W
TEMPERATURE IN F: :PCPN: SNOW: WIND :SUNSHINE: SKY :PK WND
================================================================================
1 2 3 4 5 6A 6B 7 8 9 10 11 12 13 14 15 16 17 18
12Z AVG MX 2MIN
DY MAX MIN AVG DEP HDD CDD WTR SNW DPTH SPD SPD DIR MIN PSBL S-S WX SPD DR
================================================================================
1 91 82 87 5 0 22 0.00 0.0 0 9.9 20 190 M M M 27 190
2 91 75 83 1 0 18 0.00 0.0 0 8.0 17 180 M M M 1 23 180
3 93 74 84 2 0 19 0.00 0.0 0 3.7 12 200 M M M 1 16 190
4 95 77 86 5 0 21 0.00 0.0 0 4.3 13 70 M M M 3 20 100
5 96 75 86 5 0 21 1.35 0.0 0 4.6 25 90 M M M 13 32 80
6 93 74 84 3 0 19 0.00 0.0 0 5.8 13 50 M M M 17 40
7 93 71 82 1 0 17 T 0.0 0 3.0 12 190 M M M 16 190
8 92 74 83 2 0 18 0.57 0.0 0 4.8 20 140 M M M 13 31 130
9 93 77 85 5 0 20 T 0.0 0 4.7 23 110 M M M 3 31 120
10 93 76 85 5 0 20 0.00 0.0 0 6.9 14 40 M M M 19 60
11 92 74 83 3 0 18 0.00 0.0 0 7.8 16 40 M M M 22 40
12 92 76 84 4 0 19 0.32 0.0 0 6.3 17 360 M M M 138 23 30
13 93 76 85 5 0 20 0.02 0.0 0 8.7 16 30 M M M 3 23 30
14 91 76 84 5 0 19 0.00 0.0 0 10.2 18 40 M M M 24 30
15 91 75 83 4 0 18 T 0.0 0 11.9 23 30 M M 5 31 30
16 89 74 82 3 0 17 0.00 0.0 0 8.3 16 10 M M 1 23 20
17 87 73 80 1 0 15 0.00 0.0 0 5.8 10 20 M M 0 M M
18 81 72 77 -1 0 12 T 0.0 M 10.5 14 30 M M 3 M M
19 77 69 73 -5 0 8 0.01 0.0 0 14.1 17 40 M M 5 32 40
20 77 69 73 -5 0 8 0.67 0.0 0 17.5 25 60 M M 10 1 35 60
21 75 69 72 -6 0 7 0.33 0.0 M 16.2 24 90 M M 10 1 39 80
22 80 69 75 -2 0 10 0.67 0.0 M 12.5 15 70 M M 10 1 23 70
23 86 72 79 2 0 14 1.15 0.0 0 12.8 26 160 M M 9 1 36 150
24 76 70 73 -4 0 8 T 0.0 0 7.5 13 260 M M 10 1 18 250
25 82 67 75 -1 0 10 0.00 0.0 0 5.3 13 360 M M 7 15 360
26 86 67 77 1 0 12 0.00 0.0 0 4.5 10 190 M M 2 1 15 190
27 88 64 76 0 0 11 0.00 0.0 0 5.0 14 170 M M 0 12 19 170
28 88 64 76 0 0 11 1.32 0.0 0 7.6 32 340 M M 8 1238 45 330
29 77 55 66 -9 0 1 0.00 0.0 0 9.6 17 360 M M 1 33 360
30 81 52 67 -8 0 2 0.00 0.0 0 2.2 8 220 M M 0 11 200
================================================================================
SM 2619 2138 0 435 6.41 0.0 240.0 M 81
================================================================================
AV 87.3 71.3 8.0 FASTST M M 5 MAX(MPH)
MISC ----> # 32 340 # 45 330
================================================================================
NOTES:
# LAST OF SEVERAL OCCURRENCES
COLUMN 17 PEAK WIND IN M.P.H.
PRELIMINARY LOCAL CLIMATOLOGICAL DATA (WS FORM: F-6) , PAGE 2
STATION: NEW IBERIA
MONTH: SEPTEMBER
YEAR: 2020
LATITUDE: 30 1 N
LONGITUDE: 91 53 W
[TEMPERATURE DATA] [PRECIPITATION DATA] SYMBOLS USED IN COLUMN 16
AVERAGE MONTHLY: 79.3 TOTAL FOR MONTH: 6.41 1 = FOG OR MIST
DPTR FM NORMAL: 0.6 DPTR FM NORMAL: 1.78 2 = FOG REDUCING VISIBILITY
HIGHEST: 96 ON 5 GRTST 24HR 1.35 ON 5- 5 TO 1/4 MILE OR LESS
LOWEST: 52 ON 30 3 = THUNDER
SNOW, ICE PELLETS, HAIL 4 = ICE PELLETS
TOTAL MONTH: 0.0 INCH 5 = HAIL
GRTST 24HR 0.0 6 = FREEZING RAIN OR DRIZZLE
GRTST DEPTH: 0 7 = DUSTSTORM OR SANDSTORM:
VSBY 1/2 MILE OR LESS
8 = SMOKE OR HAZE
[NO. OF DAYS WITH] [WEATHER - DAYS WITH] 9 = BLOWING SNOW
X = TORNADO
MAX 32 OR BELOW: 0 0.01 INCH OR MORE: 10
MAX 90 OR ABOVE: 15 0.10 INCH OR MORE: 8
MIN 32 OR BELOW: 0 0.50 INCH OR MORE: 6
MIN 0 OR BELOW: 0 1.00 INCH OR MORE: 3
[HDD (BASE 65) ]
TOTAL THIS MO. 0 CLEAR (SCALE 0-3) 7
DPTR FM NORMAL -1 PTCLDY (SCALE 4-7) 4
TOTAL FM JUL 1 0 CLOUDY (SCALE 8-10) 5
DPTR FM NORMAL -1
[CDD (BASE 65) ]
TOTAL THIS MO. 435
DPTR FM NORMAL 22 [PRESSURE DATA]
TOTAL FM JAN 1 2852 HIGHEST SLP 30.19 ON 5
DPTR FM NORMAL 296 LOWEST SLP 29.72 ON 23
[REMARKS]
#FINAL-09-20#