000
CXUS55 KGJT 042012
CF6ASE
PRELIMINARY LOCAL CLIMATOLOGICAL DATA (WS FORM: F-6)
STATION: ASPEN CO
MONTH: DECEMBER
YEAR: 2021
LATITUDE: 39 13 N
LONGITUDE: 106 52 W
TEMPERATURE IN F: :PCPN: SNOW: WIND :SUNSHINE: SKY :PK WND
================================================================================
1 2 3 4 5 6A 6B 7 8 9 10 11 12 13 14 15 16 17 18
12Z AVG MX 2MIN
DY MAX MIN AVG DEP HDD CDD WTR SNW DPTH SPD SPD DIR MIN PSBL S-S WX SPD DR
================================================================================
1 55 24 40 15 25 0 0.00 M M 5.9 12 220 M M 0 15 200
2 57 22 40 15 25 0 0.00 M M 5.4 13 220 M M 0 16 360
3 55 23 39 15 26 0 0.00 M M 5.5 13 220 M M 0 15 210
4 54 24 39 15 26 0 0.00 M M 5.3 13 320 M M 0 18 340
5 50 21 36 12 29 0 0.00 M M 5.7 15 340 M M 0 20 300
6 43 17 30 6 35 0 0.03 M M 4.4 17 350 M M 6 1 25 360
7 37 20 29 6 36 0 0.04 M M 2.1 10 220 M M 8 1 15 190
8 35 12 24 1 41 0 T M M 3.3 10 220 M M 5 18 12 180
9 38 29 34 11 31 0 0.44 M M 2.7 8 360 M M 10 18 10 360
10 32 4 18 -4 47 0 0.24 M M 8.6 23 330 M M 10 128 34 320
11 23 -7 8 -14 57 0 0.02 M M 4.7 10 210 M M 2 8 14 180
12 38 4 21 -1 44 0 0.00 M M 4.7 10 200 M M 0 13 220
13 44 11 28 6 37 0 0.00 M M 5.9 13 190 M M 0 14 180
14 51 18 35 13 30 0 0.00 M M 11.2 33 180 M M 3 42 170
15 43 10 27 6 38 0 0.08 M M 9.8 25 340 M M 9 128 40 340
16 34 3 19 -2 46 0 0.00 M M 5.7 12 210 M M 2 14 20
17 27 8 18 -3 47 0 0.04 M M 2.8 14 320 M M 9 18 17 260
18 28 -4 12 -9 53 0 0.00 M M 5.1 10 220 M M 1 14 220
19 33 4 19 -2 46 0 0.00 M M 5.2 10 330 M M 0 14 220
20 39 6 23 2 42 0 0.00 M M 5.6 10 220 M M 0 14 210
21 40 12 26 6 39 0 0.00 M M 5.8 10 200 M M 0 13 210
22 42 9 26 6 39 0 0.00 M M 4.6 12 340 M M 2 14 340
23 42 24 33 13 32 0 0.14 M M 4.7 25 180 M M 9 18 34 180
24 36 25 31 11 34 0 0.40 M M 4.1 17 350 M M 10 12 26 330
25 38 14 26 6 39 0 0.29 M M 4.1 13 190 M M 4 8 16 160
26 32 17 25 5 40 0 0.05 M M 6.2 20 150 M M 9 18 26 210
27 31 20 26 6 39 0 0.09 M M 3.8 16 190 M M 10 12 25 20
28 24 18 21 1 44 0 0.22 M M 2.3 18 330 M M 10 18 25 330
29 27 17 22 2 43 0 0.15 M M 2.3 12 360 M M 10 18 15 360
30 30 18 24 4 41 0 0.03 M M 3.7 10 170 M M 10 18 16 120
31 30 19 25 5 40 0 0.08 M M 2.7 20 340 M M 10 12 33 330
================================================================================
SM 1188 442 1191 0 2.34 M 153.9 M 149
================================================================================
AV 38.3 14.3 5.0 FASTST M M 5 MAX(MPH)
MISC ----> 33 180 42 170
================================================================================
NOTES:
# LAST OF SEVERAL OCCURRENCES
COLUMN 17 PEAK WIND IN M.P.H.
PRELIMINARY LOCAL CLIMATOLOGICAL DATA (WS FORM: F-6) , PAGE 2
STATION: ASPEN CO
MONTH: DECEMBER
YEAR: 2021
LATITUDE: 39 13 N
LONGITUDE: 106 52 W
[TEMPERATURE DATA] [PRECIPITATION DATA] SYMBOLS USED IN COLUMN 16
AVERAGE MONTHLY: 26.3 TOTAL FOR MONTH: 2.34 1 = FOG OR MIST
DPTR FM NORMAL: 4.5 DPTR FM NORMAL: 1.52 2 = FOG REDUCING VISIBILITY
HIGHEST: 57 ON 2 GRTST 24HR 0.44 ON 9- 9 TO 1/4 MILE OR LESS
LOWEST: -7 ON 11 3 = THUNDER
SNOW, ICE PELLETS, HAIL 4 = ICE PELLETS
TOTAL MONTH: M 5 = HAIL
GRTST 24HR M ON M 6 = FREEZING RAIN OR DRIZZLE
GRTST DEPTH: M ON M 7 = DUSTSTORM OR SANDSTORM:
VSBY 1/2 MILE OR LESS
8 = SMOKE OR HAZE
[NO. OF DAYS WITH] [WEATHER - DAYS WITH] 9 = BLOWING SNOW
X = TORNADO
MAX 32 OR BELOW: 10 0.01 INCH OR MORE: 16
MAX 90 OR ABOVE: 0 0.10 INCH OR MORE: 7
MIN 32 OR BELOW: 31 0.50 INCH OR MORE: 0
MIN 0 OR BELOW: 2 1.00 INCH OR MORE: 0
[HDD (BASE 65) ]
TOTAL THIS MO. 1191 CLEAR (SCALE 0-3) 15
DPTR FM NORMAL -150 PTCLDY (SCALE 4-7) 3
TOTAL FM JUL 1 2923 CLOUDY (SCALE 8-10) 13
DPTR FM NORMAL -437
[CDD (BASE 65) ]
TOTAL THIS MO. 0
DPTR FM NORMAL 0 [PRESSURE DATA]
TOTAL FM JAN 1 183 HIGHEST SLP 30.54 ON 18
DPTR FM NORMAL 95 LOWEST SLP 29.15 ON 15
[REMARKS]
#FINAL-12-21#