000
CXUS55 KGJT 011010
CF6ASE
PRELIMINARY LOCAL CLIMATOLOGICAL DATA (WS FORM: F-6)
STATION: ASPEN CO
MONTH: NOVEMBER
YEAR: 2021
LATITUDE: 39 13 N
LONGITUDE: 106 52 W
TEMPERATURE IN F: :PCPN: SNOW: WIND :SUNSHINE: SKY :PK WND
================================================================================
1 2 3 4 5 6A 6B 7 8 9 10 11 12 13 14 15 16 17 18
12Z AVG MX 2MIN
DY MAX MIN AVG DEP HDD CDD WTR SNW DPTH SPD SPD DIR MIN PSBL S-S WX SPD DR
================================================================================
1 55 32 44 6 21 0 0.01 M M 4.9 15 200 M M 7 22 180
2 41 33 37 -1 28 0 0.51 M M 2.7 8 310 M M 10 18 14 310
3 51 30 41 4 24 0 0.00 M M 3.3 10 210 M M 5 1 15 340
4 57 26 42 5 23 0 0.00 M M 5.0 10 210 M M 0 16 20
5 61 25 43 7 22 0 0.00 M M 5.9 12 210 M M 0 16 210
6 64 25 45 9 20 0 0.00 M M 5.2 13 180 M M 0 22 220
7 63 29 46 10 19 0 0.00 M M 6.9 17 190 M M 0 25 190
8 59 31 45 10 20 0 0.00 M M 5.4 13 220 M M 0 18 350
9 58 29 44 9 21 0 0.05 M M 6.5 20 210 M M 2 1 33 220
10 40 30 35 1 30 0 0.14 M M 3.9 15 320 M M 9 18 22 330
11 40 21 31 -3 34 0 T M M 2.5 9 360 M M 8 1 13 20
12 48 31 40 6 25 0 0.01 M M 4.6 12 330 M M 8 17 320
13 54 30 42 9 23 0 0.00 M M 6.4 16 310 M M 3 22 340
14 55 25 40 7 25 0 0.00 M M 5.1 12 330 M M 0 17 320
15 61 28 45 13 20 0 0.00 M M 5.7 12 190 M M 0 16 190
16 58 28 43 11 22 0 0.00 M M 6.3 20 340 M M 0 32 350
17 42 19 31 0 34 0 T M M 6.2 15 350 M M 4 1 26 310
18 50 13 32 1 33 0 0.00 M M 4.5 10 180 M M 0 15 30
19 46 23 35 5 30 0 0.00 M M 3.8 13 20 M M 8 17 20
20 45 29 37 7 28 0 0.07 M M 3.6 20 320 M M 9 18 27 320
21 43 19 31 1 34 0 0.00 M M 4.7 12 170 M M 2 17 160
22 54 17 36 7 29 0 0.00 M M 4.3 10 220 M M 0 13 210
23 51 20 36 7 29 0 T M M 5.9 15 120 M M 5 21 120
24 36 15 26 -2 39 0 0.13 M M 3.6 18 330 M M 9 18 28 330
25 37 9 23 -5 42 0 0.00 M M 6.1 12 220 M M 0 16 200
26 50 14 32 5 33 0 0.00 M M 4.6 10 200 M M 0 12 200
27 50 20 35 8 30 0 0.00 M M 4.0 10 220 M M 0 15 340
28 54 23 39 13 26 0 0.00 M M 5.5 12 210 M M 0 17 220
29 58 25 42 16 23 0 0.00 M M 4.4 10 220 M M 0 15 220
30 53 24 39 13 26 0 0.00 M M 5.0 10 190 M M 0 15 180
================================================================================
SM 1534 723 813 0 0.92 M 146.5 M 89
================================================================================
AV 51.1 24.1 4.9 FASTST M M 3 MAX(MPH)
MISC ----> # 20 210 33 220
================================================================================
NOTES:
# LAST OF SEVERAL OCCURRENCES
COLUMN 17 PEAK WIND IN M.P.H.
PRELIMINARY LOCAL CLIMATOLOGICAL DATA (WS FORM: F-6) , PAGE 2
STATION: ASPEN CO
MONTH: NOVEMBER
YEAR: 2021
LATITUDE: 39 13 N
LONGITUDE: 106 52 W
[TEMPERATURE DATA] [PRECIPITATION DATA] SYMBOLS USED IN COLUMN 16
AVERAGE MONTHLY: 37.6 TOTAL FOR MONTH: 0.92 1 = FOG OR MIST
DPTR FM NORMAL: 5.6 DPTR FM NORMAL: -0.12 2 = FOG REDUCING VISIBILITY
HIGHEST: 64 ON 6 GRTST 24HR 0.51 ON 2- 2 TO 1/4 MILE OR LESS
LOWEST: 9 ON 25 3 = THUNDER
SNOW, ICE PELLETS, HAIL 4 = ICE PELLETS
TOTAL MONTH: M 5 = HAIL
GRTST 24HR M ON M 6 = FREEZING RAIN OR DRIZZLE
GRTST DEPTH: M ON M 7 = DUSTSTORM OR SANDSTORM:
VSBY 1/2 MILE OR LESS
8 = SMOKE OR HAZE
[NO. OF DAYS WITH] [WEATHER - DAYS WITH] 9 = BLOWING SNOW
X = TORNADO
MAX 32 OR BELOW: 0 0.01 INCH OR MORE: 7
MAX 90 OR ABOVE: 0 0.10 INCH OR MORE: 3
MIN 32 OR BELOW: 29 0.50 INCH OR MORE: 1
MIN 0 OR BELOW: 0 1.00 INCH OR MORE: 0
[HDD (BASE 65) ]
TOTAL THIS MO. 813 CLEAR (SCALE 0-3) 19
DPTR FM NORMAL -179 PTCLDY (SCALE 4-7) 6
TOTAL FM JUL 1 1732 CLOUDY (SCALE 8-10) 5
DPTR FM NORMAL -285
[CDD (BASE 65) ]
TOTAL THIS MO. 0
DPTR FM NORMAL 0 [PRESSURE DATA]
TOTAL FM JAN 1 183 HIGHEST SLP 30.71 ON 25
DPTR FM NORMAL 95 LOWEST SLP 29.71 ON 24
[REMARKS]
#FINAL-11-21#