000
CXUS56 KPQR 011301
CF6AST
PRELIMINARY LOCAL CLIMATOLOGICAL DATA (WS FORM: F-6)
STATION: ASTORIA OR
MONTH: JANUARY
YEAR: 2023
LATITUDE: 46 9 N
LONGITUDE: 123 53 W
TEMPERATURE IN F: :PCPN: SNOW: WIND :SUNSHINE: SKY :PK WND
================================================================================
1 2 3 4 5 6A 6B 7 8 9 10 11 12 13 14 15 16 17 18
12Z AVG MX 2MIN
DY MAX MIN AVG DEP HDD CDD WTR SNW DPTH SPD SPD DIR MIN PSBL S-S WX SPD DR
================================================================================
1 46 34 40 -3 25 0 0.01 M M 4.7 15 70 M M 7 12 17 80
2 45 38 42 -1 23 0 0.02 M M 10.0 21 120 M M 4 28 130
3 48 37 43 0 22 0 0.09 M M 6.3 14 130 M M 9 1 18 140
4 51 40 46 3 19 0 0.08 M M 13.1 33 120 M M 6 1 48 130
5 54 47 51 8 14 0 0.28 M M 15.8 31 110 M M 9 18 43 120
6 53 44 49 6 16 0 0.40 M M 10.7 20 110 M M 10 1 30 210
7 49 42 46 2 19 0 0.38 M M 6.0 16 210 M M 8 1 24 210
8 53 44 49 5 16 0 0.35 M M 11.3 26 190 M M 10 13 41 220
9 54 43 49 5 16 0 0.20 M M 16.6 35 180 M M 7 18 50 160
10 56 41 49 5 16 0 T M M 8.8 22 90 M M 5 28 60
11 52 46 49 5 16 0 0.64 M M 9.8 23 120 M M 9 1 28 120
12 58 49 54 10 11 0 0.52 M M 7.2 21 190 M M 10 1 34 200
13 55 48 52 8 13 0 0.50 M M 6.4 20 200 M M 10 1 29 230
14 51 47 49 5 16 0 0.10 M M 8.0 18 70 M M 9 1 24 70
15 50 46 48 4 17 0 0.54 M M 10.9 23 230 M M 10 1 33 230
16 49 42 46 2 19 0 0.89 M M 7.1 15 180 M M 9 1 20 170
17 49 44 47 3 18 0 0.13 M M 5.2 14 180 M M 10 1 21 160
18 50 34 42 -2 23 0 0.98 M M 6.7 24 190 M M 8 18 34 190
19 47 32 40 -4 25 0 0.05 M M 2.6 10 10 M M 5 1 14 90
20 49 32 41 -3 24 0 0.00 M M 3.6 9 80 M M 2 12 11 90
21 48 31 40 -4 25 0 0.26 M M 13.1 31 260 M M 7 1 45 250
22 48 35 42 -2 23 0 0.01 M M 4.0 18 300 M M 7 1 23 300
23 48 33 41 -3 24 0 T M M 2.6 13 360 M M 7 1 17 350
24 47 30 39 -5 26 0 0.00 M M 2.2 8 70 M M 8 1 11 160
25 47 33 40 -4 25 0 0.00 M M 4.3 12 20 M M 5 12 14 320
26 47 30 39 -5 26 0 0.01 M M 3.0 12 260 M M 8 128 14 250
27 51 44 48 4 17 0 0.23 M M 9.5 18 300 M M 10 1 26 260
28 48 37 43 -1 22 0 T M M 6.7 21 100 M M 7 1 31 90
29 42 26 34 -10 31 0 0.00 M M 6.9 17 70 M M 0 21 90
30 42 24 33 -11 32 0 0.00 M M 4.6 10 40 M M 0 16 40
31 44 28 36 -8 29 0 0.00 M M 3.1 12 30 M M 0 13 30
================================================================================
SM 1531 1181 648 0 6.67 M 230.8 M 216
================================================================================
AV 49.4 38.1 7.4 FASTST M M 7 MAX(MPH)
MISC ----> 35 180 50 160
================================================================================
NOTES:
# LAST OF SEVERAL OCCURRENCES
COLUMN 17 PEAK WIND IN M.P.H.
PRELIMINARY LOCAL CLIMATOLOGICAL DATA (WS FORM: F-6) , PAGE 2
STATION: ASTORIA OR
MONTH: JANUARY
YEAR: 2023
LATITUDE: 46 9 N
LONGITUDE: 123 53 W
[TEMPERATURE DATA] [PRECIPITATION DATA] SYMBOLS USED IN COLUMN 16
AVERAGE MONTHLY: 43.7 TOTAL FOR MONTH: 6.67 1 = FOG OR MIST
DPTR FM NORMAL: 0.0 DPTR FM NORMAL: -3.92 2 = FOG REDUCING VISIBILITY
HIGHEST: 58 ON 12 GRTST 24HR 0.98 ON 18-18 TO 1/4 MILE OR LESS
LOWEST: 24 ON 30 3 = THUNDER
SNOW, ICE PELLETS, HAIL 4 = ICE PELLETS
TOTAL MONTH: M 5 = HAIL
GRTST 24HR M ON M 6 = FREEZING RAIN OR DRIZZLE
GRTST DEPTH: M ON M 7 = DUSTSTORM OR SANDSTORM:
VSBY 1/2 MILE OR LESS
8 = SMOKE OR HAZE
[NO. OF DAYS WITH] [WEATHER - DAYS WITH] 9 = BLOWING SNOW
X = TORNADO
MAX 32 OR BELOW: 0 0.01 INCH OR MORE: 22
MAX 90 OR ABOVE: 0 0.10 INCH OR MORE: 15
MIN 32 OR BELOW: 8 0.50 INCH OR MORE: 6
MIN 0 OR BELOW: 0 1.00 INCH OR MORE: 0
[HDD (BASE 65) ]
TOTAL THIS MO. 648 CLEAR (SCALE 0-3) 4
DPTR FM NORMAL -11 PTCLDY (SCALE 4-7) 15
TOTAL FM JUL 1 2473 CLOUDY (SCALE 8-10) 12
DPTR FM NORMAL -231
[CDD (BASE 65) ]
TOTAL THIS MO. 0
DPTR FM NORMAL 0 [PRESSURE DATA]
TOTAL FM JAN 1 0 HIGHEST SLP 30.72 ON 25
DPTR FM NORMAL 0 LOWEST SLP 29.18 ON 15
[REMARKS]
#FINAL-01-23#