000
CXUS56 KPQR 011201
CF6AST
PRELIMINARY LOCAL CLIMATOLOGICAL DATA (WS FORM: F-6)
STATION: ASTORIA OR
MONTH: SEPTEMBER
YEAR: 2023
LATITUDE: 46 9 N
LONGITUDE: 123 53 W
TEMPERATURE IN F: :PCPN: SNOW: WIND :SUNSHINE: SKY :PK WND
================================================================================
1 2 3 4 5 6A 6B 7 8 9 10 11 12 13 14 15 16 17 18
12Z AVG MX 2MIN
DY MAX MIN AVG DEP HDD CDD WTR SNW DPTH SPD SPD DIR MIN PSBL S-S WX SPD DR
================================================================================
1 79 52 66 5 0 1 T M M 4.7 15 330 M M 2 12 19 310
2 80 56 68 7 0 3 0.00 M M 7.6 21 220 M M 2 13 28 230
3 64 57 61 0 4 0 0.32 M M 6.9 16 200 M M 10 13 24 200
4 68 54 61 0 4 0 0.00 M M 6.2 14 260 M M 7 1 19 300
5 68 51 60 0 5 0 0.01 M M 4.6 13 330 M M 5 1 16 310
6 65 50 58 -2 7 0 T M M 4.1 12 230 M M 5 1 15 250
7 66 48 57 -3 8 0 0.00 M M 4.4 12 290 M M 5 1 14 290
8 70 49 60 0 5 0 0.00 M M 6.8 18 320 M M 3 1 22 320
9 74 47 61 1 4 0 0.00 M M 4.6 10 310 M M 0 13 250
10 70 52 61 1 4 0 0.00 M M 5.9 17 230 M M 3 23 230
11 70 54 62 2 3 0 T M M 4.2 13 280 M M 5 18 16 280
12 65 52 59 -1 6 0 0.01 M M 2.9 10 180 M M 7 18 14 190
13 73 52 63 3 2 0 0.00 M M 5.9 18 320 M M 4 12 22 320
14 78 48 63 3 2 0 0.00 M M 5.4 15 320 M M 2 12 18 320
15 77 50 64 5 1 0 0.00 M M 5.7 16 300 M M 0 1 23 320
16 68 51 60 1 5 0 0.00 M M 7.5 17 310 M M 5 22 320
17 67 49 58 -1 7 0 0.00 M M 3.9 9 330 M M 0 12 330
18 68 48 58 -1 7 0 0.03 M M 8.2 18 320 M M 3 1 23 320
19 66 45 56 -3 9 0 0.16 M M 5.7 15 240 M M 5 1 20 230
20 65 48 57 -1 8 0 0.02 M M 4.9 13 280 M M 4 1 16 360
21 70 44 57 -1 8 0 0.00 M M 5.2 15 310 M M 2 12 19 310
22 71 45 58 0 7 0 0.00 M M 5.1 15 260 M M 0 18 260
23 61 52 57 -1 8 0 0.86 M M 6.1 17 200 M M 8 1 25 180
24 62 50 56 -2 9 0 0.28 M M 6.8 15 150 M M 8 18 21 110
25 62 53 58 0 7 0 0.58 M M 9.2 25 200 M M 9 1 39 220
26 63 49 56 -1 9 0 0.43 M M 7.9 24 190 M M 7 18 37 200
27 65 55 60 3 5 0 0.57 M M 14.5 35 270 M M 7 18 51 240
28 63 53 58 1 7 0 0.09 M M 5.4 14 230 M M 9 18 18 190
29 64 45 55 -2 10 0 0.00 M M 8.1 22 320 M M 5 26 320
30 65 39 52 -4 13 0 0.00 M M 6.9 18 310 M M 0 128 22 310
================================================================================
SM 2047 1498 174 4 3.36 M 185.3 M 132
================================================================================
AV 68.2 49.9 6.2 FASTST M M 4 MAX(MPH)
MISC ----> 35 270 51 240
================================================================================
NOTES:
# LAST OF SEVERAL OCCURRENCES
COLUMN 17 PEAK WIND IN M.P.H.
PRELIMINARY LOCAL CLIMATOLOGICAL DATA (WS FORM: F-6) , PAGE 2
STATION: ASTORIA OR
MONTH: SEPTEMBER
YEAR: 2023
LATITUDE: 46 9 N
LONGITUDE: 123 53 W
[TEMPERATURE DATA] [PRECIPITATION DATA] SYMBOLS USED IN COLUMN 16
AVERAGE MONTHLY: 59.1 TOTAL FOR MONTH: 3.36 1 = FOG OR MIST
DPTR FM NORMAL: 0.1 DPTR FM NORMAL: 0.69 2 = FOG REDUCING VISIBILITY
HIGHEST: 80 ON 2 GRTST 24HR 0.97 ON 26-27 TO 1/4 MILE OR LESS
LOWEST: 39 ON 30 3 = THUNDER
SNOW, ICE PELLETS, HAIL 4 = ICE PELLETS
TOTAL MONTH: M 5 = HAIL
GRTST 24HR M ON M 6 = FREEZING RAIN OR DRIZZLE
GRTST DEPTH: M ON M 7 = DUSTSTORM OR SANDSTORM:
VSBY 1/2 MILE OR LESS
8 = SMOKE OR HAZE
[NO. OF DAYS WITH] [WEATHER - DAYS WITH] 9 = BLOWING SNOW
X = TORNADO
MAX 32 OR BELOW: 0 0.01 INCH OR MORE: 12
MAX 90 OR ABOVE: 0 0.10 INCH OR MORE: 7
MIN 32 OR BELOW: 0 0.50 INCH OR MORE: 3
MIN 0 OR BELOW: 0 1.00 INCH OR MORE: 0
[HDD (BASE 65) ]
TOTAL THIS MO. 174 CLEAR (SCALE 0-3) 10
DPTR FM NORMAL -11 PTCLDY (SCALE 4-7) 17
TOTAL FM JUL 1 276 CLOUDY (SCALE 8-10) 3
DPTR FM NORMAL -171
[CDD (BASE 65) ]
TOTAL THIS MO. 4
DPTR FM NORMAL -2 [PRESSURE DATA]
TOTAL FM JAN 1 65 HIGHEST SLP 30.18 ON 13
DPTR FM NORMAL 43 LOWEST SLP 29.64 ON 25
[REMARKS]
#FINAL-09-23#