837
CXUS52 KFFC 011010
CF6ATL
PRELIMINARY LOCAL CLIMATOLOGICAL DATA (WS FORM: F-6)
STATION: ATLANTA
MONTH: JULY
YEAR: 2020
LATITUDE: 33 39 N
LONGITUDE: 84 26 W
TEMPERATURE IN F: :PCPN: SNOW: WIND :SUNSHINE: SKY :PK WND
================================================================================
1 2 3 4 5 6A 6B 7 8 9 10 11 12 13 14 15 16 17 18
12Z AVG MX 2MIN
DY MAX MIN AVG DEP HDD CDD WTR SNW DPTH SPD SPD DIR MIN PSBL S-S WX SPD DR
================================================================================
1 85 69 77 -3 0 12 0.04 0.0 M 8.9 22 340 M M 8 1 27 340
2 89 71 80 0 0 15 0.16 0.0 M 7.2 23 50 M M 6 3 31 50
3 93 74 84 4 0 19 0.00 0.0 M 4.9 13 70 M M 5 16 100
4 91 73 82 2 0 17 0.01 0.0 M 3.4 22 330 M M 6 38 27 330
5 92 74 83 3 0 18 0.00 0.0 M 6.7 17 80 M M 6 18 21 110
6 87 73 80 0 0 15 1.21 0.0 M 8.3 21 110 M M 9 13 30 110
7 87 73 80 0 0 15 T M M 7.5 14 30 M M 8 138 19 40
8 86 74 80 0 0 15 T M M 6.3 14 350 M M 8 16 320
9 89 73 81 1 0 16 0.20 M M 5.7 24 50 M M 7 13 31 50
10 92 72 82 2 0 17 0.01 0.0 M 6.5 16 300 M M 5 13 22 320
11 92 73 83 3 0 18 0.00 0.0 0 11.8 21 320 M M 1 28 330
12 89 69 79 -1 0 14 T M M 6.9 13 320 M M 6 23 310
13 90 68 79 -1 0 14 0.00 M M 8.1 16 310 M M 5 1 22 300
14 93 72 83 3 0 18 0.00 0.0 0 5.1 12 280 M M 3 16 240
15 91 75 83 3 0 18 0.21 M M 3.4 16 290 M M 6 3 24 140
16 92 73 83 3 0 18 0.00 0.0 0 4.5 17 80 M M 5 13 21 70
17 93 76 85 5 0 20 0.00 0.0 M 4.7 12 150 M M 3 15 140
18 95 77 86 6 0 21 0.00 0.0 M 5.0 17 330 M M 5 3 22 340
19 95 75 85 5 0 20 0.00 0.0 M 3.5 10 180 M M 4 16 240
20 95 77 86 6 0 21 0.07 0.0 M 4.9 25 360 M M 5 3 41 50
21 95 75 85 5 0 20 0.04 M M 5.1 29 90 M M 7 38 39 110
22 93 73 83 3 0 18 0.00 M M 4.1 12 110 M M 7 3 16 120
23 93 74 84 4 0 19 0.00 M M 5.3 24 190 M M 4 34 180
24 88 74 81 1 0 16 0.00 M M 4.8 15 90 M M 7 19 80
25 91 72 82 2 0 17 0.06 M M 4.8 16 40 M M 6 3 24 30
26 91 71 81 1 0 16 0.00 M M 3.2 14 10 M M 5 3 17 360
27 93 74 84 4 0 19 0.00 0.0 M 6.0 16 330 M M 5 22 220
28 89 75 82 2 0 17 T M M 6.5 15 300 M M 6 3 21 300
29 86 75 81 1 0 16 0.58 0.0 M 6.7 14 240 M M 8 138 19 250
30 88 75 82 2 0 17 0.01 M M 8.8 20 240 M M 8 3 29 240
31 92 75 84 4 0 19 T M M 9.0 18 260 M M 5 3 27 250
================================================================================
SM 2815 2274 0 535 2.60 0.0 187.6 M 179
================================================================================
AV 90.8 73.4 6.1 FASTST M M 6 MAX(MPH)
MISC ----> 29 90 41 50
================================================================================
NOTES:
# LAST OF SEVERAL OCCURRENCES
COLUMN 17 PEAK WIND IN M.P.H.
PRELIMINARY LOCAL CLIMATOLOGICAL DATA (WS FORM: F-6) , PAGE 2
STATION: ATLANTA
MONTH: JULY
YEAR: 2020
LATITUDE: 33 39 N
LONGITUDE: 84 26 W
[TEMPERATURE DATA] [PRECIPITATION DATA] SYMBOLS USED IN COLUMN 16
AVERAGE MONTHLY: 82.1 TOTAL FOR MONTH: 2.60 1 = FOG OR MIST
DPTR FM NORMAL: 1.9 DPTR FM NORMAL: -2.67 2 = FOG REDUCING VISIBILITY
HIGHEST: 95 ON 21,20 GRTST 24HR 1.21 ON 6- 6 TO 1/4 MILE OR LESS
LOWEST: 68 ON 13 3 = THUNDER
SNOW, ICE PELLETS, HAIL 4 = ICE PELLETS
TOTAL MONTH: 0.0 INCH 5 = HAIL
GRTST 24HR 0.0 6 = FREEZING RAIN OR DRIZZLE
GRTST DEPTH: 0 7 = DUSTSTORM OR SANDSTORM:
VSBY 1/2 MILE OR LESS
8 = SMOKE OR HAZE
[NO. OF DAYS WITH] [WEATHER - DAYS WITH] 9 = BLOWING SNOW
X = TORNADO
MAX 32 OR BELOW: 0 0.01 INCH OR MORE: 12
MAX 90 OR ABOVE: 20 0.10 INCH OR MORE: 5
MIN 32 OR BELOW: 0 0.50 INCH OR MORE: 2
MIN 0 OR BELOW: 0 1.00 INCH OR MORE: 1
[HDD (BASE 65) ]
TOTAL THIS MO. 0 CLEAR (SCALE 0-3) 3
DPTR FM NORMAL 0 PTCLDY (SCALE 4-7) 25
TOTAL FM JUL 1 0 CLOUDY (SCALE 8-10) 3
DPTR FM NORMAL 0
[CDD (BASE 65) ]
TOTAL THIS MO. 535
DPTR FM NORMAL 64 [PRESSURE DATA]
TOTAL FM JAN 1 1166 HIGHEST SLP 30.21 ON 24
DPTR FM NORMAL 74 LOWEST SLP 29.74 ON 12
[REMARKS]
#FINAL-07-20#