000
CXUS54 KMAF 011110
CF6ATS
PRELIMINARY LOCAL CLIMATOLOGICAL DATA (WS FORM: F-6)
STATION: ARTESIA
MONTH: MAY
YEAR: 2021
LATITUDE: 32 54 N
LONGITUDE: 104 30 W
TEMPERATURE IN F: :PCPN: SNOW: WIND :SUNSHINE: SKY :PK WND
================================================================================
1 2 3 4 5 6A 6B 7 8 9 10 11 12 13 14 15 16 17 18
12Z AVG MX 2MIN
DY MAX MIN AVG DEP HDD CDD WTR SNW DPTH SPD SPD DIR MIN PSBL S-S WX SPD DR
================================================================================
1 79 48 64 M 1 0 0.00 M M 8.7 16 210 M M 0 24 180
2 91 55 73 M 0 8 0.00 M M 14.8 36 240 M M 0 46 240
3 81 52 67 M 0 2 0.00 M M 15.2 30 10 M M 0 38 47 50
4 70 50 60 M 5 0 0.00 M M 10.2 21 350 M M 4 23 10
5 88 52 70 M 0 5 0.00 M M 13.0 21 140 M M 0 25 160
6 82 57 70 M 0 5 0.00 M M 12.3 32 340 M M 0 40 340
7 97 61 79 M 0 14 0.00 M M 13.1 26 150 M M 0 33 170
8 91 63 77 M 0 12 0.00 M M 19.5 31 250 M M 0 38 220
9 88 57 73 M 0 8 0.00 M M 11.5 25 220 M M 0 32 220
10 81 55 68 M 0 3 0.00 M M 12.3 27 140 M M 2 33 140
11 75 55 65 M 0 0 0.00 M M 13.2 22 130 M M 5 27 130
12 68 48 58 M 7 0 0.03 M M 6.5 15 160 M M 6 1 22 60
13 77 54 66 M 0 1 0.00 M M 13.3 21 150 M M 3 23 160
14 86 57 72 M 0 7 0.00 M M 13.3 25 310 M M 0 52 210
15 88 59 74 M 0 9 0.55 M M 11.8 37 330 M M 1 3 25 160
16 90 61 76 M 0 11 0.00 M M 8.2 22 230 M M 3 30 210
17 88 57 73 M 0 8 0.00 M M 11.0 25 220 M M 0 33 220
18 81 55 68 M 0 3 0.00 M M 10.4 18 250 M M 1 28 10
19 82 61 72 M 0 7 0.00 M M 6.6 18 160 M M 2 35 170
20 95 61 78 M 0 13 0.00 M M 10.5 22 210 M M 1 31 170
21 93 64 79 M 0 14 0.00 M M 15.8 23 230 M M 0 27 119
22 84 70 77 M 0 12 0.03 M M 15.5 23 130 M M 6 32 130
23 90 64 77 M 0 12 0.00 M M 14.6 29 160 M M 2 38 160
24 91 64 78 M 0 13 0.00 M M 11.4 30 170 M M 0 8 38 170
25 95 66 81 M 0 16 0.00 M M 9.6 20 170 M M 1 29 170
26 95 61 78 M 0 13 0.00 M M 10.7 23 170 M M 1 3 38 170
27 93 63 78 M 0 13 0.00 M M 11.3 21 340 M M 0 1 29 340
28 91 50 71 M 0 6 0.00 M M 10.5 23 40 M M 1 39 40
29 90 57 74 M 0 9 0.00 M M 14.2 26 150 M M 0 37 150
30 82 63 73 M 0 8 0.25 M M 17.4 29 150 M M 6 37 150
31 73 59 66 M 0 1 0.16 M M 11.0 21 360 M M 7 3 27 30
================================================================================
SM 2655 1799 13 233 1.02 M 377.4 M 52
================================================================================
AV 85.6 58.0 12.2 FASTST M M 2 MAX(MPH)
MISC ----> 37 330 52 210
================================================================================
NOTES:
# LAST OF SEVERAL OCCURRENCES
COLUMN 17 PEAK WIND IN M.P.H.
PRELIMINARY LOCAL CLIMATOLOGICAL DATA (WS FORM: F-6) , PAGE 2
STATION: ARTESIA
MONTH: MAY
YEAR: 2021
LATITUDE: 32 54 N
LONGITUDE: 104 30 W
[TEMPERATURE DATA] [PRECIPITATION DATA] SYMBOLS USED IN COLUMN 16
AVERAGE MONTHLY: 71.8 TOTAL FOR MONTH: 1.02 1 = FOG OR MIST
DPTR FM NORMAL: 0.0 DPTR FM NORMAL: M 2 = FOG REDUCING VISIBILITY
HIGHEST: 97 ON 7 GRTST 24HR 0.55 ON 15-15 TO 1/4 MILE OR LESS
LOWEST: 48 ON 12, 1 3 = THUNDER
SNOW, ICE PELLETS, HAIL 4 = ICE PELLETS
TOTAL MONTH: M 5 = HAIL
GRTST 24HR M ON M 6 = FREEZING RAIN OR DRIZZLE
GRTST DEPTH: M ON M 7 = DUSTSTORM OR SANDSTORM:
VSBY 1/2 MILE OR LESS
8 = SMOKE OR HAZE
[NO. OF DAYS WITH] [WEATHER - DAYS WITH] 9 = BLOWING SNOW
X = TORNADO
MAX 32 OR BELOW: 0 0.01 INCH OR MORE: 5
MAX 90 OR ABOVE: 13 0.10 INCH OR MORE: 3
MIN 32 OR BELOW: 0 0.50 INCH OR MORE: 1
MIN 0 OR BELOW: 0 1.00 INCH OR MORE: 0
[HDD (BASE 65) ]
TOTAL THIS MO. 13 CLEAR (SCALE 0-3) 24
DPTR FM NORMAL M PTCLDY (SCALE 4-7) 7
TOTAL FM JUL 1 3079 CLOUDY (SCALE 8-10) 0
DPTR FM NORMAL M
[CDD (BASE 65) ]
TOTAL THIS MO. 233
DPTR FM NORMAL M [PRESSURE DATA]
TOTAL FM JAN 1 281 HIGHEST SLP M ON M
DPTR FM NORMAL M LOWEST SLP M ON M
[REMARKS]
#FINAL-05-21#