000
CXUS51 KGYX 020435
CF6AUG
PRELIMINARY LOCAL CLIMATOLOGICAL DATA (WS FORM: F-6)
STATION: AUGUSTA
MONTH: OCTOBER
YEAR: 2022
LATITUDE: 44 18 N
LONGITUDE: 69 48 W
TEMPERATURE IN F: :PCPN: SNOW: WIND :SUNSHINE: SKY :PK WND
================================================================================
1 2 3 4 5 6A 6B 7 8 9 10 11 12 13 14 15 16 17 18
12Z AVG MX 2MIN
DY MAX MIN AVG DEP HDD CDD WTR SNW DPTH SPD SPD DIR MIN PSBL S-S WX SPD DR
================================================================================
1 66 43 55 0 10 0 0.00 M M 2.6 16 20 M M 0 1 23 20
2 58 38 48 -6 17 0 0.00 M M 10.7 21 30 M M 1 29 20
3 59 34 47 -7 18 0 0.00 M M 5.1 10 60 M M 0 15 30
4 65 34 50 -4 15 0 0.00 M M 4.5 8 60 M M 0 1 12 80
5 62 44 53 0 12 0 0.23 M M 6.1 13 10 M M 9 1 18 350
6 75 51 63 10 2 0 0.01 M M 3.8 8 330 M M 3 12 11 200
7 71 49 60 8 5 0 0.00 M M 4.1 16 310 M M 3 12 24 320
8 57 38 48 -4 17 0 0.00 M M 6.0 14 290 M M 0 20 300
9 59 33 46 -6 19 0 0.00 M M 4.0 14 290 M M 3 19 290
10 47 34 41 -10 24 0 0.03 M M 1.3 6 10 M M 5 1 8 330
11 59 31 45 -6 20 0 0.00 M M 2.9 9 260 M M 2 12 13 190
12 72 36 54 4 11 0 0.00 M M 4.9 12 160 M M 1 12 17 170
13 64 51 58 8 7 0 0.12 M M 8.3 17 150 M M 7 1 25 170
14 66 61 64 14 1 0 3.21 M M 13.7 30 150 M M 10 12 46 150
15 68 51 60 11 5 0 T M M 4.6 16 340 M M 8 12 20 330
16 66 49 58 9 7 0 0.00 M M 3.8 12 10 M M 5 12 15 360
17 57 47 52 3 13 0 0.08 M M 3.7 8 110 M M 10 12 13 120
18 61 56 59 11 6 0 1.55 M M 6.7 15 160 M M 10 13 23 150
19 60 40 50 2 15 0 0.00 M M 6.1 14 170 M M 3 1 23 160
20 55 35 45 -3 20 0 0.00 M M 5.8 14 180 M M 1 22 180
21 60 35 48 1 17 0 0.00 M M 3.9 13 230 M M 0 23 260
22 66 38 52 5 13 0 0.00 M M 4.6 12 160 M M 1 12 17 160
23 65 42 54 7 11 0 0.00 M M 1.2 7 340 M M 6 12 7 340
24 58 52 55 9 10 0 0.63 M M 6.9 13 10 M M 10 12 16 10
25 67 56 62 16 3 0 0.65 M M 3.5 9 140 M M 10 12 12 140
26 63 61 62 16 3 0 0.64 M M 4.5 9 40 M M 10 12 14 120
27 67 40 54 9 11 0 T M M 9.5 22 310 M M 3 12 33 330
28 53 34 44 -1 21 0 0.00 M M 4.0 14 350 M M 0 19 360
29 61 28 45 1 20 0 0.00 M M 3.4 8 200 M M 0 1 13 190
30 67 34 51 7 14 0 0.00 M M 2.6 10 170 M M 0 15 190
31 66 37 52 8 13 0 0.00 M M 4.9 12 160 M M 2 1 17 160
================================================================================
SM 1940 1312 380 0 7.15 M 157.7 M 123
================================================================================
AV 62.6 42.3 5.1 FASTST M M 4 MAX(MPH)
MISC ----> 30 150 46 150
================================================================================
NOTES:
# LAST OF SEVERAL OCCURRENCES
COLUMN 17 PEAK WIND IN M.P.H.
PRELIMINARY LOCAL CLIMATOLOGICAL DATA (WS FORM: F-6) , PAGE 2
STATION: AUGUSTA
MONTH: OCTOBER
YEAR: 2022
LATITUDE: 44 18 N
LONGITUDE: 69 48 W
[TEMPERATURE DATA] [PRECIPITATION DATA] SYMBOLS USED IN COLUMN 16
AVERAGE MONTHLY: 52.5 TOTAL FOR MONTH: 7.15 1 = FOG OR MIST
DPTR FM NORMAL: 3.3 DPTR FM NORMAL: 2.46 2 = FOG REDUCING VISIBILITY
HIGHEST: 75 ON 6 GRTST 24HR 3.31 ON 13-14 TO 1/4 MILE OR LESS
LOWEST: 28 ON 29 3 = THUNDER
SNOW, ICE PELLETS, HAIL 4 = ICE PELLETS
TOTAL MONTH: M 5 = HAIL
GRTST 24HR M ON M 6 = FREEZING RAIN OR DRIZZLE
GRTST DEPTH: M ON M 7 = DUSTSTORM OR SANDSTORM:
VSBY 1/2 MILE OR LESS
8 = SMOKE OR HAZE
[NO. OF DAYS WITH] [WEATHER - DAYS WITH] 9 = BLOWING SNOW
X = TORNADO
MAX 32 OR BELOW: 0 0.01 INCH OR MORE: 10
MAX 90 OR ABOVE: 0 0.10 INCH OR MORE: 7
MIN 32 OR BELOW: 2 0.50 INCH OR MORE: 5
MIN 0 OR BELOW: 0 1.00 INCH OR MORE: 2
[HDD (BASE 65) ]
TOTAL THIS MO. 380 CLEAR (SCALE 0-3) 18
DPTR FM NORMAL -113 PTCLDY (SCALE 4-7) 6
TOTAL FM JUL 1 517 CLOUDY (SCALE 8-10) 7
DPTR FM NORMAL -168
[CDD (BASE 65) ]
TOTAL THIS MO. 0
DPTR FM NORMAL -2 [PRESSURE DATA]
TOTAL FM JAN 1 655 HIGHEST SLP 30.60 ON 28
DPTR FM NORMAL 228 LOWEST SLP 29.61 ON 19
[REMARKS]
#FINAL-10-22#