000
CXUS53 KARX 010930
CF6AUM
PRELIMINARY LOCAL CLIMATOLOGICAL DATA (WS FORM: F-6)
STATION: AUSTIN MUNI MN
MONTH: AUGUST
YEAR: 2020
LATITUDE: 43 40 N
LONGITUDE: 92 56 W
TEMPERATURE IN F: :PCPN: SNOW: WIND :SUNSHINE: SKY :PK WND
================================================================================
1 2 3 4 5 6A 6B 7 8 9 10 11 12 13 14 15 16 17 18
12Z AVG MX 2MIN
DY MAX MIN AVG DEP HDD CDD WTR SNW DPTH SPD SPD DIR MIN PSBL S-S WX SPD DR
================================================================================
1 82 55 69 M 0 4 0.00 0.0 0 1.9 8 350 M M 3 M M
2 70 54 62 M 3 0 0.00 0.0 0 7.0 12 340 M M 6 21 340
3 70 48 59 M 6 0 0.00 0.0 0 4.6 10 60 M M 0 M M
4 75 46 61 M 4 0 0.00 0.0 0 1.2 7 330 M M 1 M M
5 75 50 63 M 2 0 0.00 0.0 0 3.9 12 190 M M 4 17 190
6 79 61 70 M 0 5 0.00 0.0 0 6.2 14 160 M M 6 18 160
7 82 63 73 M 0 8 0.00 0.0 0 8.2 15 170 M M 4 22 170
8 84 70 77 M 0 12 M 0.0 0 8.6 14 180 M M 5 3 18 180
9 84 68 76 M 0 11 M 0.0 0 7.3 18 200 M M 2 3 24 200
10 75 55 65 M 0 0 M 0.0 0 5.4 16 330 M M 2 3 28 330
11 81 48 65 M 0 0 0.00 0.0 0 2.4 7 190 M M 0 M M
12 79 55 67 M 0 2 0.00 0.0 0 5.9 15 120 M M 1 3 23 120
13 84 66 75 M 0 10 0.00 0.0 0 6.9 14 190 M M 1 17 160
14 84 66 75 M 0 10 M M 0 5.6 13 180 M M 4 3 18 150
15 75 59 67 M 0 2 0.00 0.0 0 5.2 13 330 M M 0 17 330
16 82 59 71 M 0 6 M 0.0 0 3.4 9 300 M M 1 M M
17 75 57 66 M 0 1 0.00 0.0 0 6.6 17 330 M M 3 27 330
18 77 52 65 M 0 0 0.00 0.0 0 1.3 7 340 M M 0 M M
19 81 52 67 M 0 2 0.00 0.0 0 5.8 13 220 M M 0 16 190
20 82 59 71 M 0 6 0.00 0.0 0 7.3 13 220 M M 0 17 200
21 84 64 74 M 0 9 M 0.0 0 7.4 14 210 M M 1 3 17 180
22 82 64 73 M 0 8 M 0.0 0 4.7 12 230 M M 5 13 18 210
23 88 64 76 M 0 11 0.00 0.0 0 2.4 9 280 M M 4 12 18 280
24 91 66 79 M 0 14 0.00 0.0 0 5.7 16 210 M M 0 21 340
25 90 66 78 M 0 13 0.00 0.0 0 5.2 13 190 M M 0 M M
26 90 70 80 M 0 15 0.00 0.0 0 8.7 20 220 M M 0 24 220
27 90 68 79 M 0 14 0.00 0.0 0 4.1 7 250 M M 2 M M
28 84 64 74 M 0 9 M 0.0 0 10.2 21 280 M M 3 3 30 290
29 75 55 65 M 0 0 0.00 0.0 0 7.9 14 330 M M 1 18 330
30 75 52 64 M 1 0 0.00 0.0 0 4.3 13 170 M M 1 3 17 170
31 72 52 62 M 3 0 M 0.0 0 7.2 20 330 M M 3 3 25 340
================================================================================
SM 2497 1828 19 172 0.00 0.0 172.5 M 63
================================================================================
AV 80.6 59.0 5.6 FASTST M M 2 MAX(MPH)
MISC ----> # 21 280 # 30 290
================================================================================
NOTES:
# LAST OF SEVERAL OCCURRENCES
COLUMN 17 PEAK WIND IN M.P.H.
PRELIMINARY LOCAL CLIMATOLOGICAL DATA (WS FORM: F-6) , PAGE 2
STATION: AUSTIN MUNI MN
MONTH: AUGUST
YEAR: 2020
LATITUDE: 43 40 N
LONGITUDE: 92 56 W
[TEMPERATURE DATA] [PRECIPITATION DATA] SYMBOLS USED IN COLUMN 16
AVERAGE MONTHLY: 69.8 TOTAL FOR MONTH: 0.00 1 = FOG OR MIST
DPTR FM NORMAL: M DPTR FM NORMAL: M 2 = FOG REDUCING VISIBILITY
HIGHEST: 91 ON 24 GRTST 24HR 0.00 ON 30-30 TO 1/4 MILE OR LESS
LOWEST: 46 ON 4 3 = THUNDER
SNOW, ICE PELLETS, HAIL 4 = ICE PELLETS
TOTAL MONTH: 0.0 INCH 5 = HAIL
GRTST 24HR 0.0 6 = FREEZING RAIN OR DRIZZLE
GRTST DEPTH: 0 7 = DUSTSTORM OR SANDSTORM:
VSBY 1/2 MILE OR LESS
8 = SMOKE OR HAZE
[NO. OF DAYS WITH] [WEATHER - DAYS WITH] 9 = BLOWING SNOW
X = TORNADO
MAX 32 OR BELOW: 0 0.01 INCH OR MORE: 0
MAX 90 OR ABOVE: 4 0.10 INCH OR MORE: 0
MIN 32 OR BELOW: 0 0.50 INCH OR MORE: 0
MIN 0 OR BELOW: 0 1.00 INCH OR MORE: 0
[HDD (BASE 65) ]
TOTAL THIS MO. 19 CLEAR (SCALE 0-3) 22
DPTR FM NORMAL M PTCLDY (SCALE 4-7) 9
TOTAL FM JUL 1 20 CLOUDY (SCALE 8-10) 0
DPTR FM NORMAL M
[CDD (BASE 65) ]
TOTAL THIS MO. 172
DPTR FM NORMAL M [PRESSURE DATA]
TOTAL FM JAN 1 670 HIGHEST SLP M ON M
DPTR FM NORMAL M LOWEST SLP M ON M
[REMARKS]
#FINAL-08-20#