000
CXUS54 KEWX 011010
CF6AUS
PRELIMINARY LOCAL CLIMATOLOGICAL DATA (WS FORM: F-6)
STATION: AUSTIN BERGSTROM
MONTH: JULY
YEAR: 2021
LATITUDE: 30 13 N
LONGITUDE: 97 40 W
TEMPERATURE IN F: :PCPN: SNOW: WIND :SUNSHINE: SKY :PK WND
================================================================================
1 2 3 4 5 6A 6B 7 8 9 10 11 12 13 14 15 16 17 18
12Z AVG MX 2MIN
DY MAX MIN AVG DEP HDD CDD WTR SNW DPTH SPD SPD DIR MIN PSBL S-S WX SPD DR
================================================================================
1 92 70 81 -3 0 16 0.00 0.0 0 3.8 12 110 M M 4 16 150
2 94 72 83 -1 0 18 0.00 0.0 0 4.7 17 20 M M 6 23 40
3 89 72 81 -3 0 16 0.47 0.0 0 6.0 22 260 M M 7 13 28 260
4 83 72 78 -6 0 13 0.55 0.0 0 4.4 14 130 M M 8 13 17 110
5 84 71 78 -6 0 13 0.01 0.0 0 3.6 16 190 M M 7 1 21 190
6 88 72 80 -4 0 15 T 0.0 0 8.0 17 150 M M 8 3 26 110
7 85 69 77 -7 0 12 T 0.0 0 6.4 16 140 M M 6 1 22 150
8 88 70 79 -5 0 14 0.05 0.0 M 8.6 18 100 M M 7 27 100
9 79 74 77 -7 0 12 0.17 0.0 M 8.6 17 130 M M 10 1 24 130
10 91 73 82 -2 0 17 0.03 0.0 0 8.5 21 140 M M 7 1 28 150
11 90 75 83 -1 0 18 0.00 0.0 0 6.5 18 180 M M 8 25 170
12 87 68 78 -6 0 13 0.00 0.0 0 7.8 22 30 M M 7 30 20
13 90 66 78 -6 0 13 0.08 0.0 M 2.6 36 180 M M 6 3 51 190
14 90 67 79 -5 0 14 0.01 0.0 M 5.2 30 140 M M 6 39 140
15 91 70 81 -3 0 16 T 0.0 0 8.3 16 180 M M 5 1 23 200
16 91 71 81 -3 0 16 0.00 0.0 0 10.7 21 180 M M 5 28 170
17 93 75 84 -1 0 19 0.00 0.0 0 8.9 17 180 M M 5 26 170
18 93 69 81 -4 0 16 0.00 0.0 0 6.1 13 180 M M 5 1 19 190
19 93 71 82 -3 0 17 1.39 0.0 0 5.4 37 340 M M 6 138 49 340
20 89 71 80 -5 0 15 0.00 0.0 0 6.7 15 20 M M 5 22 70
21 89 70 80 -5 0 15 T 0.0 0 5.3 32 50 M M 7 44 50
22 91 68 80 -5 0 15 0.04 0.0 0 5.2 25 180 M M 5 3 35 220
23 92 71 82 -3 0 17 T 0.0 0 10.3 22 170 M M 6 1 32 170
24 93 74 84 -1 0 19 0.00 0.0 0 10.6 18 190 M M 4 25 200
25 94 72 83 -2 0 18 0.00 0.0 0 8.2 15 180 M M 2 20 210
26 95 71 83 -2 0 18 0.00 0.0 0 5.4 14 160 M M 2 18 220
27 94 70 82 -3 0 17 0.00 0.0 0 4.9 10 230 M M 5 15 230
28 94 73 84 -2 0 19 0.02 0.0 0 3.7 13 140 M M 5 16 90
29 94 71 83 -3 0 18 0.00 0.0 0 3.1 18 180 M M 4 3 23 180
30 95 70 83 -3 0 18 0.00 0.0 0 4.6 12 180 M M 3 18 130
31 95 73 84 -2 0 19 0.00 0.0 0 5.6 13 190 M M 5 3 18 150
================================================================================
SM 2806 2201 0 496 2.82 0.0 197.7 M 176
================================================================================
AV 90.5 71.0 6.4 FASTST M M 6 MAX(MPH)
MISC ----> 37 340 51 190
================================================================================
NOTES:
# LAST OF SEVERAL OCCURRENCES
COLUMN 17 PEAK WIND IN M.P.H.
PRELIMINARY LOCAL CLIMATOLOGICAL DATA (WS FORM: F-6) , PAGE 2
STATION: AUSTIN BERGSTROM
MONTH: JULY
YEAR: 2021
LATITUDE: 30 13 N
LONGITUDE: 97 40 W
[TEMPERATURE DATA] [PRECIPITATION DATA] SYMBOLS USED IN COLUMN 16
AVERAGE MONTHLY: 80.8 TOTAL FOR MONTH: 2.82 1 = FOG OR MIST
DPTR FM NORMAL: -3.7 DPTR FM NORMAL: 0.66 2 = FOG REDUCING VISIBILITY
HIGHEST: 95 ON 31,30 GRTST 24HR 1.39 ON 19-19 TO 1/4 MILE OR LESS
LOWEST: 66 ON 13 3 = THUNDER
SNOW, ICE PELLETS, HAIL 4 = ICE PELLETS
TOTAL MONTH: 0.0 INCH 5 = HAIL
GRTST 24HR 0.0 6 = FREEZING RAIN OR DRIZZLE
GRTST DEPTH: 0 7 = DUSTSTORM OR SANDSTORM:
VSBY 1/2 MILE OR LESS
8 = SMOKE OR HAZE
[NO. OF DAYS WITH] [WEATHER - DAYS WITH] 9 = BLOWING SNOW
X = TORNADO
MAX 32 OR BELOW: 0 0.01 INCH OR MORE: 11
MAX 90 OR ABOVE: 21 0.10 INCH OR MORE: 4
MIN 32 OR BELOW: 0 0.50 INCH OR MORE: 2
MIN 0 OR BELOW: 0 1.00 INCH OR MORE: 1
[HDD (BASE 65) ]
TOTAL THIS MO. 0 CLEAR (SCALE 0-3) 2
DPTR FM NORMAL 0 PTCLDY (SCALE 4-7) 27
TOTAL FM JUL 1 0 CLOUDY (SCALE 8-10) 2
DPTR FM NORMAL 0
[CDD (BASE 65) ]
TOTAL THIS MO. 496
DPTR FM NORMAL -110 [PRESSURE DATA]
TOTAL FM JAN 1 1397 HIGHEST SLP 30.18 ON 14
DPTR FM NORMAL -305 LOWEST SLP 29.82 ON 6
[REMARKS]
#FINAL-07-21#