000
CXUS53 KGRR 010910
CF6AZO
PRELIMINARY LOCAL CLIMATOLOGICAL DATA (WS FORM: F-6)
STATION: KALAMAZOO
MONTH: MARCH
YEAR: 2021
LATITUDE: 42 13 N
LONGITUDE: 85 33 W
TEMPERATURE IN F: :PCPN: SNOW: WIND :SUNSHINE: SKY :PK WND
================================================================================
1 2 3 4 5 6A 6B 7 8 9 10 11 12 13 14 15 16 17 18
12Z AVG MX 2MIN
DY MAX MIN AVG DEP HDD CDD WTR SNW DPTH SPD SPD DIR MIN PSBL S-S WX SPD DR
================================================================================
1 37 18 28 -3 37 0 T M M 14.7 24 300 M M 5 8 37 290
2 40 16 28 -3 37 0 0.00 M M 9.5 20 210 M M 0 27 220
3 54 31 43 12 22 0 0.00 M M 10.5 22 320 M M 0 28 320
4 39 24 32 0 33 0 0.00 M M 8.9 17 350 M M 2 25 360
5 46 20 33 1 32 0 0.00 M M 9.0 20 320 M M 0 26 310
6 44 22 33 1 32 0 0.00 M M 9.3 21 300 M M 0 28 340
7 46 18 32 -1 33 0 0.00 M M 4.3 10 180 M M 0 13 170
8 66 33 50 17 15 0 0.00 M M 9.9 20 230 M M 1 29 250
9 67 31 49 15 16 0 0.00 M M 5.8 21 190 M M 0 18 26 190
10 69 50 60 26 5 0 0.00 M M 15.9 29 190 M M 5 42 220
11 64 42 53 19 12 0 0.07 M M 14.8 28 230 M M 5 39 200
12 52 28 40 5 25 0 0.00 M M 10.5 24 320 M M 0 33 310
13 55 20 38 3 27 0 0.00 M M 5.2 15 300 M M 0 22 290
14 52 34 43 7 22 0 0.00 M M 8.8 17 10 M M 0 27 10
15 38 26 32 -4 33 0 T M M 11.2 26 100 M M 4 40 90
16 42 31 37 1 28 0 0.00 M M 3.4 9 330 M M 10 18 14 90
17 62 27 45 8 20 0 T M M 5.2 17 20 M M 1 18 28 60
18 46 33 40 3 25 0 0.02 M M 14.3 25 50 M M 2 45 60
19 52 28 40 2 25 0 0.00 M M 6.3 16 30 M M 0 28 30
20 59 21 40 2 25 0 0.00 M M 3.6 10 190 M M 0 16 140
21 66 28 47 9 18 0 0.00 M M 6.9 18 180 M M 0 25 190
22 68 39 54 15 11 0 0.00 M M 8.4 22 190 M M 2 33 190
23 74 45 60 21 5 0 0.03 M M 4.6 17 170 M M 7 29 140
24 69 54 62 22 3 0 0.04 M M 14.1 29 220 M M 8 41 230
25 57 45 51 11 14 0 0.59 M M 7.6 20 20 M M 7 1 33 20
26 48 38 43 2 22 0 1.17 M M 9.2 22 10 M M 10 1 35 20
27 62 37 50 9 15 0 0.10 M M 6.9 18 180 M M 9 18 26 170
28 53 31 42 0 23 0 0.04 M M 14.3 28 310 M M 8 18 40 300
29 55 25 40 -2 25 0 0.00 M M 10.8 24 180 M M 0 32 190
30 71 45 58 16 7 0 0.10 M M 15.2 28 190 M M 3 37 220
31 46 29 38 -5 27 0 T M M 12.6 22 300 M M 6 31 290
================================================================================
SM 1699 969 674 0 2.16 M 291.7 M 95
================================================================================
AV 54.8 31.3 9.4 FASTST M M 3 MAX(MPH)
MISC ----> # 29 190 45 60
================================================================================
NOTES:
# LAST OF SEVERAL OCCURRENCES
COLUMN 17 PEAK WIND IN M.P.H.
PRELIMINARY LOCAL CLIMATOLOGICAL DATA (WS FORM: F-6) , PAGE 2
STATION: KALAMAZOO
MONTH: MARCH
YEAR: 2021
LATITUDE: 42 13 N
LONGITUDE: 85 33 W
[TEMPERATURE DATA] [PRECIPITATION DATA] SYMBOLS USED IN COLUMN 16
AVERAGE MONTHLY: 43.0 TOTAL FOR MONTH: 2.16 1 = FOG OR MIST
DPTR FM NORMAL: 6.5 DPTR FM NORMAL: -0.09 2 = FOG REDUCING VISIBILITY
HIGHEST: 74 ON 23 GRTST 24HR 1.81 ON 25-26 TO 1/4 MILE OR LESS
LOWEST: 16 ON 2 3 = THUNDER
SNOW, ICE PELLETS, HAIL 4 = ICE PELLETS
TOTAL MONTH: M 5 = HAIL
GRTST 24HR M ON M 6 = FREEZING RAIN OR DRIZZLE
GRTST DEPTH: M ON M 7 = DUSTSTORM OR SANDSTORM:
VSBY 1/2 MILE OR LESS
8 = SMOKE OR HAZE
[NO. OF DAYS WITH] [WEATHER - DAYS WITH] 9 = BLOWING SNOW
X = TORNADO
MAX 32 OR BELOW: 0 0.01 INCH OR MORE: 9
MAX 90 OR ABOVE: 0 0.10 INCH OR MORE: 4
MIN 32 OR BELOW: 19 0.50 INCH OR MORE: 2
MIN 0 OR BELOW: 0 1.00 INCH OR MORE: 1
[HDD (BASE 65) ]
TOTAL THIS MO. 674 CLEAR (SCALE 0-3) 19
DPTR FM NORMAL -210 PTCLDY (SCALE 4-7) 7
TOTAL FM JUL 1 5174 CLOUDY (SCALE 8-10) 5
DPTR FM NORMAL -483
[CDD (BASE 65) ]
TOTAL THIS MO. 0
DPTR FM NORMAL 0 [PRESSURE DATA]
TOTAL FM JAN 1 0 HIGHEST SLP 30.62 ON 20
DPTR FM NORMAL 0 LOWEST SLP 29.49 ON 26
[REMARKS]
#FINAL-03-21#