000
CXUS55 KLBF 011200
CF6BBW
PRELIMINARY LOCAL CLIMATOLOGICAL DATA (WS FORM: F-6)
STATION: BROKEN BOW
MONTH: SEPTEMBER
YEAR: 2020
LATITUDE: 41 26 N
LONGITUDE: 99 39 W
TEMPERATURE IN F: :PCPN: SNOW: WIND :SUNSHINE: SKY :PK WND
================================================================================
1 2 3 4 5 6A 6B 7 8 9 10 11 12 13 14 15 16 17 18
12Z AVG MX 2MIN
DY MAX MIN AVG DEP HDD CDD WTR SNW DPTH SPD SPD DIR MIN PSBL S-S WX SPD DR
================================================================================
1 83 52 68 0 0 3 T M M 4.7 13 250 M M 3 19 210
2 88 44 66 -2 0 1 0.00 M M 5.3 15 180 M M 0 21 160
3 78 48 63 -5 2 0 0.00 M M 9.5 25 350 M M 0 36 340
4 89 48 69 2 0 4 0.00 M M 5.5 15 220 M M 0 23 220
5 97 53 75 8 0 10 0.00 M M 8.0 23 180 M M 0 32 180
6 94 61 78 12 0 13 0.00 M M 8.9 17 40 M M 0 26 350
7 73 47 60 -6 5 0 0.00 M M 12.5 28 20 M M 4 44 20
8 47 39 43 -23 22 0 0.63 M M 15.3 26 20 M M 10 13 39 30
9 47 38 43 -22 22 0 0.14 M M 6.8 16 350 M M 10 24 360
10 61 45 53 -12 12 0 0.00 M M 4.0 10 110 M M 8 16 40
11 61 50 56 -8 9 0 0.10 M M 5.7 17 170 M M 9 13 24 180
12 74 48 61 -3 4 0 0.00 M M 7.2 16 280 M M 3 25 310
13 87 41 64 0 1 0 0.00 M M 2.2 10 170 M M 0 1 17 230
14 85 47 66 3 0 1 0.00 M M 7.2 21 170 M M 0 1 26 160
15 85 52 69 6 0 4 0.00 M M 8.9 20 190 M M 0 28 190
16 71 44 58 -4 7 0 0.00 M M 8.7 21 350 M M 0 29 10
17 77 39 58 -4 7 0 0.00 M M 4.8 18 180 M M 0 1 25 200
18 73 49 61 0 4 0 0.00 M M 9.3 22 140 M M 2 31 140
19 80 55 68 7 0 3 0.00 M M 16.1 28 160 M M 0 38 150
20 85 59 72 12 0 7 0.00 M M 12.6 22 160 M M 0 29 160
21 84 55 70 10 0 5 0.04 M M 9.0 24 170 M M 0 3 30 170
22 88 55 72 13 0 7 0.00 M M 8.8 21 170 M M 0 29 170
23 90 51 71 12 0 6 0.00 M M 6.1 18 210 M M 0 23 210
24 87 49 68 10 0 3 0.00 M M 3.9 14 330 M M 0 17 330
25 83 50 67 9 0 2 0.00 M M 6.9 21 340 M M 0 29 340
26 89 50 70 12 0 5 0.00 M M 6.5 23 360 M M 0 32 350
27 68 50 59 2 6 0 T M M 12.9 29 310 M M 5 42 310
28 66 37 52 -5 13 0 0.00 M M 14.8 32 330 M M 2 44 330
29 84 33 59 3 6 0 0.00 M M 5.3 23 320 M M 0 33 330
30 67 49 58 2 7 0 0.00 M M 13.9 31 340 M M 1 42 340
================================================================================
SM 2341 1438 127 74 0.91 M 251.3 M 57
================================================================================
AV 78.0 47.9 8.4 FASTST M M 2 MAX(MPH)
MISC ----> # 32 330 # 44 20
================================================================================
NOTES:
# LAST OF SEVERAL OCCURRENCES
COLUMN 17 PEAK WIND IN M.P.H.
PRELIMINARY LOCAL CLIMATOLOGICAL DATA (WS FORM: F-6) , PAGE 2
STATION: BROKEN BOW
MONTH: SEPTEMBER
YEAR: 2020
LATITUDE: 41 26 N
LONGITUDE: 99 39 W
[TEMPERATURE DATA] [PRECIPITATION DATA] SYMBOLS USED IN COLUMN 16
AVERAGE MONTHLY: 63.0 TOTAL FOR MONTH: 0.91 1 = FOG OR MIST
DPTR FM NORMAL: 0.8 DPTR FM NORMAL: -1.34 2 = FOG REDUCING VISIBILITY
HIGHEST: 97 ON 5 GRTST 24HR 0.63 ON 8- 8 TO 1/4 MILE OR LESS
LOWEST: 33 ON 29 3 = THUNDER
SNOW, ICE PELLETS, HAIL 4 = ICE PELLETS
TOTAL MONTH: M 5 = HAIL
GRTST 24HR M ON M 6 = FREEZING RAIN OR DRIZZLE
GRTST DEPTH: M ON M 7 = DUSTSTORM OR SANDSTORM:
VSBY 1/2 MILE OR LESS
8 = SMOKE OR HAZE
[NO. OF DAYS WITH] [WEATHER - DAYS WITH] 9 = BLOWING SNOW
X = TORNADO
MAX 32 OR BELOW: 0 0.01 INCH OR MORE: 4
MAX 90 OR ABOVE: 3 0.10 INCH OR MORE: 3
MIN 32 OR BELOW: 0 0.50 INCH OR MORE: 1
MIN 0 OR BELOW: 0 1.00 INCH OR MORE: 0
[HDD (BASE 65) ]
TOTAL THIS MO. 127 CLEAR (SCALE 0-3) 23
DPTR FM NORMAL -23 PTCLDY (SCALE 4-7) 4
TOTAL FM JUL 1 130 CLOUDY (SCALE 8-10) 3
DPTR FM NORMAL -38
[CDD (BASE 65) ]
TOTAL THIS MO. 74
DPTR FM NORMAL 8 [PRESSURE DATA]
TOTAL FM JAN 1 978 HIGHEST SLP 30.47 ON 9
DPTR FM NORMAL 216 LOWEST SLP 29.57 ON 26
[REMARKS]
#FINAL-09-20#