000
CXUS51 KOKX 011220
CLSBDR
CLIMATE REPORT
NATIONAL WEATHER SERVICE NEW YORK, NY
818 AM EDT WED JUN 01 2022
...................................
...THE BRIDGEPORT CT CLIMATE SUMMARY FOR THE SEASON, FROM
3/1/2022 TO 5/31/2022...
CLIMATE NORMAL PERIOD 1991 TO 2020
CLIMATE RECORD PERIOD 1948 TO 2022
WEATHER OBSERVED NORMAL DEPART LAST YEAR`S
VALUE DATE(S) VALUE FROM VALUE
NORMAL
..............................................................
TEMPERATURE (F)
RECORD
HIGH 97 05/20/1996
LOW 4 03/19/1967
HIGHEST 93 05/31 MM MM
LOWEST 18 03/04 MM MM
AVG. MAXIMUM 58.7 58.0 0.7
AVG. MINIMUM 42.6 41.9 0.7
MEAN 50.6 50.0 0.6
DAYS MAX >= 90 1 0.2 0.8
DAYS MAX <= 32 1 1.1 -0.1
DAYS MIN <= 32 13 18.0 -5.0
DAYS MIN <= 0 0 0.0 0.0
PRECIPITATION (INCHES)
RECORD
MAXIMUM 24.70 1983
MINIMUM 4.38 1986
TOTALS 7.85 11.83 -3.98 10.66
DAILY AVG. 0.08 0.13 -0.05
DAYS >= .01 37 34.8 2.2
DAYS >= .10 19 21.5 -2.5
DAYS >= .50 2 7.5 -5.5
DAYS >= 1.00 0 2.7 -2.7
GREATEST
24 HR. TOTAL 0.89 03/24 TO 03/24
STORM TOTAL 0.89
(MM/DD(HH))
SNOWFALL (INCHES)
RECORDS
TOTAL 22.0 1996
24 HR TOTAL 11.1 03/22/1967 TO 03/22/1967
TOTALS 2.0 7.9 -5.9
LIQUID EQUIV 0.20 0.70 -0.50
SINCE 7/1 27.7 33.6 -5.9
LIQUID 7/1 2.77
DAYS >= TRACE 5 2.9 2.1
DAYS >= 1.0 1 2.2 -1.2
GREATEST
SNOW DEPTH 1 03/10
24 HR TOTAL MM
STORM TOTAL 1.4
(MM/DD(HH))
DEGREE DAYS
HEATING TOTAL 1339 1413 -74
SINCE 7/1 4852 5116 -264
COOLING TOTAL 43 30 13
SINCE 1/1 43 30 13
..............................................................
WIND (MPH)
AVERAGE WIND SPEED 9.4
HIGHEST WIND SPEED/DIRECTION 41/070 DATE 04/19
HIGHEST GUST SPEED/DIRECTION 56/300 DATE 03/12
SKY COVER
POSSIBLE SUNSHINE (PERCENT) MM
AVERAGE SKY COVER 0.45
NUMBER OF DAYS FAIR 42
NUMBER OF DAYS PC 25
NUMBER OF DAYS CLOUDY 25
AVERAGE RH (PERCENT) 66
WEATHER CONDITIONS. NUMBER OF DAYS WITH
THUNDERSTORM 5 MIXED PRECIP 0
HEAVY RAIN 7 RAIN 20
LIGHT RAIN 50 FREEZING RAIN 0
LT FREEZING RAIN 0 HAIL 0
HEAVY SNOW 0 SNOW 1
LIGHT SNOW 5 SLEET 0
FOG 44 FOG W/VIS <= 1/4 MILE 15
HAZE 5
- INDICATES NEGATIVE NUMBERS.
R INDICATES RECORD WAS SET OR TIED.
MM INDICATES DATA IS MISSING.
T INDICATES TRACE AMOUNT.
$$