000
CXUS53 KIWX 010810
CF6BEH
PRELIMINARY LOCAL CLIMATOLOGICAL DATA (WS FORM: F-6)
STATION: BENTON HARBOR
MONTH: APRIL
YEAR: 2022
LATITUDE: 42 7 N
LONGITUDE: 86 26 W
TEMPERATURE IN F: :PCPN: SNOW: WIND :SUNSHINE: SKY :PK WND
================================================================================
1 2 3 4 5 6A 6B 7 8 9 10 11 12 13 14 15 16 17 18
12Z AVG MX 2MIN
DY MAX MIN AVG DEP HDD CDD WTR SNW DPTH SPD SPD DIR MIN PSBL S-S WX SPD DR
================================================================================
1 38 28 33 -9 32 0 0.09 M M 6.1 16 300 M M 7 1 24 290
2 44 27 36 -6 29 0 0.18 M M 6.2 18 140 M M 5 1 24 130
3 45 35 40 -3 25 0 0.00 M M 5.8 10 260 M M 6 1 15 290
4 55 38 47 4 18 0 0.21 M M 9.7 22 260 M M 10 1 31 280
5 58 38 48 4 17 0 0.00 M M 8.3 16 140 M M 4 18 25 100
6 56 44 50 6 15 0 0.73 M M 13.9 24 220 M M 9 1 34 210
7 45 40 43 -1 22 0 0.01 M M 14.4 23 240 M M 10 34 230
8 40 33 37 -8 28 0 0.05 M M 8.7 17 250 M M 10 1 23 270
9 40 31 36 -9 29 0 0.10 M M 4.8 15 300 M M 8 12 25 330
10 62 27 45 0 20 0 0.00 M M 10.3 26 120 M M 0 36 140
11 60 37 49 3 16 0 0.00 M M 9.8 22 140 M M 4 36 150
12 71 32 52 6 13 0 0.00 M M 10.6 23 110 M M 3 1 35 120
13 68 43 56 10 9 0 0.40 M M 12.7 26 240 M M 7 1 45 140
14 51 37 44 -3 21 0 0.08 M M 19.2 33 240 M M 3 1 49 260
15 52 41 47 0 18 0 0.11 M M 15.3 37 240 M M 8 53 230
16 41 32 37 -11 28 0 0.00 M M 6.8 18 290 M M 2 27 280
17 44 28 36 -12 29 0 0.00 M M 5.4 17 120 M M 2 24 130
18 39 32 36 -12 29 0 0.19 M M 9.4 22 290 M M 9 1 39 280
19 43 32 38 -10 27 0 T M M 8.1 13 280 M M 6 27 320
20 53 32 43 -6 22 0 0.09 M M 12.8 25 120 M M 8 35 120
21 63 41 52 3 13 0 0.10 M M 13.6 23 240 M M 5 18 34 220
22 53 37 45 -5 20 0 0.88 M M 14.2 26 100 M M 5 13 35 100
23 84 48 66 16 0 1 0.00 M M 13.7 22 170 M M 0 33 210
24 75 55 65 15 0 0 0.31 M M 14.9 26 230 M M 6 13 40 240
25 57 42 50 -1 15 0 0.00 M M 9.9 21 270 M M 8 29 270
26 42 35 39 -12 26 0 0.00 M M 11.5 21 280 M M 9 27 300
27 38 34 36 -15 29 0 0.00 M M 6.3 13 10 M M 7 23 320
28 51 38 45 -7 20 0 T M M 11.8 20 110 M M 9 26 100
29 65 44 55 3 10 0 T 0.0 0 15.1 23 110 M M 9 30 110
30 66 50 58 6 7 0 0.77 M M 17.5 31 120 M M 8 13 42 110
================================================================================
SM 1599 1111 587 1 4.30 0.0 326.8 M 187
================================================================================
AV 53.3 37.0 10.9 FASTST M M 6 MAX(MPH)
MISC ----> 37 240 53 230
================================================================================
NOTES:
# LAST OF SEVERAL OCCURRENCES
COLUMN 17 PEAK WIND IN M.P.H.
PRELIMINARY LOCAL CLIMATOLOGICAL DATA (WS FORM: F-6) , PAGE 2
STATION: BENTON HARBOR
MONTH: APRIL
YEAR: 2022
LATITUDE: 42 7 N
LONGITUDE: 86 26 W
[TEMPERATURE DATA] [PRECIPITATION DATA] SYMBOLS USED IN COLUMN 16
AVERAGE MONTHLY: 45.2 TOTAL FOR MONTH: 4.30 1 = FOG OR MIST
DPTR FM NORMAL: -2.1 DPTR FM NORMAL: 1.05 2 = FOG REDUCING VISIBILITY
HIGHEST: 84 ON 23 GRTST 24HR 0.88 ON 22-22 TO 1/4 MILE OR LESS
LOWEST: 27 ON 10, 2 3 = THUNDER
SNOW, ICE PELLETS, HAIL 4 = ICE PELLETS
TOTAL MONTH: 0.0 INCH 5 = HAIL
GRTST 24HR 0.0 6 = FREEZING RAIN OR DRIZZLE
GRTST DEPTH: 0 7 = DUSTSTORM OR SANDSTORM:
VSBY 1/2 MILE OR LESS
8 = SMOKE OR HAZE
[NO. OF DAYS WITH] [WEATHER - DAYS WITH] 9 = BLOWING SNOW
X = TORNADO
MAX 32 OR BELOW: 0 0.01 INCH OR MORE: 16
MAX 90 OR ABOVE: 0 0.10 INCH OR MORE: 11
MIN 32 OR BELOW: 10 0.50 INCH OR MORE: 3
MIN 0 OR BELOW: 0 1.00 INCH OR MORE: 0
[HDD (BASE 65) ]
TOTAL THIS MO. 587 CLEAR (SCALE 0-3) 6
DPTR FM NORMAL 51 PTCLDY (SCALE 4-7) 15
TOTAL FM JUL 1 5532 CLOUDY (SCALE 8-10) 9
DPTR FM NORMAL -327
[CDD (BASE 65) ]
TOTAL THIS MO. 1
DPTR FM NORMAL -4 [PRESSURE DATA]
TOTAL FM JAN 1 1 HIGHEST SLP 30.47 ON 22
DPTR FM NORMAL -6 LOWEST SLP 29.38 ON 13
[REMARKS]
#FINAL-04-22#