000
CXAK56 PAFC 061023
CF6BET
PRELIMINARY LOCAL CLIMATOLOGICAL DATA (WS FORM: F-6)
STATION: BETHEL
MONTH: JANUARY
YEAR: 2024
LATITUDE: 60 46 N
LONGITUDE: 161 48 W
TEMPERATURE IN F: :PCPN: SNOW: WIND :SUNSHINE: SKY :PK WND
================================================================================
1 2 3 4 5 6A 6B 7 8 9 10 11 12 13 14 15 16 17 18
12Z AVG MX 2MIN
DY MAX MIN AVG DEP HDD CDD WTR SNW DPTH SPD SPD DIR MIN PSBL S-S WX SPD DR
================================================================================
1 30 5 18 12 47 0 T M M 13.7 21 50 M M 8 1 27 40
2 27 17 22 16 43 0 T M M 21.0 30 50 M M 6 1 41 50
3 27 10 19 13 46 0 0.00 M M 24.3 33 40 M M 1 189 44 50
4 20 8 14 8 51 0 0.00 M M 19.5 30 40 M M 5 19 38 40
5 25 6 16 10 49 0 0.01 M M 8.4 17 50 M M 10 12 23 50
6 39 5 22 16 43 0 0.06 M M 16.5 35 110 M M 8 1 45 110
7 35 32 34 28 31 0 T M M 23.0 32 150 M M 7 1 43 130
8 32 14 23 17 42 0 0.04 M M 14.2 25 160 M M 8 12 33 160
9 15 3 9 3 56 0 T M M 7.4 14 40 M M 9 1 18 40
10 38 15 27 21 38 0 0.29 M M 13.9 21 110 M M 10 16 30 120
11 39 36 38 32 27 0 0.01 M M 21.0 35 120 M M 10 52 120
12 39 32 36 30 29 0 0.01 M M 18.0 33 160 M M 9 1 46 160
13 40 32 36 30 29 0 T M M 16.6 32 160 M M 10 1 44 160
14 32 22 27 21 38 0 0.01 M M 20.8 38 240 M M 10 1 53 240
15 34 31 33 27 32 0 0.03 M M 24.1 31 180 M M 7 1 42 180
16 32 20 26 20 39 0 T M M 10.6 24 190 M M 9 1 32 190
17 20 13 17 11 48 0 0.00 M M 12.3 17 20 M M 0 23 20
18 18 10 14 8 51 0 0.00 M M 10.8 17 10 M M 0 22 20
19 16 11 14 7 51 0 0.00 M M 20.1 31 20 M M 0 39 10
20 16 2 9 2 56 0 0.00 M M 30.0 40 20 M M 0 50 20
21 2 -3 0 -7 65 0 0.00 M M 29.9 39 20 M M 0 52 20
22 -3 -7 -5 -13 70 0 0.00 M M 22.4 29 20 M M 0 38 30
23 -4 -9 -6 -14 71 0 0.00 M M 14.9 20 20 M M 0 26 20
24 -3 -10 -6 -14 71 0 0.00 M M 11.1 17 360 M M 0 20 360
25 1 -9 -4 -12 69 0 0.00 M M 15.2 22 10 M M 0 27 20
26 -9 -19 -14 -23 79 0 0.00 M M 14.4 23 10 M M 0 29 10
27 -15 -21 -18 -27 83 0 0.00 M M 8.2 12 360 M M 0 15 330
28 -19 -24 -21 -30 86 0 0.00 M M 10.4 17 10 M M 0 23 10
29 -13 -24 -18 -28 83 0 0.00 M M 8.4 14 300 M M 1 18 23 290
30 -9 -26 -17 -27 82 0 0.00 M M 7.7 15 50 M M 2 18 19 50
31 13 -15 -1 -11 66 0 0.01 M M 10.4 23 230 M M 4 1 30 240
================================================================================
SM 515 157 1671 0 0.47 M 499.2 M 134
================================================================================
AV 16.6 5.1 16.1 FASTST M M 4 MAX(MPH)
MISC ----> 40 20 53 240
================================================================================
NOTES:
# LAST OF SEVERAL OCCURRENCES
COLUMN 17 PEAK WIND IN M.P.H.
PRELIMINARY LOCAL CLIMATOLOGICAL DATA (WS FORM: F-6) , PAGE 2
STATION: BETHEL
MONTH: JANUARY
YEAR: 2024
LATITUDE: 60 46 N
LONGITUDE: 161 48 W
[TEMPERATURE DATA] [PRECIPITATION DATA] SYMBOLS USED IN COLUMN 16
AVERAGE MONTHLY: 10.8 TOTAL FOR MONTH: 0.47 1 = FOG OR MIST
DPTR FM NORMAL: 3.9 DPTR FM NORMAL: -0.30 2 = FOG REDUCING VISIBILITY
HIGHEST: 40 ON 13 GRTST 24HR 1.20 ON 11-11 TO 1/4 MILE OR LESS
LOWEST: -26 ON 30 3 = THUNDER
SNOW, ICE PELLETS, HAIL 4 = ICE PELLETS
TOTAL MONTH: M 5 = HAIL
GRTST 24HR M ON M 6 = FREEZING RAIN OR DRIZZLE
GRTST DEPTH: M ON M 7 = DUSTSTORM OR SANDSTORM:
VSBY 1/2 MILE OR LESS
8 = SMOKE OR HAZE
[NO. OF DAYS WITH] [WEATHER - DAYS WITH] 9 = BLOWING SNOW
X = TORNADO
MAX 32 OR BELOW: 24 0.01 INCH OR MORE: 9
MAX 90 OR ABOVE: 0 0.10 INCH OR MORE: 1
MIN 32 OR BELOW: 30 0.50 INCH OR MORE: 0
MIN 0 OR BELOW: 11 1.00 INCH OR MORE: 0
[HDD (BASE 65) ]
TOTAL THIS MO. 1671 CLEAR (SCALE 0-3) 15
DPTR FM NORMAL -128 PTCLDY (SCALE 4-7) 7
TOTAL FM JUL 1 6913 CLOUDY (SCALE 8-10) 9
DPTR FM NORMAL -186
[CDD (BASE 65) ]
TOTAL THIS MO. 0
DPTR FM NORMAL 0 [PRESSURE DATA]
TOTAL FM JAN 1 0 HIGHEST SLP 30.79 ON 17
DPTR FM NORMAL 0 LOWEST SLP 28.83 ON 7
[REMARKS]
#FINAL-01-24#