000
CXUS54 KAMA 010710
CF6BGD
PRELIMINARY LOCAL CLIMATOLOGICAL DATA (WS FORM: F-6)
STATION: BORGER
MONTH: JULY
YEAR: 2021
LATITUDE: 35 42 N
LONGITUDE: 101 24 W
TEMPERATURE IN F: :PCPN: SNOW: WIND :SUNSHINE: SKY :PK WND
================================================================================
1 2 3 4 5 6A 6B 7 8 9 10 11 12 13 14 15 16 17 18
12Z AVG MX 2MIN
DY MAX MIN AVG DEP HDD CDD WTR SNW DPTH SPD SPD DIR MIN PSBL S-S WX SPD DR
================================================================================
1 93 71 82 0 0 17 0.94 M M 6.8 31 60 M M 8 13 41 60
2 83 70 77 -5 0 12 0.28 M M 6.4 13 120 M M 8 1 20 100
3 88 69 79 -3 0 14 0.00 M M 7.2 20 140 M M 5 1 29 120
4 84 73 79 -3 0 14 0.01 M M 11.8 21 180 M M 4 3 35 170
5 88 72 80 -2 0 15 0.00 M M 8.6 17 140 M M 6 27 140
6 90 71 81 -1 0 16 0.00 M M 6.6 17 360 M M 3 24 150
7 91 71 81 -1 0 16 0.00 M M 3.7 16 80 M M 3 23 90
8 95 69 82 -1 0 17 0.00 M M 5.7 16 170 M M 0 26 170
9 98 75 87 4 0 22 0.00 M M 13.2 23 170 M M 0 29 180
10 95 72 84 1 0 19 0.00 M M 9.4 17 30 M M 0 30 210
11 89 69 79 -4 0 14 0.00 M M 5.6 15 60 M M 3 21 70
12 95 65 80 -3 0 15 0.00 M M 7.9 20 160 M M 2 30 150
13 96 71 84 1 0 19 0.00 M M 11.5 20 180 M M 1 29 160
14 96 71 84 1 0 19 0.08 M M 16.6 26 180 M M 1 3 42 180
15 92 75 84 1 0 19 T M M 7.9 16 220 M M 1 26 220
16 96 68 82 -1 0 17 0.00 M M 8.0 17 180 M M 0 24 180
17 98 74 86 3 0 21 0.00 M M 8.1 21 160 M M 1 31 150
18 96 70 83 0 0 18 0.00 M M 6.9 28 40 M M 2 8 43 40
19 89 65 77 -6 0 12 0.00 M M 4.7 13 70 M M 4 12 20 80
20 88 68 78 -5 0 13 0.00 M M 6.7 16 120 M M 3 24 60
21 90 63 77 -6 0 12 0.00 M M 7.3 16 160 M M 2 24 170
22 94 69 82 -1 0 17 0.00 M M 13.5 21 170 M M 1 31 180
23 97 73 85 2 0 20 0.00 M M 12.9 21 170 M M 0 32 170
24 100 76 88 5 0 23 0.00 M M 9.6 16 160 M M 0 25 180
25 103 75 89 6 0 24 0.15 M M 7.1 23 200 M M 2 3 36 210
26 96 74 85 2 0 20 0.03 M M 8.0 20 280 M M 4 3 29 280
27 101 72 87 4 0 22 0.00 M M 7.3 17 180 M M 1 24 210
28 101 75 88 5 0 23 0.00 M M 8.1 18 140 M M 0 29 180
29 98 74 86 3 0 21 0.00 M M 8.8 16 140 M M 1 23 130
30 99 74 87 4 0 22 0.00 M M 10.0 18 180 M M 0 29 140
31 102 72 87 4 0 22 1.19 M M 9.0 37 250 M M 3 38 60 260
================================================================================
SM 2921 2206 0 555 2.68 M 264.9 M 69
================================================================================
AV 94.2 71.2 8.5 FASTST M M 2 MAX(MPH)
MISC ----> 37 250 60 260
================================================================================
NOTES:
# LAST OF SEVERAL OCCURRENCES
COLUMN 17 PEAK WIND IN M.P.H.
PRELIMINARY LOCAL CLIMATOLOGICAL DATA (WS FORM: F-6) , PAGE 2
STATION: BORGER
MONTH: JULY
YEAR: 2021
LATITUDE: 35 42 N
LONGITUDE: 101 24 W
[TEMPERATURE DATA] [PRECIPITATION DATA] SYMBOLS USED IN COLUMN 16
AVERAGE MONTHLY: 82.7 TOTAL FOR MONTH: 2.68 1 = FOG OR MIST
DPTR FM NORMAL: -0.3 DPTR FM NORMAL: 0.33 2 = FOG REDUCING VISIBILITY
HIGHEST: 103 ON 25 GRTST 24HR 1.19 ON 31-31 TO 1/4 MILE OR LESS
LOWEST: 63 ON 21 3 = THUNDER
SNOW, ICE PELLETS, HAIL 4 = ICE PELLETS
TOTAL MONTH: M 5 = HAIL
GRTST 24HR M ON M 6 = FREEZING RAIN OR DRIZZLE
GRTST DEPTH: M ON M 7 = DUSTSTORM OR SANDSTORM:
VSBY 1/2 MILE OR LESS
8 = SMOKE OR HAZE
[NO. OF DAYS WITH] [WEATHER - DAYS WITH] 9 = BLOWING SNOW
X = TORNADO
MAX 32 OR BELOW: 0 0.01 INCH OR MORE: 7
MAX 90 OR ABOVE: 24 0.10 INCH OR MORE: 4
MIN 32 OR BELOW: 0 0.50 INCH OR MORE: 2
MIN 0 OR BELOW: 0 1.00 INCH OR MORE: 1
[HDD (BASE 65) ]
TOTAL THIS MO. 0 CLEAR (SCALE 0-3) 23
DPTR FM NORMAL 0 PTCLDY (SCALE 4-7) 7
TOTAL FM JUL 1 0 CLOUDY (SCALE 8-10) 1
DPTR FM NORMAL 0
[CDD (BASE 65) ]
TOTAL THIS MO. 555
DPTR FM NORMAL -1 [PRESSURE DATA]
TOTAL FM JAN 1 1301 HIGHEST SLP M ON M
DPTR FM NORMAL 78 LOWEST SLP 29.80 ON 4
[REMARKS]
#FINAL-07-21#