000
CXUS55 KBYZ 011000
CF6BHK
PRELIMINARY LOCAL CLIMATOLOGICAL DATA (WS FORM: F-6)
STATION: BAKER MT
MONTH: OCTOBER
YEAR: 2022
LATITUDE: 46 20 N
LONGITUDE: 104 15 W
TEMPERATURE IN F: :PCPN: SNOW: WIND :SUNSHINE: SKY :PK WND
================================================================================
1 2 3 4 5 6A 6B 7 8 9 10 11 12 13 14 15 16 17 18
12Z AVG MX 2MIN
DY MAX MIN AVG DEP HDD CDD WTR SNW DPTH SPD SPD DIR MIN PSBL S-S WX SPD DR
================================================================================
1 63 50 57 6 8 0 0.48 M M 11.6 24 70 M M 8 1 29 70
2 70 46 58 7 7 0 0.20 M M 8.0 28 270 M M 6 123 34 270
3 62 49 56 6 9 0 0.05 M M 7.0 14 320 M M 9 1 16 320
4 69 47 58 8 7 0 T M M 6.8 16 320 M M 6 20 310
5 76 44 60 11 5 0 0.00 M M 7.7 18 80 M M 0 1 23 310
6 46 28 37 -12 28 0 0.13 M M 9.7 21 90 M M 7 1 25 90
7 58 22 40 -8 25 0 0.00 M M 4.0 10 330 M M 0 13 330
8 67 33 50 2 15 0 0.00 M M 5.0 15 320 M M 0 19 320
9 71 33 52 5 13 0 0.00 M M 2.6 12 280 M M 0 14 260
10 71 35 53 6 12 0 0.00 M M 6.9 15 220 M M 0 19 220
11 60 43 52 6 13 0 T M M 15.5 35 310 M M 3 43 310
12 56 41 49 3 16 0 0.01 M M 22.6 38 320 M M 5 56 310
13 55 34 45 0 20 0 0.00 M M 22.4 43 310 M M 0 56 310
14 60 44 52 7 13 0 T M M 11.4 20 320 M M 3 25 290
15 51 33 42 -2 23 0 0.01 M M 13.0 25 320 M M 7 1 32 320
16 49 23 36 -8 29 0 0.00 M M 5.3 12 320 M M 5 1 15 330
17 64 27 46 3 19 0 0.00 M M 8.7 18 130 M M 2 23 140
18 67 27 47 4 18 0 0.00 M M 8.2 17 130 M M 0 20 130
19 70 29 50 8 15 0 0.00 M M 5.8 18 330 M M 0 23 330
20 75 29 52 10 13 0 0.00 M M 11.9 26 290 M M 0 33 290
21 72 34 53 12 12 0 0.00 M M 8.6 26 320 M M 6 39 320
22 52 42 47 6 18 0 T M M 14.1 24 100 M M 5 1 30 90
23 45 31 38 -2 27 0 0.08 M M 15.3 28 290 M M 9 18 38 300
24 37 26 32 -8 33 0 0.06 M M 19.7 36 300 M M 7 16 44 300
25 49 32 41 1 24 0 0.00 M M 11.2 23 280 M M 2 28 280
26 54 25 40 1 25 0 0.00 M M 5.7 16 160 M M 0 19 170
27 51 23 37 -2 28 0 0.00 M M 9.1 20 270 M M 0 25 270
28 64 31 48 10 17 0 0.00 M M 7.3 17 200 M M 0 20 170
29 58 24 41 3 24 0 0.00 M M 5.2 15 280 M M 0 18 280
30 60 21 41 4 24 0 0.00 M M 6.7 22 260 M M 0 27 250
31 64 33 49 12 16 0 0.00 M M 7.7 24 260 M M 0 30 250
================================================================================
SM 1866 1039 556 0 1.02 M 304.7 M 90
================================================================================
AV 60.2 33.5 9.8 FASTST M M 3 MAX(MPH)
MISC ----> 43 310 # 56 310
================================================================================
NOTES:
# LAST OF SEVERAL OCCURRENCES
COLUMN 17 PEAK WIND IN M.P.H.
PRELIMINARY LOCAL CLIMATOLOGICAL DATA (WS FORM: F-6) , PAGE 2
STATION: BAKER MT
MONTH: OCTOBER
YEAR: 2022
LATITUDE: 46 20 N
LONGITUDE: 104 15 W
[TEMPERATURE DATA] [PRECIPITATION DATA] SYMBOLS USED IN COLUMN 16
AVERAGE MONTHLY: 46.9 TOTAL FOR MONTH: 1.02 1 = FOG OR MIST
DPTR FM NORMAL: 3.1 DPTR FM NORMAL: -0.08 2 = FOG REDUCING VISIBILITY
HIGHEST: 76 ON 5 GRTST 24HR 0.48 ON 1- 1 TO 1/4 MILE OR LESS
LOWEST: 21 ON 30 3 = THUNDER
SNOW, ICE PELLETS, HAIL 4 = ICE PELLETS
TOTAL MONTH: M 5 = HAIL
GRTST 24HR M ON M 6 = FREEZING RAIN OR DRIZZLE
GRTST DEPTH: M ON M 7 = DUSTSTORM OR SANDSTORM:
VSBY 1/2 MILE OR LESS
8 = SMOKE OR HAZE
[NO. OF DAYS WITH] [WEATHER - DAYS WITH] 9 = BLOWING SNOW
X = TORNADO
MAX 32 OR BELOW: 0 0.01 INCH OR MORE: 8
MAX 90 OR ABOVE: 0 0.10 INCH OR MORE: 3
MIN 32 OR BELOW: 15 0.50 INCH OR MORE: 0
MIN 0 OR BELOW: 0 1.00 INCH OR MORE: 0
[HDD (BASE 65) ]
TOTAL THIS MO. 556 CLEAR (SCALE 0-3) 18
DPTR FM NORMAL -101 PTCLDY (SCALE 4-7) 11
TOTAL FM JUL 1 692 CLOUDY (SCALE 8-10) 2
DPTR FM NORMAL -253
[CDD (BASE 65) ]
TOTAL THIS MO. 0
DPTR FM NORMAL -2 [PRESSURE DATA]
TOTAL FM JAN 1 613 HIGHEST SLP 30.62 ON 6
DPTR FM NORMAL 145 LOWEST SLP 29.37 ON 23
[REMARKS]
#FINAL-10-22#