000
CXUS54 KBMX 011010
CF6BHM
PRELIMINARY LOCAL CLIMATOLOGICAL DATA (WS FORM: F-6)
STATION: BIRMINGHAM
MONTH: AUGUST
YEAR: 2022
LATITUDE: 33 34 N
LONGITUDE: 86 45 W
TEMPERATURE IN F: :PCPN: SNOW: WIND :SUNSHINE: SKY :PK WND
================================================================================
1 2 3 4 5 6A 6B 7 8 9 10 11 12 13 14 15 16 17 18
12Z AVG MX 2MIN
DY MAX MIN AVG DEP HDD CDD WTR SNW DPTH SPD SPD DIR MIN PSBL S-S WX SPD DR
================================================================================
1 88 75 82 0 0 17 T 0.0 0 5.5 13 200 M M 6 17 300
2 91 74 83 1 0 18 0.01 0.0 0 4.2 14 210 M M 8 13 16 210
3 89 73 81 -1 0 16 0.00 0.0 0 3.1 12 200 M M 5 1 15 230
4 90 74 82 0 0 17 0.28 0.0 0 4.7 21 210 M M 5 13 28 210
5 92 73 83 1 0 18 0.00 0.0 0 2.7 13 200 M M 3 16 180
6 92 75 84 2 0 19 0.00 0.0 0 3.8 18 300 M M 5 3 21 300
7 92 73 83 1 0 18 1.37 0.0 0 3.5 25 300 M M 6 138 36 290
8 91 72 82 0 0 17 0.00 0.0 0 3.8 14 200 M M 6 3 16 200
9 90 74 82 0 0 17 0.04 0.0 0 4.0 15 330 M M 7 13 18 330
10 89 74 82 0 0 17 0.12 0.0 0 4.1 16 190 M M 7 3 21 210
11 87 73 80 -2 0 15 0.23 0.0 0 4.3 14 60 M M 7 13 17 230
12 89 75 82 1 0 17 0.00 0.0 0 5.0 12 350 M M 6 1 15 30
13 89 67 78 -3 0 13 0.00 0.0 0 2.4 10 10 M M 3 14 30
14 91 69 80 -1 0 15 0.00 0.0 0 3.3 10 200 M M 2 15 190
15 93 72 83 2 0 18 0.11 0.0 0 4.7 30 270 M M 5 3 37 280
16 86 69 78 -3 0 13 0.00 0.0 0 3.5 14 10 M M 5 12 16 350
17 78 69 74 -7 0 9 0.04 0.0 0 3.4 13 280 M M 8 1 16 280
18 85 69 77 -4 0 12 0.00 0.0 0 2.2 10 310 M M 7 14 310
19 85 72 79 -2 0 14 T 0.0 0 5.6 15 190 M M 7 3 17 230
20 87 72 80 -1 0 15 0.15 0.0 0 5.9 22 180 M M 8 3 29 180
21 85 72 79 -2 0 14 0.01 0.0 0 6.3 14 240 M M 9 16 230
22 77 72 75 -6 0 10 0.16 0.0 0 4.0 10 240 M M 9 1 12 200
23 82 71 77 -3 0 12 0.09 0.0 0 4.4 13 250 M M 10 1 17 160
24 78 71 75 -5 0 10 T 0.0 0 1.7 8 120 M M 8 12 140
25 84 72 78 -2 0 13 0.40 0.0 0 3.6 14 180 M M 7 138 21 100
26 90 73 82 2 0 17 0.00 0.0 0 2.9 9 330 M M 6 M M
27 92 71 82 2 0 17 0.00 0.0 0 2.8 13 190 M M 4 M 200
28 91 71 81 1 0 16 0.00 0.0 0 3.6 9 120 M M 2 M M
29 92 73 83 3 0 18 0.00 0.0 0 3.1 9 130 M M 2 13 150
30 87 72 80 0 0 15 0.03 0.0 0 2.2 24 310 M M 6 3 34 310
31 89 68 79 0 0 14 0.00 0.0 0 4.9 10 60 M M 4 12 17 50
================================================================================
SM 2721 2230 0 471 3.04 0.0 119.2 M 183
================================================================================
AV 87.8 71.9 3.8 FASTST M M 6 MAX(MPH)
MISC ----> 30 270 37 280
================================================================================
NOTES:
# LAST OF SEVERAL OCCURRENCES
COLUMN 17 PEAK WIND IN M.P.H.
PRELIMINARY LOCAL CLIMATOLOGICAL DATA (WS FORM: F-6) , PAGE 2
STATION: BIRMINGHAM
MONTH: AUGUST
YEAR: 2022
LATITUDE: 33 34 N
LONGITUDE: 86 45 W
[TEMPERATURE DATA] [PRECIPITATION DATA] SYMBOLS USED IN COLUMN 16
AVERAGE MONTHLY: 79.9 TOTAL FOR MONTH: 3.04 1 = FOG OR MIST
DPTR FM NORMAL: -1.0 DPTR FM NORMAL: -1.31 2 = FOG REDUCING VISIBILITY
HIGHEST: 93 ON 15 GRTST 24HR 1.37 ON 7- 7 TO 1/4 MILE OR LESS
LOWEST: 67 ON 13 3 = THUNDER
SNOW, ICE PELLETS, HAIL 4 = ICE PELLETS
TOTAL MONTH: 0.0 INCH 5 = HAIL
GRTST 24HR 0.0 6 = FREEZING RAIN OR DRIZZLE
GRTST DEPTH: 0 7 = DUSTSTORM OR SANDSTORM:
VSBY 1/2 MILE OR LESS
8 = SMOKE OR HAZE
[NO. OF DAYS WITH] [WEATHER - DAYS WITH] 9 = BLOWING SNOW
X = TORNADO
MAX 32 OR BELOW: 0 0.01 INCH OR MORE: 14
MAX 90 OR ABOVE: 13 0.10 INCH OR MORE: 8
MIN 32 OR BELOW: 0 0.50 INCH OR MORE: 1
MIN 0 OR BELOW: 0 1.00 INCH OR MORE: 1
[HDD (BASE 65) ]
TOTAL THIS MO. 0 CLEAR (SCALE 0-3) 4
DPTR FM NORMAL 0 PTCLDY (SCALE 4-7) 23
TOTAL FM JUL 1 0 CLOUDY (SCALE 8-10) 4
DPTR FM NORMAL 0
[CDD (BASE 65) ]
TOTAL THIS MO. 471
DPTR FM NORMAL -23 [PRESSURE DATA]
TOTAL FM JAN 1 1973 HIGHEST SLP M ON M
DPTR FM NORMAL 241 LOWEST SLP 29.85 ON 15
[REMARKS]
#FINAL-08-22#