000
CXUS55 KVEF 081835
CF6BIH
PRELIMINARY LOCAL CLIMATOLOGICAL DATA (WS FORM: F-6)
STATION: BISHOP CA
MONTH: JUNE
YEAR: 2022
LATITUDE: 37 22 N
LONGITUDE: 118 22 W
TEMPERATURE IN F: :PCPN: SNOW: WIND :SUNSHINE: SKY :PK WND
================================================================================
1 2 3 4 5 6A 6B 7 8 9 10 11 12 13 14 15 16 17 18
12Z AVG MX 2MIN
DY MAX MIN AVG DEP HDD CDD WTR SNW DPTH SPD SPD DIR MIN PSBL S-S WX SPD DR
================================================================================
1 88 39 64 -4 1 0 0.00 0.0 0 6.8 17 150 M M 0 23 150
2 91 46 69 0 0 4 0.00 0.0 0 7.6 31 20 M M 1 38 10
3 93 57 75 6 0 10 0.00 0.0 0 8.4 23 10 M M 0 28 10
4 89 60 75 6 0 10 0.00 0.0 0 8.9 21 360 M M 2 27 10
5 94 56 75 5 0 10 0.00 0.0 0 7.9 21 360 M M 2 26 10
6 96 47 72 2 0 7 0.00 0.0 0 5.2 12 340 M M 0 15 330
7 98 60 79 9 0 14 0.00 0.0 0 5.7 14 340 M M 0 20 320
8 100 50 75 5 0 10 0.00 0.0 0 7.0 18 150 M M 0 25 170
9 100 54 77 6 0 12 0.00 0.0 0 9.1 22 150 M M 0 29 150
10 103 58 81 10 0 16 0.00 0.0 0 6.3 18 350 M M 0 26 10
11 104 60 82 11 0 17 0.00 0.0 0 8.0 24 250 M M 0 31 260
12 96 57 77 5 0 12 0.00 0.0 0 9.3 31 250 M M 0 41 270
13 91 59 75 3 0 10 0.00 0.0 0 16.0 29 340 M M 0 38 350
14 88 49 69 -3 0 4 0.00 0.0 0 10.4 23 10 M M 0 31 10
15 96 53 75 3 0 10 0.00 0.0 0 9.3 21 150 M M 0 27 150
16 100 50 75 2 0 10 0.00 0.0 0 8.8 24 140 M M 0 34 140
17 85 49 67 -6 0 2 0.00 0.0 0 12.5 33 250 M M 0 8 44 260
18 80 32 56 -17 9 0 0.00 0.0 0 11.2 31 330 M M 0 41 330
19 80 49 65 -9 0 0 0.00 0.0 0 9.5 20 360 M M 0 24 360
20 87 49 68 -6 0 3 0.00 0.0 0 7.7 18 200 M M 0 24 200
21 92 53 73 -1 0 8 0.00 0.0 0 7.7 17 180 M M 0 21 180
22 81 50 66 -8 0 1 T 0.0 0 11.3 28 150 M M 1 34 140
23 90 47 69 -6 0 4 0.00 0.0 0 7.0 26 270 M M 0 31 270
24 96 52 74 -1 0 9 0.00 0.0 0 5.8 14 250 M M 0 22 70
25 99 56 78 3 0 13 0.00 0.0 0 8.7 36 340 M M 0 45 340
26 101 55 78 3 0 13 0.00 0.0 0 7.2 17 150 M M 0 26 160
27 103 54 79 3 0 14 0.00 0.0 0 6.6 20 160 M M 0 26 170
28 102 57 80 4 0 15 0.00 0.0 0 6.0 23 250 M M 0 29 250
29 100 58 79 3 0 14 0.00 0.0 0 8.8 28 250 M M 0 37 240
30 99 61 80 4 0 15 0.00 0.0 0 8.0 21 270 M M 0 26 120
================================================================================
SM 2822 1577 10 267 T 0.0 252.7 M 6
================================================================================
AV 94.1 52.6 8.4 FASTST M M 0 MAX(MPH)
MISC ----> 36 340 45 340
================================================================================
NOTES:
# LAST OF SEVERAL OCCURRENCES
COLUMN 17 PEAK WIND IN M.P.H.
PRELIMINARY LOCAL CLIMATOLOGICAL DATA (WS FORM: F-6) , PAGE 2
STATION: BISHOP CA
MONTH: JUNE
YEAR: 2022
LATITUDE: 37 22 N
LONGITUDE: 118 22 W
[TEMPERATURE DATA] [PRECIPITATION DATA] SYMBOLS USED IN COLUMN 16
AVERAGE MONTHLY: 73.3 TOTAL FOR MONTH: T 1 = FOG OR MIST
DPTR FM NORMAL: 0.8 DPTR FM NORMAL: -0.13 2 = FOG REDUCING VISIBILITY
HIGHEST: 104 ON 11 GRTST 24HR T ON 22-22 TO 1/4 MILE OR LESS
LOWEST: 32 ON 18 3 = THUNDER
SNOW, ICE PELLETS, HAIL 4 = ICE PELLETS
TOTAL MONTH: 0.0 INCH 5 = HAIL
GRTST 24HR 0.0 6 = FREEZING RAIN OR DRIZZLE
GRTST DEPTH: 0 7 = DUSTSTORM OR SANDSTORM:
VSBY 1/2 MILE OR LESS
8 = SMOKE OR HAZE
[NO. OF DAYS WITH] [WEATHER - DAYS WITH] 9 = BLOWING SNOW
X = TORNADO
MAX 32 OR BELOW: 0 0.01 INCH OR MORE: 0
MAX 90 OR ABOVE: 22 0.10 INCH OR MORE: 0
MIN 32 OR BELOW: 1 0.50 INCH OR MORE: 0
MIN 0 OR BELOW: 0 1.00 INCH OR MORE: 0
[HDD (BASE 65) ]
TOTAL THIS MO. 10 CLEAR (SCALE 0-3) 30
DPTR FM NORMAL -6 PTCLDY (SCALE 4-7) 0
TOTAL FM JUL 1 3637 CLOUDY (SCALE 8-10) 0
DPTR FM NORMAL -362
[CDD (BASE 65) ]
TOTAL THIS MO. 267
DPTR FM NORMAL 28 [PRESSURE DATA]
TOTAL FM JAN 1 352 HIGHEST SLP 30.13 ON 22
DPTR FM NORMAL 42 LOWEST SLP 29.45 ON 17
[REMARKS]
#FINAL-06-22#