000
CXUS55 KVEF 012007
CF6BIH
PRELIMINARY LOCAL CLIMATOLOGICAL DATA (WS FORM: F-6)
STATION: BISHOP CA
MONTH: MARCH
YEAR: 2022
LATITUDE: 37 22 N
LONGITUDE: 118 22 W
TEMPERATURE IN F: :PCPN: SNOW: WIND :SUNSHINE: SKY :PK WND
================================================================================
1 2 3 4 5 6A 6B 7 8 9 10 11 12 13 14 15 16 17 18
12Z AVG MX 2MIN
DY MAX MIN AVG DEP HDD CDD WTR SNW DPTH SPD SPD DIR MIN PSBL S-S WX SPD DR
================================================================================
1 75 24 50 4 15 0 0.00 0.0 0 5.6 12 310 M M 0 13 310
2 74 27 51 5 14 0 0.00 0.0 0 5.5 15 170 M M 0 20 190
3 71 27 49 3 16 0 0.00 0.0 0 9.2 26 150 M M 0 34 170
4 61 34 48 2 17 0 T 0.0 0 5.7 17 350 M M 1 22 360
5 51 32 42 -5 23 0 0.00 0.0 0 17.3 30 360 M M 6 38 10
6 57 33 45 -2 20 0 0.00 0.0 0 15.3 25 360 M M 3 33 10
7 56 30 43 -4 22 0 0.00 0.0 0 14.2 25 350 M M 1 34 10
8 65 21 43 -5 22 0 0.00 0.0 0 7.8 20 360 M M 0 26 10
9 68 23 46 -2 19 0 0.00 0.0 0 10.0 24 350 M M 3 32 360
10 51 30 41 -7 24 0 0.00 0.0 0 21.6 32 360 M M 1 44 10
11 65 17 41 -7 24 0 0.00 0.0 0 5.3 12 350 M M 0 13 350
12 67 21 44 -4 21 0 0.00 0.0 0 7.0 18 150 M M 0 22 140
13 73 30 52 3 13 0 0.00 0.0 0 13.6 33 20 M M 0 43 360
14 71 29 50 1 15 0 0.00 0.0 0 8.1 20 160 M M 0 25 140
15 71 31 51 2 14 0 T M 0 7.8 35 360 M M 2 42 360
16 68 39 54 5 11 0 0.00 0.0 0 14.5 29 350 M M 0 37 10
17 68 26 47 -3 18 0 0.00 0.0 0 5.9 18 150 M M 1 23 160
18 71 27 49 -1 16 0 0.00 0.0 0 7.5 20 150 M M 0 26 150
19 68 29 49 -1 16 0 0.00 0.0 0 10.4 36 260 M M 1 45 260
20 63 41 52 2 13 0 0.00 0.0 0 20.0 35 350 M M 2 45 20
21 73 42 58 8 7 0 0.00 0.0 0 18.4 31 10 M M 0 42 20
22 80 45 63 12 2 0 0.00 0.0 0 12.0 23 360 M M 0 29 360
23 78 34 56 5 9 0 0.00 0.0 0 8.4 20 150 M M 0 24 140
24 82 36 59 8 6 0 0.00 0.0 0 8.1 18 160 M M 0 24 170
25 83 37 60 9 5 0 0.00 0.0 0 9.5 25 160 M M 0 32 140
26 82 45 64 13 1 0 0.00 0.0 0 10.3 25 150 M M 0 31 150
27 79 44 62 10 3 0 0.00 0.0 0 16.6 31 140 M M 0 40 140
28 58 42 50 -2 15 0 0.24 0.0 0 M 29 140 M M M 38 150
29 68 41 55 3 10 0 0.01 0.0 0 10.5 25 360 M M 4 36 360
30 71 36 54 2 11 0 0.00 0.0 0 6.0 16 350 M M 0 20 360
31 70 46 58 6 7 0 0.00 0.0 0 9.6 21 350 M M 0 28 360
================================================================================
SM 2138 1019 429 0 0.25 0.0 321.7 M 25
================================================================================
AV 69.0 32.9 10.7 FASTST M M 1 MAX(MPH)
MISC ----> 36 260 # 45 260
================================================================================
NOTES:
# LAST OF SEVERAL OCCURRENCES
COLUMN 17 PEAK WIND IN M.P.H.
PRELIMINARY LOCAL CLIMATOLOGICAL DATA (WS FORM: F-6) , PAGE 2
STATION: BISHOP CA
MONTH: MARCH
YEAR: 2022
LATITUDE: 37 22 N
LONGITUDE: 118 22 W
[TEMPERATURE DATA] [PRECIPITATION DATA] SYMBOLS USED IN COLUMN 16
AVERAGE MONTHLY: 50.9 TOTAL FOR MONTH: 0.25 1 = FOG OR MIST
DPTR FM NORMAL: 1.7 DPTR FM NORMAL: -0.30 2 = FOG REDUCING VISIBILITY
HIGHEST: 83 ON 25 GRTST 24HR 0.24 ON 28-28 TO 1/4 MILE OR LESS
LOWEST: 17 ON 11 3 = THUNDER
SNOW, ICE PELLETS, HAIL 4 = ICE PELLETS
TOTAL MONTH: 0.0 INCH 5 = HAIL
GRTST 24HR 0.0 6 = FREEZING RAIN OR DRIZZLE
GRTST DEPTH: 0 7 = DUSTSTORM OR SANDSTORM:
VSBY 1/2 MILE OR LESS
8 = SMOKE OR HAZE
[NO. OF DAYS WITH] [WEATHER - DAYS WITH] 9 = BLOWING SNOW
X = TORNADO
MAX 32 OR BELOW: 0 0.01 INCH OR MORE: 2
MAX 90 OR ABOVE: 0 0.10 INCH OR MORE: 1
MIN 32 OR BELOW: 16 0.50 INCH OR MORE: 0
MIN 0 OR BELOW: 0 1.00 INCH OR MORE: 0
[HDD (BASE 65) ]
TOTAL THIS MO. 429 CLEAR (SCALE 0-3) 28
DPTR FM NORMAL -61 PTCLDY (SCALE 4-7) 2
TOTAL FM JUL 1 3234 CLOUDY (SCALE 8-10) 1
DPTR FM NORMAL -339
[CDD (BASE 65) ]
TOTAL THIS MO. 0
DPTR FM NORMAL 0 [PRESSURE DATA]
TOTAL FM JAN 1 0 HIGHEST SLP 30.41 ON 11
DPTR FM NORMAL 0 LOWEST SLP 29.49 ON 28
[REMARKS]
#FINAL-03-22#