000
CXUS55 KVEF 020307
CLMBIH
CLIMATE REPORT
NATIONAL WEATHER SERVICE LAS VEGAS, NV
807 PM PDT THU JUN 01 2023
...................................
...THE BISHOP CA CLIMATE SUMMARY FOR THE MONTH OF MAY 2023...
CLIMATE NORMAL PERIOD: 1991 TO 2020
CLIMATE RECORD PERIOD: 1943 TO 2023
WEATHER OBSERVED NORMAL DEPART LAST YEAR`S
VALUE DATE(S) VALUE FROM VALUE DATE(S)
NORMAL
................................................................
TEMPERATURE (F)
RECORD
HIGH 104 05/28/2020
LOW 25 05/22/2010
05/10/2010
05/03/1964
HIGHEST 94 05/19 MM MM 98 05/19
LOWEST 31 05/05 MM MM 25 05/12
AVG. MAXIMUM 81.7 82.8 -1.1 83.2
AVG. MINIMUM 43.7 44.2 -0.5 42.8
MEAN 62.7 63.5 -0.8 63.0
DAYS MAX >= 90 7 6.2 0.8 11
DAYS MAX <= 32 0 0.0 0.0 0
DAYS MIN <= 32 2 1.1 0.9 4
DAYS MIN <= 0 0 0.0 0.0 0
PRECIPITATION (INCHES)
RECORD
MAXIMUM 1.39 2015
MINIMUM 0.00 2022
TOTALS T 0.23 -0.23 0.00
DAILY AVG. T 0.01 -0.01 0.00
DAYS >= .01 0 2.3 -2.3 0
DAYS >= .10 0 0.8 -0.8 0
DAYS >= .50 0 0.1 -0.1 0
DAYS >= 1.00 0 0.0 0.0 0
GREATEST
24 HR. TOTAL T 05/23 TO 05/23
05/25 TO 05/25
05/31 TO 05/31
SNOWFALL (INCHES)
RECORDS
TOTAL 2.3 1964
24 HR TOTAL 2.3
TOTALS 0.0 MM MM 0.0
SINCE 7/1 2.5
SNOWDEPTH AVG. 0
DAYS >= TRACE 0
DAYS >= 1.0 0
GREATEST
SNOW DEPTH 0
24 HR TOTAL MM
STORM TOTAL 0.0
DEGREE DAYS
HEATING TOTAL 119 114 5 138
SINCE 7/1 4511 3985 526 MM
COOLING TOTAL 56 67 -11 83
SINCE 1/1 60 71 -11 MM
FREEZE DATES
RECORD
EARLIEST 09/11/1952
LATEST 06/16/1944
EARLIEST 10/24
LATEST 05/12
................................................................
WIND (MPH)
AVERAGE WIND SPEED 8.7
HIGHEST WIND SPEED/DIRECTION 37/160 DATE 05/02
HIGHEST GUST SPEED/DIRECTION 47/170 DATE 05/02
47/150 05/03
SKY COVER
POSSIBLE SUNSHINE (PERCENT) MM
AVERAGE SKY COVER 0.09
NUMBER OF DAYS FAIR 31
NUMBER OF DAYS PC 0
NUMBER OF DAYS CLOUDY 0
AVERAGE RH (PERCENT) 40
WEATHER CONDITIONS. NUMBER OF DAYS WITH
THUNDERSTORM 0 MIXED PRECIP 0
HEAVY RAIN 0 RAIN 0
LIGHT RAIN 6 FREEZING RAIN 0
LT FREEZING RAIN 0 HAIL 0
HEAVY SNOW 0 SNOW 0
LIGHT SNOW 0 SLEET 0
FOG 0 FOG W/VIS <= 1/4 MILE 0
HAZE 0
- INDICATES NEGATIVE NUMBERS.
R INDICATES RECORD WAS SET OR TIED.
MM INDICATES DATA IS MISSING.
T INDICATES TRACE AMOUNT.
$$