000
CXUS53 KGRR 011010
CF6BIV
PRELIMINARY LOCAL CLIMATOLOGICAL DATA (WS FORM: F-6)
STATION: HOLLAND
MONTH: DECEMBER
YEAR: 2023
LATITUDE: 42 49 N
LONGITUDE: 86 10 W
TEMPERATURE IN F: :PCPN: SNOW: WIND :SUNSHINE: SKY :PK WND
================================================================================
1 2 3 4 5 6A 6B 7 8 9 10 11 12 13 14 15 16 17 18
12Z AVG MX 2MIN
DY MAX MIN AVG DEP HDD CDD WTR SNW DPTH SPD SPD DIR MIN PSBL S-S WX SPD DR
================================================================================
1 42 35 39 3 26 0 0.34 M M 7.3 14 80 M M 10 1 19 70
2 39 35 37 2 28 0 0.02 M M 6.9 13 80 M M 10 1 20 70
3 41 36 39 4 26 0 0.30 M M 6.5 14 300 M M 10 1 23 310
4 40 33 37 2 28 0 0.02 M M 3.3 9 290 M M 10 1 14 290
5 40 34 37 3 28 0 0.03 M M 3.6 9 10 M M 10 1 15 320
6 40 34 37 3 28 0 0.00 M M 8.6 17 200 M M 10 22 210
7 46 37 42 8 23 0 0.00 M M 10.6 23 240 M M 4 32 220
8 56 40 48 14 17 0 0.00 M M 11.1 24 220 M M 4 36 220
9 58 40 49 16 16 0 0.09 M M 16.2 37 240 M M 9 1 53 200
10 40 33 37 4 28 0 0.20 M M 7.7 23 260 M M 10 1 35 250
11 34 30 32 -1 33 0 0.00 M M 8.1 16 240 M M 9 21 240
12 40 31 36 4 29 0 0.00 M M 13.6 23 260 M M 5 35 300
13 40 30 35 3 30 0 0.00 M M 8.6 15 270 M M 4 26 270
14 48 33 41 9 24 0 0.00 M M 11.3 18 240 M M 0 25 260
15 52 32 42 10 23 0 0.00 M M 6.7 16 240 M M 0 1 21 250
16 52 40 46 15 19 0 0.08 M M 8.5 15 150 M M 5 24 140
17 46 39 43 12 22 0 0.03 M M 9.3 20 270 M M 10 1 27 260
18 39 29 34 3 31 0 0.26 M M 14.8 26 320 M M 10 12 46 330
19 33 28 31 0 34 0 0.00 M M 10.0 20 220 M M 7 26 210
20 37 27 32 2 33 0 0.00 M M 5.3 10 180 M M 3 15 190
21 39 27 33 3 32 0 0.00 M M 5.9 10 90 M M 5 15 100
22 43 38 41 11 24 0 0.37 M M 5.8 10 140 M M 10 1 14 140
23 48 41 45 15 20 0 0.19 M M 2.0 7 110 M M 10 12 8 120
24 53 45 49 19 16 0 0.00 M M 7.0 16 150 M M 9 12 24 150
25 56 47 52 23 13 0 0.07 M M 10.3 17 110 M M 6 1 23 100
26 54 42 48 19 17 0 0.05 M M 6.2 15 240 M M 10 1 21 130
27 45 33 39 10 26 0 0.08 M M 5.6 13 30 M M 10 1 19 60
28 44 38 41 12 24 0 0.26 M M 5.7 9 30 M M 10 1 14 30
29 43 30 37 9 28 0 0.02 M M 4.5 10 350 M M 8 1 18 350
30 44 27 36 8 29 0 0.00 M M 6.1 18 230 M M 6 1 25 230
31 38 35 37 9 28 0 0.01 M M 3.8 13 240 M M 10 1 16 30
================================================================================
SM 1370 1079 783 0 2.42 M 240.9 M 234
================================================================================
AV 44.2 34.8 7.8 FASTST M M 8 MAX(MPH)
MISC ----> 37 240 53 200
================================================================================
NOTES:
# LAST OF SEVERAL OCCURRENCES
COLUMN 17 PEAK WIND IN M.P.H.
PRELIMINARY LOCAL CLIMATOLOGICAL DATA (WS FORM: F-6) , PAGE 2
STATION: HOLLAND
MONTH: DECEMBER
YEAR: 2023
LATITUDE: 42 49 N
LONGITUDE: 86 10 W
[TEMPERATURE DATA] [PRECIPITATION DATA] SYMBOLS USED IN COLUMN 16
AVERAGE MONTHLY: 39.5 TOTAL FOR MONTH: 2.42 1 = FOG OR MIST
DPTR FM NORMAL: 8.0 DPTR FM NORMAL: 0.31 2 = FOG REDUCING VISIBILITY
HIGHEST: 58 ON 9 GRTST 24HR 0.56 ON 22-23 TO 1/4 MILE OR LESS
LOWEST: 27 ON 30,21 3 = THUNDER
SNOW, ICE PELLETS, HAIL 4 = ICE PELLETS
TOTAL MONTH: M 5 = HAIL
GRTST 24HR M ON M 6 = FREEZING RAIN OR DRIZZLE
GRTST DEPTH: M ON M 7 = DUSTSTORM OR SANDSTORM:
VSBY 1/2 MILE OR LESS
8 = SMOKE OR HAZE
[NO. OF DAYS WITH] [WEATHER - DAYS WITH] 9 = BLOWING SNOW
X = TORNADO
MAX 32 OR BELOW: 0 0.01 INCH OR MORE: 18
MAX 90 OR ABOVE: 0 0.10 INCH OR MORE: 7
MIN 32 OR BELOW: 10 0.50 INCH OR MORE: 0
MIN 0 OR BELOW: 0 1.00 INCH OR MORE: 0
[HDD (BASE 65) ]
TOTAL THIS MO. 783 CLEAR (SCALE 0-3) 3
DPTR FM NORMAL -254 PTCLDY (SCALE 4-7) 10
TOTAL FM JUL 1 1987 CLOUDY (SCALE 8-10) 18
DPTR FM NORMAL -349
[CDD (BASE 65) ]
TOTAL THIS MO. 0
DPTR FM NORMAL 0 [PRESSURE DATA]
TOTAL FM JAN 1 641 HIGHEST SLP 30.67 ON 13
DPTR FM NORMAL 10 LOWEST SLP 29.53 ON 9
[REMARKS]
#FINAL-12-23#