370
CXUS56 KBOI 011446
CF6BKE
PRELIMINARY LOCAL CLIMATOLOGICAL DATA (WS FORM: F-6)
STATION: BAKER OR
MONTH: DECEMBER
YEAR: 2020
LATITUDE: 44 50 N
LONGITUDE: 117 49 W
TEMPERATURE IN F: :PCPN: SNOW: WIND :SUNSHINE: SKY :PK WND
================================================================================
1 2 3 4 5 6A 6B 7 8 9 10 11 12 13 14 15 16 17 18
12Z AVG MX 2MIN
DY MAX MIN AVG DEP HDD CDD WTR SNW DPTH SPD SPD DIR MIN PSBL S-S WX SPD DR
================================================================================
1 43 15 29 2 36 0 0.00 M M 2.2 8 200 M M 0 9 240
2 44 14 29 2 36 0 0.00 M M 7.9 21 110 M M M 8 25 120
3 45 18 32 5 33 0 0.00 M M 7.3 18 110 M M M 26 110
4 45 12 29 3 36 0 0.00 M M 1.7 7 220 M M M 8 220
5 45 11 28 2 37 0 0.00 M M 9.7 23 110 M M M 32 120
6 49 20 35 9 30 0 0.00 M M 3.2 15 330 M M M 20 330
7 48 14 31 5 34 0 0.00 M M 3.4 13 100 M M M 1 17 110
8 49 23 36 10 29 0 0.00 M M 8.8 23 110 M M 0 33 110
9 46 18 32 7 33 0 0.00 M M 3.7 16 120 M M 2 8 21 140
10 44 14 29 4 36 0 0.00 M M 4.3 16 110 M M 2 128 20 120
11 43 17 30 5 35 0 T M M 3.2 14 170 M M 6 18 160
12 38 15 27 2 38 0 T M M 3.8 18 110 M M 5 25 110
13 32 26 29 4 36 0 0.02 M M 12.5 22 110 M M 8 8 30 120
14 33 20 27 3 38 0 T M M 0.8 6 200 M M 9 128 7 250
15 34 16 25 1 40 0 0.02 M M 8.0 23 110 M M 10 128 30 110
16 38 30 34 10 31 0 0.03 M M 7.6 22 120 M M 10 8 32 120
17 44 33 39 15 26 0 T M M 2.5 16 100 M M 10 18 20 90
18 40 27 34 10 31 0 T M M 7.9 23 110 M M 5 32 110
19 41 28 35 11 30 0 T M M 5.8 20 110 M M 5 25 110
20 44 37 41 17 24 0 0.05 M M 3.6 20 100 M M 10 1 24 100
21 56 36 46 22 19 0 T M M 10.4 25 220 M M 5 1 34 220
22 46 24 35 11 30 0 T M M 15.9 36 310 M M 5 48 300
23 38 16 27 3 38 0 0.00 M M 2.7 10 40 M M 0 15 130
24 39 13 26 2 39 0 0.00 M M 11.9 23 120 M M 0 30 110
25 36 26 31 7 34 0 0.02 M M 14.0 23 100 M M 5 31 110
26 37 21 29 5 36 0 T M M 5.0 20 130 M M 6 18 25 130
27 34 16 25 1 40 0 0.00 M M 1.2 9 220 M M 5 128 10 220
28 34 9 22 -2 43 0 0.00 M M 0.6 6 180 M M 4 8 6 170
29 26 6 16 -8 49 0 0.00 M M 1.1 8 50 M M 3 18 9 60
30 31 23 27 3 38 0 T M M 5.8 16 120 M M 10 8 23 110
31 34 19 27 3 38 0 T M M 1.5 6 160 M M 10 18 7 250
================================================================================
SM 1256 617 1073 0 0.14 M 178.0 M 135
================================================================================
AV 40.5 19.9 5.7 FASTST M M 5 MAX(MPH)
MISC ----> 36 310 48 300
================================================================================
NOTES:
# LAST OF SEVERAL OCCURRENCES
COLUMN 17 PEAK WIND IN M.P.H.
PRELIMINARY LOCAL CLIMATOLOGICAL DATA (WS FORM: F-6) , PAGE 2
STATION: BAKER OR
MONTH: DECEMBER
YEAR: 2020
LATITUDE: 44 50 N
LONGITUDE: 117 49 W
[TEMPERATURE DATA] [PRECIPITATION DATA] SYMBOLS USED IN COLUMN 16
AVERAGE MONTHLY: 30.2 TOTAL FOR MONTH: 0.14 1 = FOG OR MIST
DPTR FM NORMAL: 5.4 DPTR FM NORMAL: -0.84 2 = FOG REDUCING VISIBILITY
HIGHEST: 56 ON 21 GRTST 24HR 0.05 ON 20-20 TO 1/4 MILE OR LESS
LOWEST: 6 ON 29 3 = THUNDER
SNOW, ICE PELLETS, HAIL 4 = ICE PELLETS
TOTAL MONTH: M 5 = HAIL
GRTST 24HR M ON M 6 = FREEZING RAIN OR DRIZZLE
GRTST DEPTH: M ON M 7 = DUSTSTORM OR SANDSTORM:
VSBY 1/2 MILE OR LESS
8 = SMOKE OR HAZE
[NO. OF DAYS WITH] [WEATHER - DAYS WITH] 9 = BLOWING SNOW
X = TORNADO
MAX 32 OR BELOW: 3 0.01 INCH OR MORE: 5
MAX 90 OR ABOVE: 0 0.10 INCH OR MORE: 0
MIN 32 OR BELOW: 28 0.50 INCH OR MORE: 0
MIN 0 OR BELOW: 0 1.00 INCH OR MORE: 0
[HDD (BASE 65) ]
TOTAL THIS MO. 1073 CLEAR (SCALE 0-3) 6
DPTR FM NORMAL -175 PTCLDY (SCALE 4-7) 11
TOTAL FM JUL 1 2593 CLOUDY (SCALE 8-10) 14
DPTR FM NORMAL -690
[CDD (BASE 65) ]
TOTAL THIS MO. 0
DPTR FM NORMAL 0 [PRESSURE DATA]
TOTAL FM JAN 1 315 HIGHEST SLP 30.67 ON 7
DPTR FM NORMAL 146 LOWEST SLP 29.63 ON 21
[REMARKS]
#FINAL-12-20#