000
CXUS55 KPSR 011005
CF6BLH
PRELIMINARY LOCAL CLIMATOLOGICAL DATA (WS FORM: F-6)
STATION: BLYTHE CA
MONTH: JUNE
YEAR: 2022
LATITUDE: 33 37 N
LONGITUDE: 114 43 W
TEMPERATURE IN F: :PCPN: SNOW: WIND :SUNSHINE: SKY :PK WND
================================================================================
1 2 3 4 5 6A 6B 7 8 9 10 11 12 13 14 15 16 17 18
12Z AVG MX 2MIN
DY MAX MIN AVG DEP HDD CDD WTR SNW DPTH SPD SPD DIR MIN PSBL S-S WX SPD DR
================================================================================
1 102 73 88 3 0 23 0.00 M M 8.9 23 360 M M 0 28 360
2 105 66 86 1 0 21 0.00 M M 7.3 18 170 M M 0 25 150
3 103 76 90 4 0 25 0.00 M M 12.9 22 180 M M 0 34 210
4 103 71 87 1 0 22 0.00 M M 12.3 28 240 M M 0 34 240
5 102 71 87 1 0 22 0.00 M M 8.1 20 230 M M 0 28 160
6 105 75 90 4 0 25 0.00 M M 6.4 22 200 M M 0 26 200
7 106 81 94 7 0 29 0.00 M M 12.0 20 160 M M 0 26 170
8 108 79 94 7 0 29 0.00 M M 10.0 18 180 M M 0 24 180
9 111 78 95 8 0 30 0.00 M M 7.9 20 190 M M 0 26 200
10 114 80 97 9 0 32 0.00 M M 9.1 20 180 M M 0 27 190
11 115 83 99 11 0 34 0.00 M M 9.7 22 230 M M 0 29 230
12 115 87 101 13 0 36 0.00 M M 16.8 29 230 M M 0 8 39 230
13 107 76 92 3 0 27 0.00 M M 14.5 33 240 M M 0 8 43 230
14 104 70 87 -2 0 22 0.00 M M 6.4 17 340 M M 0 23 340
15 108 73 91 2 0 26 0.00 M M 5.1 15 230 M M 0 19 240
16 111 74 93 4 0 28 0.00 M M 9.0 21 170 M M 1 27 160
17 110 80 95 5 0 30 0.00 M M 15.9 25 260 M M 0 35 200
18 101 76 89 -1 0 24 0.00 M M 13.7 28 240 M M 0 35 230
19 95 67 81 -9 0 16 0.00 M M 6.1 14 150 M M 0 19 10
20 102 70 86 -5 0 21 0.00 M M 6.1 16 70 M M 0 22 60
21 108 69 89 -2 0 24 0.00 M M 7.7 22 180 M M 1 28 170
22 108 85 97 6 0 32 0.00 M M 9.7 29 330 M M 1 8 36 330
23 110 81 96 5 0 31 0.00 M M 10.1 20 250 M M 2 27 260
24 111 83 97 5 0 32 0.00 M M 9.2 21 250 M M 2 31 180
25 111 82 97 5 0 32 0.00 M M 10.0 21 130 M M 2 32 210
26 108 85 97 5 0 32 0.00 M M 11.9 30 130 M M 1 8 38 130
27 106 82 94 2 0 29 0.00 M M 5.4 14 240 M M 2 17 230
28 111 86 99 6 0 34 0.00 M M 7.5 17 240 M M 4 22 180
29 113 89 101 8 0 36 0.00 M M 11.0 22 210 M M 3 32 160
30 109 86 98 5 0 33 0.00 M M 13.5 24 160 M M 2 33 170
================================================================================
SM 3222 2334 0 837 0.00 M 294.2 M 21
================================================================================
AV107.4 77.8 9.8 FASTST M M 1 MAX(MPH)
MISC ----> 33 240 43 230
================================================================================
NOTES:
# LAST OF SEVERAL OCCURRENCES
COLUMN 17 PEAK WIND IN M.P.H.
PRELIMINARY LOCAL CLIMATOLOGICAL DATA (WS FORM: F-6) , PAGE 2
STATION: BLYTHE CA
MONTH: JUNE
YEAR: 2022
LATITUDE: 33 37 N
LONGITUDE: 114 43 W
[TEMPERATURE DATA] [PRECIPITATION DATA] SYMBOLS USED IN COLUMN 16
AVERAGE MONTHLY: 92.6 TOTAL FOR MONTH: 0.00 1 = FOG OR MIST
DPTR FM NORMAL: 3.4 DPTR FM NORMAL: -0.01 2 = FOG REDUCING VISIBILITY
HIGHEST: 115 ON 12,11 GRTST 24HR 0.00 ON 1- 1 TO 1/4 MILE OR LESS
LOWEST: 66 ON 2 3 = THUNDER
SNOW, ICE PELLETS, HAIL 4 = ICE PELLETS
TOTAL MONTH: M 5 = HAIL
GRTST 24HR M ON M 6 = FREEZING RAIN OR DRIZZLE
GRTST DEPTH: M ON M 7 = DUSTSTORM OR SANDSTORM:
VSBY 1/2 MILE OR LESS
8 = SMOKE OR HAZE
[NO. OF DAYS WITH] [WEATHER - DAYS WITH] 9 = BLOWING SNOW
X = TORNADO
MAX 32 OR BELOW: 0 0.01 INCH OR MORE: 0
MAX 90 OR ABOVE: 30 0.10 INCH OR MORE: 0
MIN 32 OR BELOW: 0 0.50 INCH OR MORE: 0
MIN 0 OR BELOW: 0 1.00 INCH OR MORE: 0
[HDD (BASE 65) ]
TOTAL THIS MO. 0 CLEAR (SCALE 0-3) 29
DPTR FM NORMAL 0 PTCLDY (SCALE 4-7) 1
TOTAL FM JUL 1 808 CLOUDY (SCALE 8-10) 0
DPTR FM NORMAL -204
[CDD (BASE 65) ]
TOTAL THIS MO. 837
DPTR FM NORMAL 111 [PRESSURE DATA]
TOTAL FM JAN 1 1815 HIGHEST SLP M ON M
DPTR FM NORMAL 280 LOWEST SLP 29.55 ON 13
[REMARKS]
#FINAL-06-22#