000
CXUS55 KSEW 010930
CF6BLI
PRELIMINARY LOCAL CLIMATOLOGICAL DATA (WS FORM: F-6)
STATION: BELLINGHAM WA AIRPORT
MONTH: SEPTEMBER
YEAR: 2022
LATITUDE: 48 47 N
LONGITUDE: 122 32 W
TEMPERATURE IN F: :PCPN: SNOW: WIND :SUNSHINE: SKY :PK WND
================================================================================
1 2 3 4 5 6A 6B 7 8 9 10 11 12 13 14 15 16 17 18
12Z AVG MX 2MIN
DY MAX MIN AVG DEP HDD CDD WTR SNW DPTH SPD SPD DIR MIN PSBL S-S WX SPD DR
================================================================================
1 72 58 65 3 0 0 0.00 M M 6.6 13 190 M M 2 22 170
2 77 54 66 4 0 1 0.00 M M 5.9 17 190 M M 2 1 29 170
3 72 56 64 2 1 0 0.00 M M 10.6 22 180 M M 2 36 170
4 71 56 64 3 1 0 T M M 4.4 13 190 M M 7 20 190
5 72 50 61 0 4 0 0.00 M M 3.7 10 310 M M 1 17 290
6 75 46 61 0 4 0 0.00 M M 2.8 10 300 M M 0 1 17 300
7 74 56 65 4 0 0 0.00 M M 5.1 12 310 M M 1 20 330
8 73 49 61 0 4 0 0.00 M M 3.4 12 290 M M 0 19 290
9 83 46 65 5 0 0 0.00 M M 7.4 22 30 M M 3 1 34 40
10 79 47 63 3 2 0 0.00 M M 0.9 7 240 M M 8 18 11 240
11 77 51 64 4 1 0 T M M 3.9 12 180 M M 4 18 20 190
12 71 55 63 3 2 0 0.00 M M 5.4 13 180 M M 1 8 22 170
13 69 51 60 0 5 0 0.00 M M 3.4 9 280 M M 6 1 15 300
14 66 55 61 2 4 0 0.00 M M 6.1 10 190 M M 6 18 180
15 65 57 61 2 4 0 0.00 M M 8.3 17 180 M M 7 25 170
16 65 50 58 -1 7 0 0.00 M M 8.4 17 170 M M 6 27 140
17 67 45 56 -3 9 0 0.00 M M 3.1 14 10 M M 1 18 10
18 76 45 61 3 4 0 0.00 M M 5.4 20 40 M M 0 27 40
19 72 42 57 -1 8 0 0.00 M M 3.4 14 30 M M 0 23 30
20 81 48 65 7 0 0 0.00 M M 10.0 24 40 M M 0 35 50
21 76 42 59 1 6 0 0.00 M M 2.8 10 290 M M 0 18 16 280
22 67 53 60 3 5 0 0.00 M M 10.2 20 170 M M 2 33 180
23 66 51 59 2 6 0 T M M 3.8 12 160 M M 9 20 190
24 73 50 62 5 3 0 0.00 M M 2.5 12 350 M M 3 1 18 350
25 74 47 61 4 4 0 0.00 M M 2.2 9 280 M M 1 12 14 300
26 79 47 63 7 2 0 0.00 M M 2.3 8 290 M M 0 1 11 160
27 71 49 60 4 5 0 0.00 M M 3.9 13 190 M M 0 1 20 190
28 66 54 60 4 5 0 T M M 4.3 15 180 M M 4 1 23 190
29 69 48 59 3 6 0 0.00 M M 2.7 9 180 M M 7 12 15 300
30 69 50 60 5 5 0 0.00 M M 2.7 9 300 M M 4 18 13 280
================================================================================
SM 2167 1508 107 1 T M 145.6 M 87
================================================================================
AV 72.2 50.3 4.9 FASTST M M 3 MAX(MPH)
MISC ----> 24 40 36 170
================================================================================
NOTES:
# LAST OF SEVERAL OCCURRENCES
COLUMN 17 PEAK WIND IN M.P.H.
PRELIMINARY LOCAL CLIMATOLOGICAL DATA (WS FORM: F-6) , PAGE 2
STATION: BELLINGHAM WA AIRPORT
MONTH: SEPTEMBER
YEAR: 2022
LATITUDE: 48 47 N
LONGITUDE: 122 32 W
[TEMPERATURE DATA] [PRECIPITATION DATA] SYMBOLS USED IN COLUMN 16
AVERAGE MONTHLY: 61.3 TOTAL FOR MONTH: T 1 = FOG OR MIST
DPTR FM NORMAL: 2.3 DPTR FM NORMAL: -2.01 2 = FOG REDUCING VISIBILITY
HIGHEST: 83 ON 9 GRTST 24HR 0.01 ON 31- 1 TO 1/4 MILE OR LESS
LOWEST: 42 ON 21,19 3 = THUNDER
SNOW, ICE PELLETS, HAIL 4 = ICE PELLETS
TOTAL MONTH: M 5 = HAIL
GRTST 24HR M ON M 6 = FREEZING RAIN OR DRIZZLE
GRTST DEPTH: M ON M 7 = DUSTSTORM OR SANDSTORM:
VSBY 1/2 MILE OR LESS
8 = SMOKE OR HAZE
[NO. OF DAYS WITH] [WEATHER - DAYS WITH] 9 = BLOWING SNOW
X = TORNADO
MAX 32 OR BELOW: 0 0.01 INCH OR MORE: 0
MAX 90 OR ABOVE: 0 0.10 INCH OR MORE: 0
MIN 32 OR BELOW: 0 0.50 INCH OR MORE: 0
MIN 0 OR BELOW: 0 1.00 INCH OR MORE: 0
[HDD (BASE 65) ]
TOTAL THIS MO. 107 CLEAR (SCALE 0-3) 19
DPTR FM NORMAL -82 PTCLDY (SCALE 4-7) 10
TOTAL FM JUL 1 152 CLOUDY (SCALE 8-10) 1
DPTR FM NORMAL -169
[CDD (BASE 65) ]
TOTAL THIS MO. 1
DPTR FM NORMAL -3 [PRESSURE DATA]
TOTAL FM JAN 1 168 HIGHEST SLP M ON M
DPTR FM NORMAL 93 LOWEST SLP 29.76 ON 18
[REMARKS]
#FINAL-09-22#