000
CXUS53 KIND 010700
CF6BMG
PRELIMINARY LOCAL CLIMATOLOGICAL DATA (WS FORM: F-6)
STATION: BLOOMINGTON IN
MONTH: FEBRUARY
YEAR: 2023
LATITUDE: 39 7 N
LONGITUDE: 86 37 W
TEMPERATURE IN F: :PCPN: SNOW: WIND :SUNSHINE: SKY :PK WND
================================================================================
1 2 3 4 5 6A 6B 7 8 9 10 11 12 13 14 15 16 17 18
12Z AVG MX 2MIN
DY MAX MIN AVG DEP HDD CDD WTR SNW DPTH SPD SPD DIR MIN PSBL S-S WX SPD DR
================================================================================
1 33 12 23 -8 42 0 0.00 M M 2.6 10 350 M M 0 14 360
2 39 19 29 -2 36 0 0.00 M M 6.6 21 340 M M 0 37 340
3 28 14 21 -10 44 0 0.00 M M 7.1 22 350 M M 0 29 350
4 46 15 31 0 34 0 0.00 M M 11.7 23 210 M M 0 34 210
5 52 36 44 12 21 0 0.00 M M 11.2 21 230 M M 3 31 220
6 50 22 36 4 29 0 0.00 M M 6.8 14 150 M M 0 18 21 140
7 58 34 46 14 19 0 T M M 9.5 21 230 M M 6 33 210
8 51 28 40 8 25 0 1.09 M M 5.6 14 120 M M 5 18 17 130
9 62 39 51 19 14 0 0.45 M M 15.5 35 230 M M 10 1 52 250
10 40 27 34 2 31 0 0.00 M M 4.3 12 290 M M 7 18 16 290
11 49 20 35 2 30 0 0.00 M M 3.0 12 20 M M 0 17 10
12 57 25 41 8 24 0 0.00 M M 3.7 13 350 M M 0 17 340
13 60 29 45 12 20 0 0.00 M M 5.8 15 280 M M 0 21 290
14 58 27 43 10 22 0 0.10 M M 8.8 30 170 M M 4 44 180
15 67 45 56 22 9 0 0.00 M M 12.5 25 220 M M 3 43 200
16 61 37 49 15 16 0 0.73 M M 9.1 22 270 M M 9 13 33 240
17 37 21 29 -5 36 0 0.02 M M 7.2 18 280 M M 9 1 27 290
18 47 21 34 0 31 0 0.00 M M 8.1 16 220 M M 0 22 230
19 59 36 48 13 17 0 0.00 M M 12.4 24 210 M M 1 34 230
20 61 40 51 16 14 0 0.00 M M 6.8 16 270 M M 2 24 260
21 52 34 43 8 22 0 T M M 7.0 22 290 M M 4 31 280
22 74 45 60 24 5 0 0.26 M M 14.4 33 210 M M 9 1 47 210
23 68 31 50 14 15 0 0.00 M M 11.3 22 250 M M 3 37 240
24 44 23 34 -2 31 0 0.00 M M 7.5 15 350 M M 0 23 340
25 50 30 40 4 25 0 0.02 M M 5.6 15 120 M M 4 22 130
26 58 27 43 6 22 0 0.00 M M 2.9 12 230 M M 1 1 17 230
27 68 49 59 22 6 0 0.27 M M 17.3 38 220 M M 10 1 55 190
28 55 45 50 12 15 0 0.00 M M M 16 280 M M 7 30 260
================================================================================
SM 1484 831 655 0 2.94 M 224.3 M 97
================================================================================
AV 53.0 29.7 8.3 FASTST M M 3 MAX(MPH)
MISC ----> 38 220 55 190
================================================================================
NOTES:
# LAST OF SEVERAL OCCURRENCES
COLUMN 17 PEAK WIND IN M.P.H.
PRELIMINARY LOCAL CLIMATOLOGICAL DATA (WS FORM: F-6) , PAGE 2
STATION: BLOOMINGTON IN
MONTH: FEBRUARY
YEAR: 2023
LATITUDE: 39 7 N
LONGITUDE: 86 37 W
[TEMPERATURE DATA] [PRECIPITATION DATA] SYMBOLS USED IN COLUMN 16
AVERAGE MONTHLY: 41.3 TOTAL FOR MONTH: 2.94 1 = FOG OR MIST
DPTR FM NORMAL: 7.5 DPTR FM NORMAL: 0.27 2 = FOG REDUCING VISIBILITY
HIGHEST: 74 ON 22 GRTST 24HR 1.54 ON 8- 9 TO 1/4 MILE OR LESS
LOWEST: 12 ON 1 3 = THUNDER
SNOW, ICE PELLETS, HAIL 4 = ICE PELLETS
TOTAL MONTH: M 5 = HAIL
GRTST 24HR M ON M 6 = FREEZING RAIN OR DRIZZLE
GRTST DEPTH: M ON M 7 = DUSTSTORM OR SANDSTORM:
VSBY 1/2 MILE OR LESS
8 = SMOKE OR HAZE
[NO. OF DAYS WITH] [WEATHER - DAYS WITH] 9 = BLOWING SNOW
X = TORNADO
MAX 32 OR BELOW: 1 0.01 INCH OR MORE: 8
MAX 90 OR ABOVE: 0 0.10 INCH OR MORE: 6
MIN 32 OR BELOW: 17 0.50 INCH OR MORE: 2
MIN 0 OR BELOW: 0 1.00 INCH OR MORE: 1
[HDD (BASE 65) ]
TOTAL THIS MO. 655 CLEAR (SCALE 0-3) 16
DPTR FM NORMAL -220 PTCLDY (SCALE 4-7) 7
TOTAL FM JUL 1 3364 CLOUDY (SCALE 8-10) 5
DPTR FM NORMAL -570
[CDD (BASE 65) ]
TOTAL THIS MO. 0
DPTR FM NORMAL 0 [PRESSURE DATA]
TOTAL FM JAN 1 0 HIGHEST SLP M ON M
DPTR FM NORMAL 0 LOWEST SLP 29.14 ON 27
[REMARKS]
#FINAL-02-23#