000
CXUS53 KIND 010700
CF6BMG
PRELIMINARY LOCAL CLIMATOLOGICAL DATA (WS FORM: F-6)
STATION: BLOOMINGTON IN
MONTH: FEBRUARY
YEAR: 2021
LATITUDE: 39 7 N
LONGITUDE: 86 37 W
TEMPERATURE IN F: :PCPN: SNOW: WIND :SUNSHINE: SKY :PK WND
================================================================================
1 2 3 4 5 6A 6B 7 8 9 10 11 12 13 14 15 16 17 18
12Z AVG MX 2MIN
DY MAX MIN AVG DEP HDD CDD WTR SNW DPTH SPD SPD DIR MIN PSBL S-S WX SPD DR
================================================================================
1 31 24 28 -2 37 0 0.01 M M 10.4 22 350 M M 8 1 31 320
2 33 18 26 -4 39 0 0.00 M M 5.7 16 350 M M 6 24 340
3 40 18 29 -2 36 0 0.00 M M 2.0 7 350 M M 2 1 10 340
4 40 28 34 3 31 0 0.43 M M 12.3 25 290 M M 6 1 41 300
5 37 23 30 -1 35 0 T M M 11.2 23 280 M M 7 34 280
6 33 15 24 -7 41 0 0.01 M M 4.2 14 340 M M 3 20 280
7 20 4 12 -19 53 0 0.01 M M 6.9 15 350 M M 4 1 21 350
8 30 14 22 -9 43 0 0.23 M M 4.1 12 130 M M 10 12 15 120
9 26 21 24 -8 41 0 0.05 M M 6.6 12 20 M M 10 18 16 10
10 24 20 22 -10 43 0 0.05 M M 9.0 15 30 M M 10 168 19 20
11 25 19 22 -10 43 0 T M M 11.6 17 30 M M 9 8 24 60
12 26 20 23 -9 42 0 0.00 M M 8.9 16 360 M M 10 21 10
13 26 15 21 -11 44 0 0.00 M M 8.0 14 340 M M 10 8 18 360
14 20 6 13 -20 52 0 0.00 M M 11.9 21 360 M M 8 25 350
15 17 11 14 -19 51 0 0.29 M M 13.2 20 360 M M 10 128 26 360
16 19 -3 8 -25 57 0 T M M 5.6 13 240 M M 5 18 18 350
17 24 -7 9 -24 56 0 0.00 M M 4.6 14 70 M M 6 18 16 70
18 28 14 21 -13 44 0 0.03 M M 7.3 15 360 M M 9 18 19 350
19 25 2 14 -20 51 0 0.00 M M 4.2 13 280 M M 2 18 19 270
20 33 8 21 -13 44 0 0.00 M M 5.6 13 190 M M 5 18 180
21 48 20 34 -1 31 0 T M M 11.0 35 200 M M 2 50 190
22 46 35 41 6 24 0 0.03 M M 12.3 29 220 M M 7 18 43 230
23 53 32 43 8 22 0 0.00 M M 8.4 22 230 M M 1 32 250
24 61 35 48 12 17 0 0.00 M M 10.6 22 230 M M 2 32 250
25 50 26 38 2 27 0 0.00 M M 4.8 13 350 M M 0 1 17 350
26 46 29 38 2 27 0 0.04 M M 9.0 17 110 M M 5 18 25 120
27 54 40 47 11 18 0 0.08 M M 5.5 14 280 M M 7 1 21 270
28 61 42 52 15 13 0 1.59 M M 6.8 17 240 M M 10 1 27 300
================================================================================
SM 976 529 1062 0 2.85 M 221.7 M 174
================================================================================
AV 34.9 18.9 7.9 FASTST M M 6 MAX(MPH)
MISC ----> 35 200 50 190
================================================================================
NOTES:
# LAST OF SEVERAL OCCURRENCES
COLUMN 17 PEAK WIND IN M.P.H.
PRELIMINARY LOCAL CLIMATOLOGICAL DATA (WS FORM: F-6) , PAGE 2
STATION: BLOOMINGTON IN
MONTH: FEBRUARY
YEAR: 2021
LATITUDE: 39 7 N
LONGITUDE: 86 37 W
[TEMPERATURE DATA] [PRECIPITATION DATA] SYMBOLS USED IN COLUMN 16
AVERAGE MONTHLY: 26.9 TOTAL FOR MONTH: 2.85 1 = FOG OR MIST
DPTR FM NORMAL: -6.2 DPTR FM NORMAL: 0.09 2 = FOG REDUCING VISIBILITY
HIGHEST: 61 ON 28,24 GRTST 24HR 1.60 ON 27-28 TO 1/4 MILE OR LESS
LOWEST: -7 ON 17 3 = THUNDER
SNOW, ICE PELLETS, HAIL 4 = ICE PELLETS
TOTAL MONTH: M 5 = HAIL
GRTST 24HR M ON M 6 = FREEZING RAIN OR DRIZZLE
GRTST DEPTH: M ON M 7 = DUSTSTORM OR SANDSTORM:
VSBY 1/2 MILE OR LESS
8 = SMOKE OR HAZE
[NO. OF DAYS WITH] [WEATHER - DAYS WITH] 9 = BLOWING SNOW
X = TORNADO
MAX 32 OR BELOW: 14 0.01 INCH OR MORE: 13
MAX 90 OR ABOVE: 0 0.10 INCH OR MORE: 4
MIN 32 OR BELOW: 24 0.50 INCH OR MORE: 1
MIN 0 OR BELOW: 2 1.00 INCH OR MORE: 1
[HDD (BASE 65) ]
TOTAL THIS MO. 1062 CLEAR (SCALE 0-3) 7
DPTR FM NORMAL 169 PTCLDY (SCALE 4-7) 11
TOTAL FM JUL 1 3826 CLOUDY (SCALE 8-10) 10
DPTR FM NORMAL -242
[CDD (BASE 65) ]
TOTAL THIS MO. 0
DPTR FM NORMAL 0 [PRESSURE DATA]
TOTAL FM JAN 1 0 HIGHEST SLP M ON M
DPTR FM NORMAL 0 LOWEST SLP 29.48 ON 4
[REMARKS]
#FINAL-02-21#