000
CXUS53 KILX 010900
CF6BMI
PRELIMINARY LOCAL CLIMATOLOGICAL DATA (WS FORM: F-6)
STATION: BLOOMINGTON IL AIRPORT
MONTH: APRIL
YEAR: 2022
LATITUDE: 40 28 N
LONGITUDE: 88 56 W
TEMPERATURE IN F: :PCPN: SNOW: WIND :SUNSHINE: SKY :PK WND
================================================================================
1 2 3 4 5 6A 6B 7 8 9 10 11 12 13 14 15 16 17 18
12Z AVG MX 2MIN
DY MAX MIN AVG DEP HDD CDD WTR SNW DPTH SPD SPD DIR MIN PSBL S-S WX SPD DR
================================================================================
1 44 31 38 M 27 0 T M M 9.3 16 290 M M 7 20 290
2 47 31 39 M 26 0 0.03 M M 14.1 27 310 M M 5 1 37 310
3 58 31 45 M 20 0 T M M 7.0 14 120 M M 3 18 17 300
4 53 36 45 M 20 0 0.04 M M 11.7 18 320 M M 7 25 260
5 53 30 42 M 23 0 0.17 M M 11.4 22 160 M M 6 1 31 140
6 56 42 49 M 16 0 0.42 M M 18.0 27 250 M M 9 1 40 280
7 44 37 41 M 24 0 0.03 M M 17.7 27 270 M M 9 38 270
8 39 33 36 M 29 0 0.02 M M 14.2 20 300 M M 10 32 310
9 52 29 41 M 24 0 T M M 9.8 20 290 M M 4 23 290
10 67 30 49 M 16 0 0.00 M M 19.9 32 150 M M 1 44 150
11 64 42 53 M 12 0 T M M 7.1 24 210 M M 4 31 220
12 67 39 53 M 12 0 0.00 M M 16.3 27 160 M M 4 35 170
13 68 35 52 M 13 0 0.49 M M 19.5 29 210 M M 7 13 46 210
14 55 32 44 M 21 0 0.00 M M 18.2 33 240 M M 0 53 250
15 63 36 50 M 15 0 T M M 11.2 17 240 M M 6 22 340
16 51 33 42 M 23 0 M M M 12.9 22 300 M M 1 30 300
17 49 28 39 M 26 0 0.12 M M 13.4 20 70 M M 4 1 26 80
18 45 33 39 M 26 0 0.04 M M 16.1 30 290 M M 10 1 39 280
19 51 30 41 M 24 0 0.00 M M 10.7 18 300 M M 2 21 280
20 54 42 48 M 17 0 0.37 M M 19.3 28 160 M M 10 1 37 160
21 70 50 60 M 5 0 T M M 9.3 20 220 M M 4 1 59 270
22 79 52 66 M 0 1 0.10 M M 15.3 24 190 M M 6 1 37 120
23 83 61 72 M 0 7 0.00 M M 21.0 33 190 M M 0 43 180
24 70 56 63 M 2 0 0.18 M M 17.0 24 210 M M 8 35 200
25 57 39 48 M 17 0 T M M 14.0 22 290 M M 9 28 310
26 55 32 44 M 21 0 0.00 M M 14.0 22 280 M M 2 28 280
27 65 32 49 M 16 0 0.00 M M 12.0 23 60 M M 0 29 70
28 60 39 50 M 15 0 0.02 M M 12.9 21 90 M M 8 25 150
29 69 52 61 M 4 0 T M M 13.8 23 130 M M 8 33 130
30 75 54 65 M 0 0 0.58 M M 18.5 30 180 M M 6 13 40 200
================================================================================
SM 1763 1147 494 8 2.61 M 425.6 M 160
================================================================================
AV 58.8 38.2 14.2 FASTST M M 5 MAX(MPH)
MISC ----> # 33 240 59 270
================================================================================
NOTES:
# LAST OF SEVERAL OCCURRENCES
COLUMN 17 PEAK WIND IN M.P.H.
PRELIMINARY LOCAL CLIMATOLOGICAL DATA (WS FORM: F-6) , PAGE 2
STATION: BLOOMINGTON IL AIRPORT
MONTH: APRIL
YEAR: 2022
LATITUDE: 40 28 N
LONGITUDE: 88 56 W
[TEMPERATURE DATA] [PRECIPITATION DATA] SYMBOLS USED IN COLUMN 16
AVERAGE MONTHLY: 48.5 TOTAL FOR MONTH: 2.61 1 = FOG OR MIST
DPTR FM NORMAL: 0.0 DPTR FM NORMAL: M 2 = FOG REDUCING VISIBILITY
HIGHEST: 83 ON 23 GRTST 24HR 0.58 ON 30-30 TO 1/4 MILE OR LESS
LOWEST: 28 ON 17 3 = THUNDER
SNOW, ICE PELLETS, HAIL 4 = ICE PELLETS
TOTAL MONTH: M 5 = HAIL
GRTST 24HR M ON M 6 = FREEZING RAIN OR DRIZZLE
GRTST DEPTH: M ON M 7 = DUSTSTORM OR SANDSTORM:
VSBY 1/2 MILE OR LESS
8 = SMOKE OR HAZE
[NO. OF DAYS WITH] [WEATHER - DAYS WITH] 9 = BLOWING SNOW
X = TORNADO
MAX 32 OR BELOW: 0 0.01 INCH OR MORE: 14
MAX 90 OR ABOVE: 0 0.10 INCH OR MORE: 7
MIN 32 OR BELOW: 11 0.50 INCH OR MORE: 1
MIN 0 OR BELOW: 0 1.00 INCH OR MORE: 0
[HDD (BASE 65) ]
TOTAL THIS MO. 494 CLEAR (SCALE 0-3) 8
DPTR FM NORMAL M PTCLDY (SCALE 4-7) 15
TOTAL FM JUL 1 5385 CLOUDY (SCALE 8-10) 7
DPTR FM NORMAL M
[CDD (BASE 65) ]
TOTAL THIS MO. 8
DPTR FM NORMAL M [PRESSURE DATA]
TOTAL FM JAN 1 8 HIGHEST SLP M ON M
DPTR FM NORMAL M LOWEST SLP M ON M
[REMARKS]
#FINAL-04-22#