000
CXUS56 KBOI 011755
CLMBNO
CLIMATE REPORT
NATIONAL WEATHER SERVICE BOISE ID
1055 AM MST THU FEB 01 2024
...................................
...THE BURNS OR CLIMATE SUMMARY FOR THE MONTH OF JANUARY 2024...
CLIMATE NORMAL PERIOD 1991 TO 2020
CLIMATE RECORD PERIOD 1938 TO 2024
WEATHER OBSERVED NORMAL DEPART
VALUE DATE(S) VALUE FROM
NORMAL
................................................
TEMPERATURE (F)
HIGHEST 54 01/28
LOWEST -5 01/16
AVG. MAXIMUM 39.6 36.7 2.9
AVG. MINIMUM 19.8 16.3 3.5
MEAN 29.7 26.5 3.2
DAYS MAX >= 90 0
DAYS MAX <= 32 4
DAYS MIN <= 32 27
DAYS MIN <= 0 4
PRECIPITATION (INCHES)
RECORD
MAXIMUM 3.97 1956
TOTALS 2.88 1.33 1.55
DAYS >= .01 20
DAYS >= .10 11
DAYS >= .50 1
DAYS >= 1.00 0
GREATEST
24 HR. TOTAL 0.66 01/13 TO 01/13
DEGREE DAYS
HEATING TOTAL 982 1194 -212
SINCE 7/1 3630 4240 -610
COOLING TOTAL 0 0 0
SINCE 1/1 0 0 0
................................................
WIND (MPH)
AVERAGE WIND SPEED 5.6
HIGHEST WIND SPEED/DIRECTION 37/260 DATE 01/09
HIGHEST GUST SPEED/DIRECTION 52/250 DATE 01/09
AVERAGE RH (PERCENT) 78
- INDICATES NEGATIVE NUMBERS.
R INDICATES RECORD WAS SET OR TIED.
MM INDICATES DATA IS MISSING.
T INDICATES TRACE AMOUNT.
$$