000
CXUS55 KBOI 011002
CF6BOI
PRELIMINARY LOCAL CLIMATOLOGICAL DATA (WS FORM: F-6)
STATION: BOISE ID
MONTH: APRIL
YEAR: 2020
LATITUDE: 43 34 N
LONGITUDE: 116 13 W
TEMPERATURE IN F: :PCPN: SNOW: WIND :SUNSHINE: SKY :PK WND
================================================================================
1 2 3 4 5 6A 6B 7 8 9 10 11 12 13 14 15 16 17 18
12Z AVG MX 2MIN
DY MAX MIN AVG DEP HDD CDD WTR SNW DPTH SPD SPD DIR MIN PSBL S-S WX SPD DR
================================================================================
1 46 31 39 -9 26 0 T T 0 7.7 28 340 M M 4 34 340
2 47 25 36 -12 29 0 0.00 0.0 0 5.8 16 260 M M 1 22 250
3 52 29 41 -7 24 0 0.00 0.0 0 7.3 14 210 M M 5 20 150
4 60 29 45 -3 20 0 0.05 0.0 0 10.0 23 260 M M 3 30 250
5 61 42 52 3 13 0 0.16 0.0 0 9.7 26 280 M M 6 3 36 290
6 62 40 51 2 14 0 0.00 0.0 0 5.5 17 110 M M 5 13 22 100
7 66 39 53 4 12 0 0.00 0.0 0 6.2 13 340 M M 0 18 340
8 71 40 56 7 9 0 0.00 0.0 0 5.6 14 300 M M 0 19 280
9 71 39 55 6 10 0 0.00 0.0 0 4.5 15 140 M M 0 22 130
10 71 46 59 9 6 0 0.00 0.0 0 8.4 18 330 M M 0 24 340
11 65 42 54 4 11 0 0.00 0.0 0 14.6 33 330 M M 2 45 340
12 54 33 44 -6 21 0 0.00 0.0 0 12.7 25 300 M M 1 36 300
13 52 28 40 -10 25 0 0.00 0.0 0 7.5 22 310 M M 0 32 290
14 61 30 46 -4 19 0 0.00 0.0 0 6.0 20 330 M M 3 27 340
15 62 43 53 3 12 0 0.02 0.0 0 12.9 30 340 M M 7 40 320
16 55 37 46 -5 19 0 T T 0 6.7 16 120 M M 2 21 130
17 62 36 49 -2 16 0 0.00 0.0 0 9.2 17 130 M M 0 21 140
18 69 35 52 1 13 0 0.00 0.0 0 5.5 20 270 M M 1 29 270
19 69 40 55 4 10 0 0.00 0.0 0 7.4 20 320 M M 2 8 25 290
20 71 42 57 5 8 0 0.00 0.0 0 5.9 13 340 M M 0 17 270
21 73 42 58 6 7 0 0.00 0.0 0 8.0 24 300 M M 1 32 320
22 69 41 55 3 10 0 0.08 0.0 0 8.3 24 300 M M 3 13 37 300
23 62 47 55 3 10 0 0.37 0.0 0 11.6 30 300 M M 6 1 40 320
24 65 40 53 0 12 0 0.00 0.0 0 4.4 13 340 M M 3 16 330
25 73 45 59 6 6 0 T 0.0 0 7.7 18 320 M M 1 24 310
26 72 49 61 8 4 0 0.00 0.0 0 6.8 15 320 M M 2 20 320
27 69 51 60 6 5 0 0.02 0.0 0 6.3 17 320 M M 4 28 310
28 74 45 60 6 5 0 0.00 0.0 0 4.9 14 320 M M 0 18 320
29 88 53 71 17 0 6 0.00 0.0 0 9.4 23 140 M M 0 8 29 160
30 73 50 62 8 3 0 0.42 0.0 0 9.3 47 300 M M 3 1238 61 300
================================================================================
SM 1945 1189 379 6 1.12 T 235.8 M 65
================================================================================
AV 64.8 39.6 7.9 FASTST M M 2 MAX(MPH)
MISC ----> 47 300 61 300
================================================================================
NOTES:
# LAST OF SEVERAL OCCURRENCES
COLUMN 17 PEAK WIND IN M.P.H.
PRELIMINARY LOCAL CLIMATOLOGICAL DATA (WS FORM: F-6) , PAGE 2
STATION: BOISE ID
MONTH: APRIL
YEAR: 2020
LATITUDE: 43 34 N
LONGITUDE: 116 13 W
[TEMPERATURE DATA] [PRECIPITATION DATA] SYMBOLS USED IN COLUMN 16
AVERAGE MONTHLY: 52.2 TOTAL FOR MONTH: 1.12 1 = FOG OR MIST
DPTR FM NORMAL: 1.4 DPTR FM NORMAL: -0.11 2 = FOG REDUCING VISIBILITY
HIGHEST: 88 ON 29 GRTST 24HR 0.48 ON 30-30 TO 1/4 MILE OR LESS
LOWEST: 25 ON 2 3 = THUNDER
SNOW, ICE PELLETS, HAIL 4 = ICE PELLETS
TOTAL MONTH: T 5 = HAIL
GRTST 24HR T ON 1- 1 6 = FREEZING RAIN OR DRIZZLE
GRTST DEPTH: 0 7 = DUSTSTORM OR SANDSTORM:
VSBY 1/2 MILE OR LESS
8 = SMOKE OR HAZE
[NO. OF DAYS WITH] [WEATHER - DAYS WITH] 9 = BLOWING SNOW
X = TORNADO
MAX 32 OR BELOW: 0 0.01 INCH OR MORE: 7
MAX 90 OR ABOVE: 0 0.10 INCH OR MORE: 3
MIN 32 OR BELOW: 6 0.50 INCH OR MORE: 0
MIN 0 OR BELOW: 0 1.00 INCH OR MORE: 0
[HDD (BASE 65) ]
TOTAL THIS MO. 379 CLEAR (SCALE 0-3) 21
DPTR FM NORMAL -50 PTCLDY (SCALE 4-7) 9
TOTAL FM JUL 1 4910 CLOUDY (SCALE 8-10) 0
DPTR FM NORMAL -315
[CDD (BASE 65) ]
TOTAL THIS MO. 6
DPTR FM NORMAL 3 [PRESSURE DATA]
TOTAL FM JAN 1 6 HIGHEST SLP 30.33 ON 14
DPTR FM NORMAL 3 LOWEST SLP 29.55 ON 5
[REMARKS]
#FINAL-04-20#