000
CXUS54 KMAF 011110
CF6BPG
PRELIMINARY LOCAL CLIMATOLOGICAL DATA (WS FORM: F-6)
STATION: BIG SPRING MCMAHON-WRINKLE FI
MONTH: JULY
YEAR: 2020
LATITUDE: 32 12 N
LONGITUDE: 101 31 W
TEMPERATURE IN F: :PCPN: SNOW: WIND :SUNSHINE: SKY :PK WND
================================================================================
1 2 3 4 5 6A 6B 7 8 9 10 11 12 13 14 15 16 17 18
12Z AVG MX 2MIN
DY MAX MIN AVG DEP HDD CDD WTR SNW DPTH SPD SPD DIR MIN PSBL S-S WX SPD DR
================================================================================
1 105 74 90 M 0 25 M M M 13.9 30 140 M M 1 8 40 100
2 98 68 83 M 0 18 M M M 11.6 20 140 M M 1 3 25 150
3 100 76 88 M 0 23 M M M 10.8 15 150 M M 0 21 170
4 101 71 86 M 0 21 M M M 7.8 14 130 M M 2 8 18 160
5 99 67 83 M 0 18 1.51 M M 12.0 38 310 M M 2 13 56 310
6 91 68 80 M 0 15 0.14 M M 5.2 10 50 M M 3 3 M M
7 95 72 84 M 0 19 M M M 7.1 17 140 M M 1 16 120
8 101 72 87 M 0 22 M M M 8.3 16 160 M M 0 23 160
9 104 78 91 M 0 26 M M M 14.5 23 160 M M 0 28 160
10 104 75 90 M 0 25 M M M 12.7 18 150 M M 0 24 170
11 106 78 92 M 0 27 M M M 11.7 17 190 M M 0 22 190
12 106 76 91 M 0 26 M M M 11.9 18 210 M M 0 26 210
13 109 74 92 M 0 27 M M M 15.2 23 200 M M 0 29 200
14 111 84 98 M 0 33 M M M 17.0 25 180 M M 0 31 180
15 107 80 94 M 0 29 M M M 14.0 18 160 M M 0 25 140
16 102 78 90 M 0 25 M M M 11.4 18 140 M M 0 25 140
17 103 76 90 M 0 25 M M M 12.1 20 140 M M 0 26 150
18 100 77 89 M 0 24 M M M 12.4 17 130 M M 0 23 110
19 96 73 85 M 0 20 M M M 11.3 17 170 M M 2 23 160
20 96 74 85 M 0 20 M M M 11.2 17 120 M M 1 24 170
21 99 76 88 M 0 23 M M M 12.4 24 60 M M 2 30 130
22 96 74 85 M 0 20 0.07 M M 8.0 17 60 M M 2 38 35 250
23 95 71 83 M 0 18 0.26 M M 10.8 29 360 M M 1 3 39 360
24 98 73 86 M 0 21 M M M 10.9 17 100 M M 2 25 90
25 96 75 86 M 0 21 M M M 11.2 18 100 M M 3 24 100
26 94 70 82 M 0 17 M M M 9.7 16 140 M M 3 21 150
27 94 73 84 M 0 19 M M M 7.0 13 200 M M 2 18 200
28 99 74 87 M 0 22 M M M 9.2 30 100 M M 1 33 100
29 100 78 89 M 0 24 M M M 14.1 18 170 M M 1 26 180
30 102 72 87 M 0 22 0.24 M M 13.3 22 170 M M 1 8 48 160
31 89 71 80 M 0 15 M M M 9.4 16 30 M M 1 22 40
================================================================================
SM 3096 2298 0 690 2.22 M 348.0 M 32
================================================================================
AV 99.9 74.1 11.2 FASTST M M 1 MAX(MPH)
MISC ----> 38 310 56 310
================================================================================
NOTES:
# LAST OF SEVERAL OCCURRENCES
COLUMN 17 PEAK WIND IN M.P.H.
PRELIMINARY LOCAL CLIMATOLOGICAL DATA (WS FORM: F-6) , PAGE 2
STATION: BIG SPRING MCMAHON-WRINKLE FI
MONTH: JULY
YEAR: 2020
LATITUDE: 32 12 N
LONGITUDE: 101 31 W
[TEMPERATURE DATA] [PRECIPITATION DATA] SYMBOLS USED IN COLUMN 16
AVERAGE MONTHLY: 87.0 TOTAL FOR MONTH: 2.22 1 = FOG OR MIST
DPTR FM NORMAL: 0.0 DPTR FM NORMAL: M 2 = FOG REDUCING VISIBILITY
HIGHEST: 111 ON 14 GRTST 24HR 1.51 ON 5- 5 TO 1/4 MILE OR LESS
LOWEST: 67 ON 5 3 = THUNDER
SNOW, ICE PELLETS, HAIL 4 = ICE PELLETS
TOTAL MONTH: M 5 = HAIL
GRTST 24HR M ON M 6 = FREEZING RAIN OR DRIZZLE
GRTST DEPTH: M ON M 7 = DUSTSTORM OR SANDSTORM:
VSBY 1/2 MILE OR LESS
8 = SMOKE OR HAZE
[NO. OF DAYS WITH] [WEATHER - DAYS WITH] 9 = BLOWING SNOW
X = TORNADO
MAX 32 OR BELOW: 0 0.01 INCH OR MORE: 5
MAX 90 OR ABOVE: 30 0.10 INCH OR MORE: 4
MIN 32 OR BELOW: 0 0.50 INCH OR MORE: 1
MIN 0 OR BELOW: 0 1.00 INCH OR MORE: 1
[HDD (BASE 65) ]
TOTAL THIS MO. 0 CLEAR (SCALE 0-3) 31
DPTR FM NORMAL M PTCLDY (SCALE 4-7) 0
TOTAL FM JUL 1 0 CLOUDY (SCALE 8-10) 0
DPTR FM NORMAL M
[CDD (BASE 65) ]
TOTAL THIS MO. 690
DPTR FM NORMAL M [PRESSURE DATA]
TOTAL FM JAN 1 1716 HIGHEST SLP M ON M
DPTR FM NORMAL M LOWEST SLP M ON M
[REMARKS]
#FINAL-07-20#