000
CXUS55 KRIW 011110
CF6BPI
PRELIMINARY LOCAL CLIMATOLOGICAL DATA (WS FORM: F-6)
STATION: BIG PINEY WY
MONTH: DECEMBER
YEAR: 2020
LATITUDE: 42 34 N
LONGITUDE: 110 6 W
TEMPERATURE IN F: :PCPN: SNOW: WIND :SUNSHINE: SKY :PK WND
================================================================================
1 2 3 4 5 6A 6B 7 8 9 10 11 12 13 14 15 16 17 18
12Z AVG MX 2MIN
DY MAX MIN AVG DEP HDD CDD WTR SNW DPTH SPD SPD DIR MIN PSBL S-S WX SPD DR
================================================================================
1 33 10 22 6 43 0 T M M 14.0 32 360 M M 1 18 44 350
2 27 -5 11 -5 54 0 T M M 3.8 13 350 M M 3 1 15 350
3 32 -10 11 -4 54 0 0.00 M M 2.5 10 340 M M 0 11 340
4 41 -2 20 5 45 0 0.00 M M 2.6 12 80 M M 0 13 80
5 44 1 23 8 42 0 0.00 M M 3.2 14 70 M M 0 16 70
6 41 -1 20 6 45 0 0.00 M M 2.7 10 350 M M 0 11 350
7 45 -2 22 8 43 0 0.00 M M 4.9 12 70 M M 0 13 180
8 48 0 24 10 41 0 0.00 M M 2.7 10 310 M M 0 12 10
9 42 2 22 9 43 0 0.00 M M 4.9 13 40 M M 0 1 15 40
10 35 9 22 9 43 0 0.00 M M 3.1 9 70 M M 2 12 190
11 25 -5 10 -3 55 0 0.01 M M 5.0 13 360 M M 8 128 17 200
12 22 -10 6 -7 59 0 0.00 M M 7.6 18 350 M M 2 25 360
13 19 -16 2 -10 63 0 T M M 2.4 13 340 M M 3 1 14 340
14 27 5 16 4 49 0 T M M 4.3 15 20 M M 7 1 19 320
15 23 -10 7 -5 58 0 0.00 M M 3.4 12 350 M M 0 1 17 10
16 34 -2 16 4 49 0 T M M 5.7 22 340 M M 4 1 28 340
17 22 1 12 0 53 0 T M M 2.3 10 350 M M 8 18 12 340
18 29 3 16 4 49 0 0.00 M M 9.7 23 350 M M 0 30 360
19 33 -2 16 4 49 0 T M M 6.9 21 300 M M 3 25 360
20 40 1 21 9 44 0 0.00 M M 4.3 16 40 M M 4 22 30
21 40 16 28 16 37 0 0.00 M M 4.0 14 270 M M 5 18 280
22 36 13 25 14 40 0 T M M 10.5 33 320 M M 5 12 47 320
23 21 4 13 2 52 0 0.00 M M 15.7 28 340 M M 1 36 340
24 29 1 15 4 50 0 0.00 M M 5.9 21 10 M M 0 27 10
25 29 -5 12 1 53 0 0.00 M M 3.1 12 340 M M 1 13 330
26 29 11 20 9 45 0 T M M 3.7 12 60 M M 7 1 13 50
27 31 -4 14 3 51 0 0.00 M M 8.1 20 340 M M 3 25 330
28 22 -8 7 -4 58 0 0.00 M M 4.5 13 360 M M 0 14 360
29 30 -13 9 -2 56 0 0.00 M M 6.6 22 340 M M 0 28 340
30 23 -5 9 -2 56 0 0.00 M M 3.3 9 340 M M 1 11 330
31 29 3 16 5 49 0 0.00 M M 4.4 14 350 M M 4 18 350
================================================================================
SM 981 -20 1528 0 0.01 M 165.8 M 72
================================================================================
AV 31.6 -0.6 5.3 FASTST M M 2 MAX(MPH)
MISC ----> 33 320 47 320
================================================================================
NOTES:
# LAST OF SEVERAL OCCURRENCES
COLUMN 17 PEAK WIND IN M.P.H.
PRELIMINARY LOCAL CLIMATOLOGICAL DATA (WS FORM: F-6) , PAGE 2
STATION: BIG PINEY WY
MONTH: DECEMBER
YEAR: 2020
LATITUDE: 42 34 N
LONGITUDE: 110 6 W
[TEMPERATURE DATA] [PRECIPITATION DATA] SYMBOLS USED IN COLUMN 16
AVERAGE MONTHLY: 15.5 TOTAL FOR MONTH: 0.01 1 = FOG OR MIST
DPTR FM NORMAL: 2.9 DPTR FM NORMAL: -0.29 2 = FOG REDUCING VISIBILITY
HIGHEST: 48 ON 8 GRTST 24HR 0.01 ON 11-11 TO 1/4 MILE OR LESS
LOWEST: -16 ON 13 3 = THUNDER
SNOW, ICE PELLETS, HAIL 4 = ICE PELLETS
TOTAL MONTH: M 5 = HAIL
GRTST 24HR M ON M 6 = FREEZING RAIN OR DRIZZLE
GRTST DEPTH: M ON M 7 = DUSTSTORM OR SANDSTORM:
VSBY 1/2 MILE OR LESS
8 = SMOKE OR HAZE
[NO. OF DAYS WITH] [WEATHER - DAYS WITH] 9 = BLOWING SNOW
X = TORNADO
MAX 32 OR BELOW: 18 0.01 INCH OR MORE: 1
MAX 90 OR ABOVE: 0 0.10 INCH OR MORE: 0
MIN 32 OR BELOW: 31 0.50 INCH OR MORE: 0
MIN 0 OR BELOW: 17 1.00 INCH OR MORE: 0
[HDD (BASE 65) ]
TOTAL THIS MO. 1528 CLEAR (SCALE 0-3) 21
DPTR FM NORMAL -96 PTCLDY (SCALE 4-7) 10
TOTAL FM JUL 1 4049 CLOUDY (SCALE 8-10) 0
DPTR FM NORMAL -392
[CDD (BASE 65) ]
TOTAL THIS MO. 0
DPTR FM NORMAL 0 [PRESSURE DATA]
TOTAL FM JAN 1 34 HIGHEST SLP 30.79 ON 2
DPTR FM NORMAL -1 LOWEST SLP 29.61 ON 22
[REMARKS]
#FINAL-12-20#