000
CXUS53 KGRR 011010
CF6BTL
PRELIMINARY LOCAL CLIMATOLOGICAL DATA (WS FORM: F-6)
STATION: BATTLE CREEK
MONTH: JANUARY
YEAR: 2024
LATITUDE: 42 17 N
LONGITUDE: 85 14 W
TEMPERATURE IN F: :PCPN: SNOW: WIND :SUNSHINE: SKY :PK WND
================================================================================
1 2 3 4 5 6A 6B 7 8 9 10 11 12 13 14 15 16 17 18
12Z AVG MX 2MIN
DY MAX MIN AVG DEP HDD CDD WTR SNW DPTH SPD SPD DIR MIN PSBL S-S WX SPD DR
================================================================================
1 49 31 40 14 25 0 T M M 8.9 16 320 M M 10 1 22 10
2 35 29 32 6 33 0 0.00 M M 13.1 21 250 M M 9 28 240
3 35 31 33 7 32 0 0.03 M M 8.4 15 270 M M 10 16 21 240
4 32 20 26 0 39 0 0.00 M M 7.3 16 330 M M 8 22 340
5 34 22 28 2 37 0 0.00 M M 6.6 14 210 M M 8 18 220
6 35 29 32 7 33 0 T M M 4.8 12 100 M M 10 18 17 100
7 37 31 34 9 31 0 0.03 M M 6.9 15 250 M M 10 1 20 250
8 34 32 33 8 32 0 0.00 M M 7.5 14 170 M M 10 8 20 90
9 37 33 35 10 30 0 0.73 M M 9.5 17 250 M M 10 1 27 90
10 35 31 33 8 32 0 0.08 M M 12.7 23 290 M M 10 1 36 310
11 36 30 33 9 32 0 0.09 M M 9.2 20 220 M M 10 1 27 240
12 35 32 34 10 31 0 0.50 M M 11.3 28 220 M M 10 128 43 190
13 34 13 24 0 41 0 0.03 M M 20.5 36 210 M M 10 128 46 210
14 13 -7 3 -21 62 0 T M M 19.1 31 230 M M 6 189 40 230
15 8 -8 0 -24 65 0 T M M 12.8 18 210 M M 9 8 23 210
16 6 2 4 -20 61 0 T M M 16.9 24 230 M M 7 89 32 230
17 18 1 10 -14 55 0 0.00 M M 15.1 24 220 M M 5 8 30 220
18 25 18 22 -2 43 0 0.01 M M 6.4 15 230 M M 10 1 19 220
19 22 11 17 -7 48 0 0.04 M M 6.0 12 10 M M 10 18 16 360
20 24 -4 10 -14 55 0 T M M 7.8 20 310 M M 5 18 32 310
21 21 13 17 -7 48 0 T M M 8.8 17 200 M M 4 1 20 210
22 33 15 24 0 41 0 T M M 12.8 21 210 M M 8 168 28 210
23 36 33 35 11 30 0 0.28 M M 5.7 9 120 M M 10 12 14 130
24 39 34 37 13 28 0 0.21 M M 3.4 8 50 M M 10 12 11 60
25 41 35 38 14 27 0 0.45 M M 5.9 16 50 M M 10 12 22 30
26 40 35 38 14 27 0 0.58 M M 5.2 14 50 M M 10 1 19 40
27 41 35 38 14 27 0 0.04 M M 4.0 10 30 M M 10 12 14 30
28 39 33 36 12 29 0 0.05 M M 10.7 17 360 M M 10 1 24 20
29 36 32 34 10 31 0 0.00 M M 10.5 17 200 M M 10 27 190
30 35 32 34 10 31 0 0.11 M M 7.6 18 200 M M 10 126 24 200
31 40 35 38 14 27 0 0.00 M M 9.5 20 230 M M 10 12 26 230
================================================================================
SM 985 709 1163 0 3.26 M 294.9 M 279
================================================================================
AV 31.8 22.9 9.5 FASTST M M 9 MAX(MPH)
MISC ----> 36 210 46 210
================================================================================
NOTES:
# LAST OF SEVERAL OCCURRENCES
COLUMN 17 PEAK WIND IN M.P.H.
PRELIMINARY LOCAL CLIMATOLOGICAL DATA (WS FORM: F-6) , PAGE 2
STATION: BATTLE CREEK
MONTH: JANUARY
YEAR: 2024
LATITUDE: 42 17 N
LONGITUDE: 85 14 W
[TEMPERATURE DATA] [PRECIPITATION DATA] SYMBOLS USED IN COLUMN 16
AVERAGE MONTHLY: 27.3 TOTAL FOR MONTH: 3.26 1 = FOG OR MIST
DPTR FM NORMAL: 3.0 DPTR FM NORMAL: 1.68 2 = FOG REDUCING VISIBILITY
HIGHEST: 49 ON 1 GRTST 24HR 2.66 ON 12-13 TO 1/4 MILE OR LESS
LOWEST: -8 ON 15 3 = THUNDER
SNOW, ICE PELLETS, HAIL 4 = ICE PELLETS
TOTAL MONTH: M 5 = HAIL
GRTST 24HR M ON M 6 = FREEZING RAIN OR DRIZZLE
GRTST DEPTH: M ON M 7 = DUSTSTORM OR SANDSTORM:
VSBY 1/2 MILE OR LESS
8 = SMOKE OR HAZE
[NO. OF DAYS WITH] [WEATHER - DAYS WITH] 9 = BLOWING SNOW
X = TORNADO
MAX 32 OR BELOW: 9 0.01 INCH OR MORE: 16
MAX 90 OR ABOVE: 0 0.10 INCH OR MORE: 7
MIN 32 OR BELOW: 23 0.50 INCH OR MORE: 3
MIN 0 OR BELOW: 3 1.00 INCH OR MORE: 0
[HDD (BASE 65) ]
TOTAL THIS MO. 1170 CLEAR (SCALE 0-3) 0
DPTR FM NORMAL -92 PTCLDY (SCALE 4-7) 7
TOTAL FM JUL 1 3115 CLOUDY (SCALE 8-10) 24
DPTR FM NORMAL -553
[CDD (BASE 65) ]
TOTAL THIS MO. 0
DPTR FM NORMAL 0 [PRESSURE DATA]
TOTAL FM JAN 1 0 HIGHEST SLP 30.64 ON 21
DPTR FM NORMAL 0 LOWEST SLP 28.91 ON 9
[REMARKS]
#FINAL-01-24#