000
CXUS54 KLIX 010910
CF6BTR
PRELIMINARY LOCAL CLIMATOLOGICAL DATA (WS FORM: F-6)
STATION: BATON ROUGE
MONTH: JANUARY
YEAR: 2024
LATITUDE: 30 31 N
LONGITUDE: 91 9 W
TEMPERATURE IN F: :PCPN: SNOW: WIND :SUNSHINE: SKY :PK WND
================================================================================
1 2 3 4 5 6A 6B 7 8 9 10 11 12 13 14 15 16 17 18
12Z AVG MX 2MIN
DY MAX MIN AVG DEP HDD CDD WTR SNW DPTH SPD SPD DIR MIN PSBL S-S WX SPD DR
================================================================================
1 65 42 54 2 11 0 0.00 0.0 M 5.5 13 360 M M 2 18 21 20
2 61 34 48 -4 17 0 0.00 0.0 M 5.8 13 80 M M 0 18 50
3 63 38 51 -1 14 0 0.40 M M 6.1 17 60 M M 5 1 25 60
4 63 34 49 -3 16 0 0.00 0.0 M 3.2 12 50 M M 0 15 70
5 60 36 48 -4 17 0 1.11 M M 10.6 22 80 M M 7 13 32 110
6 55 40 48 -4 17 0 0.00 0.0 M 5.3 18 280 M M 7 1 24 280
7 61 35 48 -4 17 0 0.00 0.0 M 2.5 9 120 M M 1 1 13 140
8 75 47 61 9 4 0 0.74 0.0 M 15.3 37 210 M M 9 13 51 210
9 59 41 50 -2 15 0 0.01 0.0 M 14.3 31 270 M M 5 3 42 270
10 62 32 47 -5 18 0 0.00 0.0 M 5.2 15 190 M M 0 19 180
11 77 46 62 10 3 0 T 0.0 M 9.3 21 170 M M 5 28 140
12 75 41 58 6 7 0 0.02 0.0 M 16.2 30 280 M M 4 42 260
13 59 31 45 -7 20 0 0.00 0.0 M 3.4 10 150 M M 0 14 140
14 70 33 52 0 13 0 0.00 0.0 M 5.6 14 150 M M 0 17 110
15 51 26 39 -13 26 0 0.10 M M 8.0 18 350 M M 9 168 29 360
16 34 19 27 -25 38 0 T M M 10.9 21 10 M M 4 31 360
17 46 17 32 -20 33 0 0.00 0.0 M 4.8 10 140 M M 0 13 130
18 65 35 50 -2 15 0 0.04 0.0 M 5.9 14 280 M M 10 1 18 270
19 60 36 48 -4 17 0 0.00 0.0 M 10.1 21 10 M M 1 28 10
20 48 29 39 -13 26 0 0.00 0.0 M 8.8 17 50 M M 0 24 10
21 50 27 39 -13 26 0 0.00 0.0 M 8.0 13 110 M M 5 20 120
22 65 41 53 1 12 0 0.05 M M 12.9 22 120 M M 8 31 130
23 69 60 65 13 0 0 0.21 0.0 M 11.7 22 120 M M 10 18 33 110
24 73 65 69 17 0 4 2.44 0.0 M 8.2 18 150 M M 10 13 26 160
25 70 63 67 15 0 2 0.89 0.0 M 3.9 30 240 M M 10 13 50 240
26 68 61 65 13 0 0 0.44 0.0 M 6.1 20 110 M M 10 13 27 120
27 66 54 60 8 5 0 1.41 0.0 M 10.4 21 300 M M 10 13 31 300
28 54 40 47 -6 18 0 0.00 0.0 M 6.3 15 310 M M 7 24 290
29 68 37 53 0 12 0 0.00 0.0 M 2.9 12 20 M M 0 20 10
30 75 40 58 5 7 0 0.00 0.0 M 6.5 17 270 M M 0 24 260
31 75 46 61 8 4 0 0.00 0.0 M 6.0 14 350 M M 0 22 350
================================================================================
SM 1942 1226 428 6 7.86 0.0 239.7 M 139
================================================================================
AV 62.6 39.5 7.7 FASTST M M 4 MAX(MPH)
MISC ----> 37 210 51 210
================================================================================
NOTES:
# LAST OF SEVERAL OCCURRENCES
COLUMN 17 PEAK WIND IN M.P.H.
PRELIMINARY LOCAL CLIMATOLOGICAL DATA (WS FORM: F-6) , PAGE 2
STATION: BATON ROUGE
MONTH: JANUARY
YEAR: 2024
LATITUDE: 30 31 N
LONGITUDE: 91 9 W
[TEMPERATURE DATA] [PRECIPITATION DATA] SYMBOLS USED IN COLUMN 16
AVERAGE MONTHLY: 51.1 TOTAL FOR MONTH: 7.86 1 = FOG OR MIST
DPTR FM NORMAL: -0.9 DPTR FM NORMAL: 1.50 2 = FOG REDUCING VISIBILITY
HIGHEST: 77 ON 11 GRTST 24HR 2.44 ON 24-24 TO 1/4 MILE OR LESS
LOWEST: 17 ON 17 3 = THUNDER
SNOW, ICE PELLETS, HAIL 4 = ICE PELLETS
TOTAL MONTH: 0.0 INCH 5 = HAIL
GRTST 24HR 0.0 6 = FREEZING RAIN OR DRIZZLE
GRTST DEPTH: M ON M 7 = DUSTSTORM OR SANDSTORM:
VSBY 1/2 MILE OR LESS
8 = SMOKE OR HAZE
[NO. OF DAYS WITH] [WEATHER - DAYS WITH] 9 = BLOWING SNOW
X = TORNADO
MAX 32 OR BELOW: 0 0.01 INCH OR MORE: 13
MAX 90 OR ABOVE: 0 0.10 INCH OR MORE: 9
MIN 32 OR BELOW: 7 0.50 INCH OR MORE: 5
MIN 0 OR BELOW: 0 1.00 INCH OR MORE: 3
[HDD (BASE 65) ]
TOTAL THIS MO. 428 CLEAR (SCALE 0-3) 13
DPTR FM NORMAL 10 PTCLDY (SCALE 4-7) 9
TOTAL FM JUL 1 895 CLOUDY (SCALE 8-10) 9
DPTR FM NORMAL -152
[CDD (BASE 65) ]
TOTAL THIS MO. 6
DPTR FM NORMAL -7 [PRESSURE DATA]
TOTAL FM JAN 1 6 HIGHEST SLP 30.56 ON 21
DPTR FM NORMAL -7 LOWEST SLP 29.52 ON 8
[REMARKS]
#FINAL-01-24#