000
CXUS54 KLZK 011330
CF6BVX
PRELIMINARY LOCAL CLIMATOLOGICAL DATA (WS FORM: F-6)
STATION: BATESVILLE REGIONAL AIRPORT
MONTH: JANUARY
YEAR: 2023
LATITUDE: 35 43 N
LONGITUDE: 91 39 W
TEMPERATURE IN F: :PCPN: SNOW: WIND :SUNSHINE: SKY :PK WND
================================================================================
1 2 3 4 5 6A 6B 7 8 9 10 11 12 13 14 15 16 17 18
12Z AVG MX 2MIN
DY MAX MIN AVG DEP HDD CDD WTR SNW DPTH SPD SPD DIR MIN PSBL S-S WX SPD DR
================================================================================
1 M M M M M M 0.00 M M 6.4 12 160 M M 7 18 16 160
2 M M M M M M 1.84 M M 6.3 20 170 M M 10 1238 28 170
3 M M M M M M 0.20 M M 7.8 17 250 M M 5 29 190
4 M M M M M M 0.00 M M 5.9 12 270 M M 0 M M
5 M M M M M M 0.00 M M 7.8 16 270 M M 0 24 290
6 M M M M M M 0.00 M M 3.8 8 130 M M 1 M M
7 M M M M M M 0.00 M M 3.7 7 80 M M 10 18 M M
8 M M M M M M 0.00 M M 3.5 10 290 M M 5 M M
9 M M M M M M 0.00 M M 4.2 9 180 M M 0 18 16 180
10 65 51 58 22 7 0 0.00 M M 5.7 12 210 M M 2 18 150
11 72 54 63 27 2 0 0.14 M M 6.2 12 200 M M 4 13 16 200
12 64 37 51 15 14 0 0.03 M M 9.4 15 300 M M 8 31 320
13 37 26 32 -4 33 0 0.00 M M 7.0 10 320 M M 7 17 320
14 47 20 34 -3 31 0 0.00 M M 3.5 8 200 M M 0 M M
15 56 31 44 7 21 0 0.00 M M 7.9 14 170 M M 5 21 190
16 64 53 59 22 6 0 0.00 M M 9.1 14 180 M M 7 1 25 180
17 70 43 57 20 8 0 0.00 M M 2.3 7 100 M M 2 12 M M
18 64 50 57 20 8 0 1.19 M M 4.9 21 230 M M 7 123 29 290
19 53 34 44 7 21 0 0.01 M M 8.9 21 250 M M 0 32 270
20 54 32 43 6 22 0 0.00 M M 4.1 10 290 M M 0 M M
21 48 26 37 0 28 0 0.13 M M 4.9 13 100 M M 4 1 M M
22 45 35 40 3 25 0 T M M 3.3 7 300 M M 10 1 M M
23 51 32 42 5 23 0 0.00 M M 2.9 8 290 M M 3 M M
24 41 26 34 -3 31 0 0.87 M M 4.0 12 60 M M 5 1 22 60
25 38 32 35 -2 30 0 1.04 M M 6.8 9 270 M M 10 1 16 290
26 41 30 36 -1 29 0 0.00 M M 7.7 13 290 M M 5 18 290
27 57 32 45 8 20 0 0.00 M M 8.1 22 230 M M 1 37 220
28 54 39 47 9 18 0 0.91 M M 6.2 13 200 M M 6 1 22 200
29 59 35 47 9 18 0 0.49 M M 4.5 10 80 M M 9 12 M M
30 35 25 30 -8 35 0 0.22 M M 6.0 9 330 M M 10 1 16 330
31 26 22 24 -14 41 0 0.11 M M 4.6 7 99 M M 10 1 M M
================================================================================
SM 1141 765 471 0 7.18 M 177.3 M 153
================================================================================
AV 51.9 34.8 5.7 FASTST M M 5 MAX(MPH)
MISC ----> 22 230 37 220
================================================================================
NOTES:
# LAST OF SEVERAL OCCURRENCES
COLUMN 17 PEAK WIND IN M.P.H.
PRELIMINARY LOCAL CLIMATOLOGICAL DATA (WS FORM: F-6) , PAGE 2
STATION: BATESVILLE REGIONAL AIRPORT
MONTH: JANUARY
YEAR: 2023
LATITUDE: 35 43 N
LONGITUDE: 91 39 W
[TEMPERATURE DATA] [PRECIPITATION DATA] SYMBOLS USED IN COLUMN 16
AVERAGE MONTHLY: 43.3 TOTAL FOR MONTH: 7.18 1 = FOG OR MIST
DPTR FM NORMAL: 6.4 DPTR FM NORMAL: 3.78 2 = FOG REDUCING VISIBILITY
HIGHEST: 72 ON 11 GRTST 24HR 1.86 ON 2- 3 TO 1/4 MILE OR LESS
LOWEST: 20 ON 14 3 = THUNDER
SNOW, ICE PELLETS, HAIL 4 = ICE PELLETS
TOTAL MONTH: M 5 = HAIL
GRTST 24HR M ON M 6 = FREEZING RAIN OR DRIZZLE
GRTST DEPTH: M ON M 7 = DUSTSTORM OR SANDSTORM:
VSBY 1/2 MILE OR LESS
8 = SMOKE OR HAZE
[NO. OF DAYS WITH] [WEATHER - DAYS WITH] 9 = BLOWING SNOW
X = TORNADO
MAX 32 OR BELOW: 1 0.01 INCH OR MORE: 13
MAX 90 OR ABOVE: 0 0.10 INCH OR MORE: 11
MIN 32 OR BELOW: 12 0.50 INCH OR MORE: 5
MIN 0 OR BELOW: 0 1.00 INCH OR MORE: 3
[HDD (BASE 65) ]
TOTAL THIS MO. 471 CLEAR (SCALE 0-3) 10
DPTR FM NORMAL -402 PTCLDY (SCALE 4-7) 13
TOTAL FM JUL 1 1577 CLOUDY (SCALE 8-10) 8
DPTR FM NORMAL -792
[CDD (BASE 65) ]
TOTAL THIS MO. 0
DPTR FM NORMAL 0 [PRESSURE DATA]
TOTAL FM JAN 1 0 HIGHEST SLP 30.42 ON 14
DPTR FM NORMAL 0 LOWEST SLP 29.56 ON 18
[REMARKS]
#FINAL-01-23#