000
CXUS54 KLZK 011130
CF6BVX
PRELIMINARY LOCAL CLIMATOLOGICAL DATA (WS FORM: F-6)
STATION: BATESVILLE REGIONAL AIRPORT
MONTH: APRIL
YEAR: 2022
LATITUDE: 35 43 N
LONGITUDE: 91 39 W
TEMPERATURE IN F: :PCPN: SNOW: WIND :SUNSHINE: SKY :PK WND
================================================================================
1 2 3 4 5 6A 6B 7 8 9 10 11 12 13 14 15 16 17 18
12Z AVG MX 2MIN
DY MAX MIN AVG DEP HDD CDD WTR SNW DPTH SPD SPD DIR MIN PSBL S-S WX SPD DR
================================================================================
1 60 28 44 -10 21 0 0.00 M M 4.6 13 110 M M 0 18 90
2 73 41 57 2 8 0 0.02 M M 3.6 10 320 M M 4 18 320
3 69 40 55 0 10 0 0.00 M M 6.3 13 110 M M 0 8 M M
4 64 51 58 3 7 0 0.09 M M 2.9 6 110 M M 4 1 M M
5 75 53 64 8 1 0 0.34 M M 5.2 10 120 M M 5 1 M M
6 69 52 61 5 4 0 0.39 M M 7.3 15 320 M M 5 13 24 320
7 63 44 54 -2 11 0 0.01 M M 10.3 20 280 M M 3 35 290
8 47 39 43 -14 22 0 T M M 9.0 15 300 M M 9 25 290
9 68 35 52 -5 13 0 0.00 M M 5.9 12 300 M M 0 17 300
10 81 49 65 8 0 0 T M M 11.3 22 210 M M 0 30 200
11 71 60 66 8 0 1 0.97 M M 5.8 10 110 M M 8 123 M M
12 79 63 71 13 0 6 0.15 M M 10.6 18 180 M M 9 3 27 180
13 73 46 60 2 5 0 0.67 M M 9.8 16 240 M M 6 13 37 190
14 68 36 52 -6 13 0 0.00 M M 4.1 12 260 M M 0 8 M M
15 78 48 63 4 2 0 0.08 M M 6.5 14 110 M M 4 21 170
16 68 54 61 2 4 0 0.09 M M 6.0 10 80 M M 7 1 17 30
17 57 45 51 -8 14 0 0.08 M M 7.8 17 80 M M 9 1 24 80
18 65 44 55 -5 10 0 0.00 M M 6.9 13 290 M M 4 20 330
19 62 37 50 -10 15 0 0.00 M M 6.1 13 110 M M 0 21 110
20 65 48 57 -3 8 0 1.15 M M 6.8 13 130 M M 8 13 33 210
21 77 62 70 9 0 5 0.64 M M 6.4 22 200 M M 8 13 33 210
22 82 65 74 13 0 9 0.00 M M 9.0 15 190 M M 2 23 190
23 80 67 74 13 0 9 0.00 M M 9.9 15 160 M M 2 31 190
24 83 66 75 13 0 10 0.03 M M 8.2 15 210 M M 6 23 170
25 68 50 59 -3 6 0 1.33 M M 4.7 9 40 M M 5 13 M M
26 67 44 56 -6 9 0 0.00 M M 4.8 9 30 M M 0 M M
27 72 40 56 -6 9 0 0.00 M M 4.6 12 110 M M 0 M M
28 76 46 61 -2 4 0 T M M 3.7 12 160 M M 4 M M
29 82 59 71 8 0 6 T M M 7.8 16 180 M M 3 8 24 210
30 80 62 71 8 0 6 0.00 M M 8.8 15 230 M M 4 22 210
================================================================================
SM 2122 1474 196 52 6.04 M 204.6 M 119
================================================================================
AV 70.7 49.1 6.8 FASTST M M 4 MAX(MPH)
MISC ----> 22 200 37 190
================================================================================
NOTES:
# LAST OF SEVERAL OCCURRENCES
COLUMN 17 PEAK WIND IN M.P.H.
PRELIMINARY LOCAL CLIMATOLOGICAL DATA (WS FORM: F-6) , PAGE 2
STATION: BATESVILLE REGIONAL AIRPORT
MONTH: APRIL
YEAR: 2022
LATITUDE: 35 43 N
LONGITUDE: 91 39 W
[TEMPERATURE DATA] [PRECIPITATION DATA] SYMBOLS USED IN COLUMN 16
AVERAGE MONTHLY: 59.9 TOTAL FOR MONTH: 6.04 1 = FOG OR MIST
DPTR FM NORMAL: 1.0 DPTR FM NORMAL: 1.36 2 = FOG REDUCING VISIBILITY
HIGHEST: 83 ON 24 GRTST 24HR 1.36 ON 24-25 TO 1/4 MILE OR LESS
LOWEST: 28 ON 1 3 = THUNDER
SNOW, ICE PELLETS, HAIL 4 = ICE PELLETS
TOTAL MONTH: M 5 = HAIL
GRTST 24HR M ON M 6 = FREEZING RAIN OR DRIZZLE
GRTST DEPTH: M ON M 7 = DUSTSTORM OR SANDSTORM:
VSBY 1/2 MILE OR LESS
8 = SMOKE OR HAZE
[NO. OF DAYS WITH] [WEATHER - DAYS WITH] 9 = BLOWING SNOW
X = TORNADO
MAX 32 OR BELOW: 0 0.01 INCH OR MORE: 15
MAX 90 OR ABOVE: 0 0.10 INCH OR MORE: 8
MIN 32 OR BELOW: 1 0.50 INCH OR MORE: 5
MIN 0 OR BELOW: 0 1.00 INCH OR MORE: 2
[HDD (BASE 65) ]
TOTAL THIS MO. 196 CLEAR (SCALE 0-3) 12
DPTR FM NORMAL -18 PTCLDY (SCALE 4-7) 14
TOTAL FM JUL 1 3040 CLOUDY (SCALE 8-10) 4
DPTR FM NORMAL -701
[CDD (BASE 65) ]
TOTAL THIS MO. 52
DPTR FM NORMAL 19 [PRESSURE DATA]
TOTAL FM JAN 1 56 HIGHEST SLP 30.44 ON 26
DPTR FM NORMAL 18 LOWEST SLP 29.48 ON 6
[REMARKS]
#FINAL-04-22#