000
CXUS54 KLZK 011556
CF6BVX
PRELIMINARY LOCAL CLIMATOLOGICAL DATA (WS FORM: F-6)
STATION: BATESVILLE REGIONAL AIRPORT
MONTH: DECEMBER
YEAR: 2023
LATITUDE: 35 43 N
LONGITUDE: 91 39 W
TEMPERATURE IN F: :PCPN: SNOW: WIND :SUNSHINE: SKY :PK WND
================================================================================
1 2 3 4 5 6A 6B 7 8 9 10 11 12 13 14 15 16 17 18
12Z AVG MX 2MIN
DY MAX MIN AVG DEP HDD CDD WTR SNW DPTH SPD SPD DIR MIN PSBL S-S WX SPD DR
================================================================================
1 61 44 53 10 12 0 0.01 M M 8.0 15 240 M M 6 1 23 240
2 51 38 45 3 20 0 0.00 M M 2.0 5 170 M M 5 1 M M
3 62 38 50 8 15 0 0.00 M M 4.7 12 200 M M 0 1 M M
4 56 40 48 6 17 0 0.00 M M 6.7 14 300 M M 2 23 290
5 60 35 48 7 17 0 0.00 M M 6.3 17 300 M M 0 27 300
6 54 30 42 1 23 0 0.00 M M 4.1 7 180 M M 0 M M
7 60 38 49 8 16 0 0.00 M M 8.5 14 220 M M 0 21 160
8 63 49 56 16 9 0 0.00 M M 9.6 15 190 M M 8 1 23 200
9 63 45 54 14 11 0 0.08 M M 6.5 13 320 M M 6 20 320
10 51 33 42 2 23 0 0.00 M M 5.4 12 280 M M 0 16 290
11 54 23 39 -1 26 0 0.00 M M 3.3 10 190 M M 0 M M
12 62 32 47 8 18 0 0.00 M M 3.1 8 60 M M 0 M M
13 58 32 45 6 20 0 0.00 M M 3.5 9 110 M M 0 M M
14 61 35 48 9 17 0 T M M 3.6 9 100 M M 0 M M
15 58 32 45 6 20 0 0.00 M M 3.5 9 120 M M 3 M M
16 56 41 49 11 16 0 0.15 M M 5.7 15 240 M M 8 1 16 290
17 56 34 45 7 20 0 0.00 M M 3.9 9 290 M M 0 M M
18 51 33 42 4 23 0 0.00 M M 7.3 13 320 M M 0 21 320
19 48 23 36 -2 29 0 0.00 M M 4.1 8 110 M M 0 M M
20 54 36 45 7 20 0 0.00 M M 5.2 8 190 M M 0 M M
21 57 31 44 6 21 0 0.00 M M 3.9 7 140 M M 2 M M
22 65 48 57 19 8 0 T M M 5.3 10 190 M M 8 1 M M
23 61 54 58 21 7 0 0.00 M M 4.0 7 110 M M 10 1 M M
24 65 52 59 22 6 0 0.58 M M 8.9 14 120 M M 9 1 23 120
25 57 40 49 12 16 0 0.47 M M 9.4 15 250 M M 9 1 24 140
26 50 29 40 3 25 0 0.00 M M 5.7 12 220 M M 2 M M
27 47 37 42 5 23 0 0.00 M M 8.1 13 290 M M 7 21 290
28 43 36 40 3 25 0 T M M 7.0 10 290 M M 8 M M
29 39 33 36 -1 29 0 T M M 5.9 12 280 M M 8 1 17 280
30 56 27 42 5 23 0 0.00 M M 4.7 12 250 M M 0 M M
31 53 31 42 5 23 0 0.00 M M 5.8 10 250 M M 0 M M
================================================================================
SM 1732 1129 578 0 1.29 M 173.7 M 101
================================================================================
AV 55.9 36.4 5.6 FASTST M M 3 MAX(MPH)
MISC ----> 17 300 27 300
================================================================================
NOTES:
# LAST OF SEVERAL OCCURRENCES
COLUMN 17 PEAK WIND IN M.P.H.
PRELIMINARY LOCAL CLIMATOLOGICAL DATA (WS FORM: F-6) , PAGE 2
STATION: BATESVILLE REGIONAL AIRPORT
MONTH: DECEMBER
YEAR: 2023
LATITUDE: 35 43 N
LONGITUDE: 91 39 W
[TEMPERATURE DATA] [PRECIPITATION DATA] SYMBOLS USED IN COLUMN 16
AVERAGE MONTHLY: 46.1 TOTAL FOR MONTH: 1.29 1 = FOG OR MIST
DPTR FM NORMAL: 7.1 DPTR FM NORMAL: -3.46 2 = FOG REDUCING VISIBILITY
HIGHEST: 65 ON 22,24 GRTST 24HR 1.94 ON 30- 1 TO 1/4 MILE OR LESS
LOWEST: 23 ON 19,11 3 = THUNDER
SNOW, ICE PELLETS, HAIL 4 = ICE PELLETS
TOTAL MONTH: M 5 = HAIL
GRTST 24HR M ON M 6 = FREEZING RAIN OR DRIZZLE
GRTST DEPTH: M ON M 7 = DUSTSTORM OR SANDSTORM:
VSBY 1/2 MILE OR LESS
8 = SMOKE OR HAZE
[NO. OF DAYS WITH] [WEATHER - DAYS WITH] 9 = BLOWING SNOW
X = TORNADO
MAX 32 OR BELOW: 0 0.01 INCH OR MORE: 5
MAX 90 OR ABOVE: 0 0.10 INCH OR MORE: 3
MIN 32 OR BELOW: 10 0.50 INCH OR MORE: 1
MIN 0 OR BELOW: 0 1.00 INCH OR MORE: 0
[HDD (BASE 65) ]
TOTAL THIS MO. 578 CLEAR (SCALE 0-3) 18
DPTR FM NORMAL -228 PTCLDY (SCALE 4-7) 7
TOTAL FM JUL 1 1113 CLOUDY (SCALE 8-10) 6
DPTR FM NORMAL -389
[CDD (BASE 65) ]
TOTAL THIS MO. 0
DPTR FM NORMAL 0 [PRESSURE DATA]
TOTAL FM JAN 1 2052 HIGHEST SLP 30.69 ON 14
DPTR FM NORMAL 309 LOWEST SLP 29.70 ON 25
[REMARKS]
#FINAL-12-23#