000
CXUS55 KRIW 011010
CF6BYG
PRELIMINARY LOCAL CLIMATOLOGICAL DATA (WS FORM: F-6)
STATION: BUFFALO WY
MONTH: JULY
YEAR: 2023
LATITUDE: 44 22 N
LONGITUDE: 106 43 W
TEMPERATURE IN F: :PCPN: SNOW: WIND :SUNSHINE: SKY :PK WND
================================================================================
1 2 3 4 5 6A 6B 7 8 9 10 11 12 13 14 15 16 17 18
12Z AVG MX 2MIN
DY MAX MIN AVG DEP HDD CDD WTR SNW DPTH SPD SPD DIR MIN PSBL S-S WX SPD DR
================================================================================
1 81 55 68 0 0 3 0.02 M M 6.1 23 260 M M 1 3 29 250
2 82 57 70 2 0 5 0.01 M M 8.1 24 320 M M 0 3 35 310
3 73 55 64 -4 1 0 0.14 M M 10.7 30 320 M M 4 13 43 320
4 59 49 54 -15 11 0 1.23 M M 8.1 18 320 M M 10 1 26 320
5 68 51 60 -9 5 0 T M M 6.6 21 20 M M 6 3 27 30
6 72 50 61 -8 4 0 0.55 M M 7.1 22 320 M M 3 13 45 310
7 73 49 61 -9 4 0 T M M 6.8 20 240 M M 3 25 240
8 75 52 64 -6 1 0 T M M 5.0 13 250 M M 2 3 16 260
9 80 54 67 -3 0 2 T M M 3.8 12 250 M M 0 3 15 270
10 82 60 71 1 0 6 0.24 M M 6.0 26 280 M M 1 3 40 280
11 82 58 70 -1 0 5 0.01 M M 7.3 26 320 M M 1 3 36 320
12 79 55 67 -4 0 2 0.00 M M 5.8 24 320 M M 0 35 320
13 83 58 71 0 0 6 0.01 M M 7.5 18 340 M M 1 3 26 320
14 75 55 65 -7 0 0 0.03 M M 11.9 22 360 M M 2 8 31 10
15 80 54 67 -5 0 2 0.04 M M 5.4 12 340 M M 1 38 16 30
16 83 59 71 -1 0 6 0.00 M M 6.9 16 360 M M 1 20 340
17 92 58 75 3 0 10 T M M 12.3 35 320 M M 0 38 51 310
18 83 61 72 0 0 7 0.00 M M 10.4 23 320 M M 0 37 340
19 77 57 67 -5 0 2 0.00 M M 7.9 16 340 M M 0 22 340
20 77 58 68 -4 0 3 0.02 M M 8.1 21 260 M M 1 3 28 270
21 84 55 70 -3 0 5 0.00 M M 5.5 12 240 M M 0 3 16 160
22 91 61 76 3 0 11 0.00 M M 7.2 14 350 M M 0 3 21 40
23 91 65 78 5 0 13 0.00 M M 8.6 21 250 M M 0 31 250
24 96 64 80 7 0 15 0.01 M M 5.4 23 300 M M 1 30 280
25 89 66 78 5 0 13 T M M 7.8 33 250 M M 0 49 250
26 91 63 77 4 0 12 0.00 M M 7.5 33 250 M M 0 48 250
27 81 63 72 -1 0 7 T M M 10.0 31 330 M M 1 47 340
28 83 55 69 -4 0 4 0.01 M M 7.6 25 270 M M 0 3 35 260
29 85 57 71 -2 0 6 0.00 M M 7.3 21 160 M M 0 29 170
30 93 64 79 6 0 14 0.00 M M 7.2 25 330 M M 0 3 38 340
31 88 59 74 1 0 9 0.11 M M 11.5 25 290 M M 3 3 34 290
================================================================================
SM 2528 1777 26 168 2.43 M 237.4 M 42
================================================================================
AV 81.5 57.3 7.7 FASTST M M 1 MAX(MPH)
MISC ----> 35 320 51 310
================================================================================
NOTES:
# LAST OF SEVERAL OCCURRENCES
COLUMN 17 PEAK WIND IN M.P.H.
PRELIMINARY LOCAL CLIMATOLOGICAL DATA (WS FORM: F-6) , PAGE 2
STATION: BUFFALO WY
MONTH: JULY
YEAR: 2023
LATITUDE: 44 22 N
LONGITUDE: 106 43 W
[TEMPERATURE DATA] [PRECIPITATION DATA] SYMBOLS USED IN COLUMN 16
AVERAGE MONTHLY: 69.4 TOTAL FOR MONTH: 2.43 1 = FOG OR MIST
DPTR FM NORMAL: -1.9 DPTR FM NORMAL: 0.80 2 = FOG REDUCING VISIBILITY
HIGHEST: 96 ON 24 GRTST 24HR 1.33 ON 3- 4 TO 1/4 MILE OR LESS
LOWEST: 49 ON 7, 4 3 = THUNDER
SNOW, ICE PELLETS, HAIL 4 = ICE PELLETS
TOTAL MONTH: M 5 = HAIL
GRTST 24HR M ON M 6 = FREEZING RAIN OR DRIZZLE
GRTST DEPTH: M ON M 7 = DUSTSTORM OR SANDSTORM:
VSBY 1/2 MILE OR LESS
8 = SMOKE OR HAZE
[NO. OF DAYS WITH] [WEATHER - DAYS WITH] 9 = BLOWING SNOW
X = TORNADO
MAX 32 OR BELOW: 0 0.01 INCH OR MORE: 14
MAX 90 OR ABOVE: 6 0.10 INCH OR MORE: 5
MIN 32 OR BELOW: 0 0.50 INCH OR MORE: 2
MIN 0 OR BELOW: 0 1.00 INCH OR MORE: 1
[HDD (BASE 65) ]
TOTAL THIS MO. 26 CLEAR (SCALE 0-3) 27
DPTR FM NORMAL 6 PTCLDY (SCALE 4-7) 3
TOTAL FM JUL 1 26 CLOUDY (SCALE 8-10) 1
DPTR FM NORMAL 11
[CDD (BASE 65) ]
TOTAL THIS MO. 168
DPTR FM NORMAL -46 [PRESSURE DATA]
TOTAL FM JAN 1 179 HIGHEST SLP 30.25 ON 4
DPTR FM NORMAL -99 LOWEST SLP 29.73 ON 17
[REMARKS]
#FINAL-07-23#