000
CXUS55 KRIW 011110
CF6BYG
PRELIMINARY LOCAL CLIMATOLOGICAL DATA (WS FORM: F-6)
STATION: BUFFALO WY
MONTH: NOVEMBER
YEAR: 2021
LATITUDE: 44 22 N
LONGITUDE: 106 43 W
TEMPERATURE IN F: :PCPN: SNOW: WIND :SUNSHINE: SKY :PK WND
================================================================================
1 2 3 4 5 6A 6B 7 8 9 10 11 12 13 14 15 16 17 18
12Z AVG MX 2MIN
DY MAX MIN AVG DEP HDD CDD WTR SNW DPTH SPD SPD DIR MIN PSBL S-S WX SPD DR
================================================================================
1 39 24 32 -8 33 0 0.00 M M 5.1 12 150 M M 6 16 150
2 54 21 38 -2 27 0 0.00 M M 4.2 12 350 M M 0 14 350
3 55 33 44 4 21 0 0.00 M M 5.8 14 150 M M 0 18 160
4 68 41 55 15 10 0 0.00 M M 7.5 22 270 M M 0 34 270
5 63 42 53 14 12 0 0.00 M M 9.0 45 250 M M 0 60 260
6 67 43 55 16 10 0 0.00 M M 6.8 23 200 M M 0 31 200
7 47 36 42 4 23 0 0.00 M M 9.4 29 350 M M 5 38 350
8 47 31 39 1 26 0 0.00 M M 5.6 17 190 M M 4 21 170
9 63 29 46 8 19 0 T M M 11.5 31 180 M M 2 42 180
10 47 30 39 2 26 0 0.01 M M 19.9 31 320 M M 8 45 330
11 38 26 32 -5 33 0 0.00 M M 21.9 37 340 M M 4 53 330
12 54 21 38 2 27 0 0.00 M M 9.9 30 350 M M 6 38 350
13 63 36 50 14 15 0 T M M 13.8 43 330 M M 6 58 340
14 67 34 51 15 14 0 T M M 12.1 35 290 M M 4 47 290
15 67 51 59 24 6 0 0.00 M M 12.1 39 220 M M 0 54 220
16 65 28 47 12 18 0 0.00 M M 22.7 59 250 M M 4 82 240
17 34 18 26 -8 39 0 0.00 M M 13.1 26 340 M M 0 36 340
18 44 16 30 -4 35 0 0.00 M M 6.0 14 330 M M 0 16 330
19 55 32 44 10 21 0 0.00 M M 5.0 24 320 M M 5 37 320
20 44 26 35 2 30 0 T M M 5.9 18 340 M M 7 25 340
21 44 27 36 3 29 0 0.00 M M 7.8 22 170 M M 1 28 160
22 64 32 48 16 17 0 0.00 M M 6.8 16 170 M M 0 21 180
23 56 33 45 13 20 0 0.00 M M 9.4 23 330 M M 1 34 320
24 35 20 28 -4 37 0 T M M 12.4 32 330 M M 6 1 46 340
25 57 22 40 9 25 0 0.00 M M 6.7 21 170 M M 1 26 170
26 60 37 49 18 16 0 0.00 M M 5.8 23 350 M M 3 30 350
27 45 28 37 7 28 0 0.00 M M 7.5 18 350 M M 1 28 330
28 65 31 48 18 17 0 0.00 M M 6.3 15 140 M M 0 18 140
29 62 37 50 20 15 0 T M M 8.3 29 320 M M 2 40 320
30 52 31 42 13 23 0 0.00 M M 4.8 15 180 M M 2 18 180
================================================================================
SM 1621 916 672 0 0.01 M 283.1 M 78
================================================================================
AV 54.0 30.5 9.4 FASTST M M 3 MAX(MPH)
MISC ----> 59 250 82 240
================================================================================
NOTES:
# LAST OF SEVERAL OCCURRENCES
COLUMN 17 PEAK WIND IN M.P.H.
PRELIMINARY LOCAL CLIMATOLOGICAL DATA (WS FORM: F-6) , PAGE 2
STATION: BUFFALO WY
MONTH: NOVEMBER
YEAR: 2021
LATITUDE: 44 22 N
LONGITUDE: 106 43 W
[TEMPERATURE DATA] [PRECIPITATION DATA] SYMBOLS USED IN COLUMN 16
AVERAGE MONTHLY: 42.3 TOTAL FOR MONTH: 0.01 1 = FOG OR MIST
DPTR FM NORMAL: 7.3 DPTR FM NORMAL: -0.35 2 = FOG REDUCING VISIBILITY
HIGHEST: 68 ON 4 GRTST 24HR 0.01 ON 9-10 TO 1/4 MILE OR LESS
LOWEST: 16 ON 18 3 = THUNDER
SNOW, ICE PELLETS, HAIL 4 = ICE PELLETS
TOTAL MONTH: M 5 = HAIL
GRTST 24HR M ON M 6 = FREEZING RAIN OR DRIZZLE
GRTST DEPTH: M ON M 7 = DUSTSTORM OR SANDSTORM:
VSBY 1/2 MILE OR LESS
8 = SMOKE OR HAZE
[NO. OF DAYS WITH] [WEATHER - DAYS WITH] 9 = BLOWING SNOW
X = TORNADO
MAX 32 OR BELOW: 0 0.01 INCH OR MORE: 1
MAX 90 OR ABOVE: 0 0.10 INCH OR MORE: 0
MIN 32 OR BELOW: 19 0.50 INCH OR MORE: 0
MIN 0 OR BELOW: 0 1.00 INCH OR MORE: 0
[HDD (BASE 65) ]
TOTAL THIS MO. 672 CLEAR (SCALE 0-3) 18
DPTR FM NORMAL -228 PTCLDY (SCALE 4-7) 12
TOTAL FM JUL 1 1305 CLOUDY (SCALE 8-10) 0
DPTR FM NORMAL -451
[CDD (BASE 65) ]
TOTAL THIS MO. 0
DPTR FM NORMAL 0 [PRESSURE DATA]
TOTAL FM JAN 1 798 HIGHEST SLP 30.47 ON 24
DPTR FM NORMAL 270 LOWEST SLP 29.28 ON 16
[REMARKS]
#FINAL-11-21#